000
CXUS53 KILX 011000
CF6PIA
PRELIMINARY LOCAL CLIMATOLOGICAL DATA (WS FORM: F-6)
STATION: PEORIA IL
MONTH: OCTOBER
YEAR: 2020
LATITUDE: 40 40 N
LONGITUDE: 89 41 W
TEMPERATURE IN F: :PCPN: SNOW: WIND :SUNSHINE: SKY :PK WND
================================================================================
1 2 3 4 5 6A 6B 7 8 9 10 11 12 13 14 15 16 17 18
12Z AVG MX 2MIN
DY MAX MIN AVG DEP HDD CDD WTR SNW DPTH SPD SPD DIR MIN PSBL S-S WX SPD DR
================================================================================
1 61 46 54 -5 11 0 0.04 0.0 0 6.1 20 310 M M 6 34 330
2 58 40 49 -10 16 0 0.00 0.0 0 2.4 9 310 M M 5 13 290
3 57 43 50 -9 15 0 0.35 0.0 0 4.4 12 40 M M 8 1 17 50
4 57 36 47 -11 18 0 0.04 0.0 0 4.9 15 10 M M 3 1 25 20
5 64 34 49 -9 16 0 0.00 0.0 0 8.8 21 190 M M 0 1 33 190
6 77 48 63 6 2 0 0.00 0.0 0 7.6 16 270 M M 0 24 270
7 82 52 67 10 0 2 0.00 0.0 0 4.6 14 290 M M 0 21 300
8 77 48 63 6 2 0 0.00 0.0 0 3.9 12 80 M M 0 17 60
9 81 53 67 11 0 2 0.00 0.0 0 9.9 22 220 M M 0 8 31 210
10 83 59 71 15 0 6 0.00 0.0 0 7.1 20 70 M M 1 1 24 80
11 81 55 68 12 0 3 0.00 0.0 0 8.5 16 70 M M 1 25 150
12 69 43 56 1 9 0 0.03 0.0 0 9.8 22 300 M M 3 35 300
13 76 41 59 4 6 0 0.00 0.0 0 6.8 26 230 M M 0 36 230
14 80 45 63 8 2 0 0.00 0.0 0 11.2 30 200 M M 1 43 200
15 64 37 51 -3 14 0 0.00 0.0 0 8.9 17 270 M M 3 30 320
16 59 31 45 -9 20 0 0.00 0.0 0 7.1 24 280 M M 2 34 270
17 67 37 52 -2 13 0 0.00 0.0 0 15.7 31 200 M M 3 43 210
18 59 39 49 -4 16 0 0.08 0.0 0 6.9 18 210 M M 7 1 26 220
19 49 37 43 -10 22 0 0.05 0.0 0 5.9 15 10 M M 9 29 360
20 54 40 47 -6 18 0 0.08 0.0 0 8.7 17 110 M M 10 138 24 110
21 55 45 50 -2 15 0 0.59 0.0 0 6.4 14 300 M M 10 13 21 310
22 81 51 66 14 0 1 0.00 0.0 0 12.7 23 180 M M 5 12 31 190
23 69 41 55 3 10 0 0.55 0.0 0 9.7 18 190 M M 9 13 31 350
24 49 35 42 -9 23 0 0.00 0.0 0 6.7 15 50 M M 7 21 60
25 47 38 43 -8 22 0 T 0.0 0 9.0 16 50 M M 10 22 60
26 38 33 36 -15 29 0 0.03 T 0 6.3 14 350 M M 10 1 20 10
27 41 34 38 -12 27 0 0.00 0.0 0 3.5 9 200 M M 10 13 20
28 48 30 39 -11 26 0 0.00 0.0 0 3.2 10 220 M M 1 17 170
29 48 38 43 -7 22 0 0.00 0.0 0 7.6 16 30 M M 7 26 360
30 50 31 41 -8 24 0 0.00 0.0 0 2.8 9 90 M M 4 14 120
31 62 34 48 -1 17 0 0.00 0.0 0 14.3 25 180 M M 2 38 200
================================================================================
SM 1943 1274 415 14 1.84 T 231.4 M 137
================================================================================
AV 62.7 41.1 7.5 FASTST M M 4 MAX(MPH)
MISC ----> 31 200 # 43 200
================================================================================
NOTES:
# LAST OF SEVERAL OCCURRENCES
COLUMN 17 PEAK WIND IN M.P.H.
PRELIMINARY LOCAL CLIMATOLOGICAL DATA (WS FORM: F-6) , PAGE 2
STATION: PEORIA IL
MONTH: OCTOBER
YEAR: 2020
LATITUDE: 40 40 N
LONGITUDE: 89 41 W
[TEMPERATURE DATA] [PRECIPITATION DATA] SYMBOLS USED IN COLUMN 16
AVERAGE MONTHLY: 51.9 TOTAL FOR MONTH: 1.84 1 = FOG OR MIST
DPTR FM NORMAL: -2.1 DPTR FM NORMAL: -1.00 2 = FOG REDUCING VISIBILITY
HIGHEST: 83 ON 10 GRTST 24HR 0.59 ON 20-21 TO 1/4 MILE OR LESS
LOWEST: 30 ON 28 3 = THUNDER
SNOW, ICE PELLETS, HAIL 4 = ICE PELLETS
TOTAL MONTH: T 5 = HAIL
GRTST 24HR T ON 26-26 6 = FREEZING RAIN OR DRIZZLE
GRTST DEPTH: 0 7 = DUSTSTORM OR SANDSTORM:
VSBY 1/2 MILE OR LESS
8 = SMOKE OR HAZE
[NO. OF DAYS WITH] [WEATHER - DAYS WITH] 9 = BLOWING SNOW
X = TORNADO
MAX 32 OR BELOW: 0 0.01 INCH OR MORE: 10
MAX 90 OR ABOVE: 0 0.10 INCH OR MORE: 3
MIN 32 OR BELOW: 3 0.50 INCH OR MORE: 2
MIN 0 OR BELOW: 0 1.00 INCH OR MORE: 0
[HDD (BASE 65) ]
TOTAL THIS MO. 415 CLEAR (SCALE 0-3) 15
DPTR FM NORMAL 59 PTCLDY (SCALE 4-7) 8
TOTAL FM JUL 1 474 CLOUDY (SCALE 8-10) 8
DPTR FM NORMAL 26
[CDD (BASE 65) ]
TOTAL THIS MO. 14
DPTR FM NORMAL -1 [PRESSURE DATA]
TOTAL FM JAN 1 1136 HIGHEST SLP 30.38 ON 27
DPTR FM NORMAL 97 LOWEST SLP 29.54 ON 14
[REMARKS]
#FINAL-10-20#