000
CXUS55 KPIH 021834 RRA
CF6PIH
PRELIMINARY LOCAL CLIMATOLOGICAL DATA (WS FORM: F-6)
STATION: POCATELLO
MONTH: DECEMBER
YEAR: 2023
LATITUDE: 42 55 N
LONGITUDE: 112 36 W
TEMPERATURE IN F: :PCPN: SNOW: WIND :SUNSHINE: SKY :PK WND
================================================================================
1 2 3 4 5 6A 6B 7 8 9 10 11 12 13 14 15 16 17 18
12Z AVG MX 2MIN
DY MAX MIN AVG DEP HDD CDD WTR SNW DPTH SPD SPD DIR MIN PSBL S-S WX SPD DR
================================================================================
1 32 26 29 0 36 0 0.15 1.6 7 13.3 29 260 M M 10 128 35 250
2 38 26 32 3 33 0 0.03 0.4 7 19.8 38 240 M M 8 18 47 230
3 40 33 37 9 28 0 0.12 0.0 6 15.0 28 250 M M 9 1 33 250
4 44 38 41 13 24 0 0.00 0.0 4 14.0 32 220 M M 6 41 220
5 50 27 39 11 26 0 0.00 0.0 T 4.8 10 340 M M 0 1 11 340
6 56 24 40 13 25 0 T 0.0 T 5.0 23 180 M M 2 12 31 180
7 44 30 37 10 28 0 0.27 T T 17.6 40 250 M M 8 1 51 240
8 34 25 30 3 35 0 0.27 3.6 2 20.2 33 250 M M 9 12 41 260
9 31 16 24 -2 41 0 0.00 0.0 4 7.3 23 180 M M 4 29 190
10 36 30 33 7 32 0 T T 3 11.3 28 180 M M 10 18 36 190
11 34 28 31 5 34 0 0.13 1.4 2 4.2 10 80 M M 10 12 13 70
12 35 26 31 5 34 0 0.00 0.0 3 4.9 13 230 M M 8 12 17 230
13 31 15 23 -3 42 0 0.00 0.0 3 4.5 10 230 M M 8 12 13 230
14 27 23 25 -1 40 0 0.00 0.0 2 4.9 9 40 M M 10 12 12 40
15 27 15 21 -4 44 0 0.00 0.0 2 5.3 13 50 M M 7 12 17 50
16 35 11 23 -2 42 0 0.00 0.0 2 2.9 12 30 M M 1 12 12 30
17 33 10 22 -3 43 0 0.00 0.0 2 3.9 10 30 M M 1 128 12 80
18 40 13 27 2 38 0 0.00 0.0 2 5.8 18 90 M M 1 22 100
19 47 22 35 10 30 0 T T 2 3.0 14 320 M M 5 15 320
20 45 28 37 12 28 0 0.00 0.0 1 2.3 8 350 M M 8 9 50
21 46 24 35 10 30 0 0.00 0.0 1 2.9 9 290 M M 3 12 10 290
22 47 22 35 10 30 0 0.00 0.0 T 3.3 10 340 M M 6 12 13 330
23 41 23 32 7 33 0 0.06 1.6 1 18.7 37 240 M M 9 1 46 240
24 27 8 18 -7 47 0 0.00 0.0 2 4.8 12 220 M M 2 12 16 220
25 24 4 14 -11 51 0 0.00 0.0 1 2.8 9 30 M M 1 1 10 30
26 24 3 14 -11 51 0 0.00 0.0 1 5.3 13 30 M M 5 15 20
27 32 21 27 2 38 0 0.00 0.0 1 8.6 16 20 M M 8 20 20
28 38 17 28 3 37 0 0.00 0.0 1 3.9 12 20 M M 2 13 20
29 40 16 28 3 37 0 0.00 0.0 T 4.4 13 30 M M 0 16 30
30 40 18 29 4 36 0 0.00 0.0 T 4.4 12 30 M M 1 13 30
31 40 19 30 5 35 0 0.00 0.0 T 3.3 9 250 M M 0 10 260
================================================================================
SM 1158 641 1108 0 1.03 8.6 232.4 M 162
================================================================================
AV 37.4 20.7 7.5 FASTST M M 5 MAX(MPH)
MISC ----> 40 250 51 240
================================================================================
NOTES:
# LAST OF SEVERAL OCCURRENCES
COLUMN 17 PEAK WIND IN M.P.H.
PRELIMINARY LOCAL CLIMATOLOGICAL DATA (WS FORM: F-6) , PAGE 2
STATION: POCATELLO
MONTH: DECEMBER
YEAR: 2023
LATITUDE: 42 55 N
LONGITUDE: 112 36 W
[TEMPERATURE DATA] [PRECIPITATION DATA] SYMBOLS USED IN COLUMN 16
AVERAGE MONTHLY: 29.0 TOTAL FOR MONTH: 1.03 1 = FOG OR MIST
DPTR FM NORMAL: 3.2 DPTR FM NORMAL: -0.10 2 = FOG REDUCING VISIBILITY
HIGHEST: 56 ON 6 GRTST 24HR 0.33 ON 7- 8 TO 1/4 MILE OR LESS
LOWEST: 3 ON 26 3 = THUNDER
SNOW, ICE PELLETS, HAIL 4 = ICE PELLETS
TOTAL MONTH: 8.9 INCHES 5 = HAIL
GRTST 24HR 3.6 ON 8- 8 6 = FREEZING RAIN OR DRIZZLE
GRTST DEPTH: 7 ON 2, 1 7 = DUSTSTORM OR SANDSTORM:
VSBY 1/2 MILE OR LESS
8 = SMOKE OR HAZE
[NO. OF DAYS WITH] [WEATHER - DAYS WITH] 9 = BLOWING SNOW
X = TORNADO
MAX 32 OR BELOW: 9 0.01 INCH OR MORE: 7
MAX 90 OR ABOVE: 0 0.10 INCH OR MORE: 5
MIN 32 OR BELOW: 29 0.50 INCH OR MORE: 0
MIN 0 OR BELOW: 0 1.00 INCH OR MORE: 0
[HDD (BASE 65) ]
TOTAL THIS MO. 1108 CLEAR (SCALE 0-3) 12
DPTR FM NORMAL -107 PTCLDY (SCALE 4-7) 12
TOTAL FM JUL 1 2672 CLOUDY (SCALE 8-10) 7
DPTR FM NORMAL -222
[CDD (BASE 65) ]
TOTAL THIS MO. 0
DPTR FM NORMAL 0 [PRESSURE DATA]
TOTAL FM JAN 1 443 HIGHEST SLP 30.69 ON 15
DPTR FM NORMAL 13 LOWEST SLP 29.72 ON 6
[REMARKS]
#FINAL-12-23#