000
CXUS55 KPIH 011403
CF6PIH
PRELIMINARY LOCAL CLIMATOLOGICAL DATA (WS FORM: F-6)
STATION: POCATELLO ID
MONTH: MARCH
YEAR: 2020
LATITUDE: 42 55 N
LONGITUDE: 112 36 W
TEMPERATURE IN F: :PCPN: SNOW: WIND :SUNSHINE: SKY :PK WND
================================================================================
1 2 3 4 5 6A 6B 7 8 9 10 11 12 13 14 15 16 17 18
12Z AVG MX 2MIN
DY MAX MIN AVG DEP HDD CDD WTR SNW DPTH SPD SPD DIR MIN PSBL S-S WX SPD DR
================================================================================
1 37 17 27 -6 38 0 0.26 3.2 3 8.8 23 360 M M 4 1 28 20
2 42 11 27 -6 38 0 0.00 0.0 1 13.4 24 230 M M 1 29 230
3 53 33 43 9 22 0 0.00 0.0 0 14.9 25 230 M M 6 30 230
4 55 28 42 8 23 0 0.00 0.0 0 18.9 33 240 M M 1 40 240
5 60 22 41 7 24 0 0.00 0.0 0 5.3 24 170 M M 0 28 170
6 65 24 45 10 20 0 0.00 0.0 0 11.5 31 180 M M 0 38 180
7 61 30 46 11 19 0 0.15 0.0 0 20.3 33 170 M M 3 1 43 180
8 49 30 40 4 25 0 0.00 0.0 0 9.3 21 230 M M 7 25 240
9 47 29 38 2 27 0 T 0.0 0 9.9 20 240 M M 9 24 240
10 52 29 41 5 24 0 0.00 0.0 0 9.0 20 270 M M 4 28 250
11 60 24 42 5 23 0 0.00 0.0 0 12.9 31 250 M M 1 36 250
12 49 29 39 2 26 0 0.00 0.0 0 12.5 21 230 M M 1 26 230
13 52 15 34 -3 31 0 0.00 0.0 0 7.9 37 180 M M 0 8 46 180
14 46 33 40 2 25 0 0.59 0.3 0 16.2 40 170 M M 9 13 54 180
15 51 34 43 5 22 0 0.17 T 0 10.8 38 230 M M 8 13 47 230
16 59 29 44 6 21 0 T 0.0 0 6.2 17 30 M M 5 12 22 30
17 60 29 45 7 20 0 T 0.0 0 8.3 24 190 M M 6 31 210
18 47 30 39 0 26 0 0.02 T 0 6.8 23 250 M M 6 1 25 250
19 48 32 40 1 25 0 T 0.0 0 7.3 12 220 M M 8 16 200
20 51 33 42 3 23 0 T 0.0 0 5.5 17 190 M M 8 29 210
21 51 34 43 3 22 0 0.16 0.0 0 7.1 25 320 M M 8 13 29 320
22 55 29 42 2 23 0 0.00 0.0 0 11.3 23 260 M M 2 28 260
23 54 29 42 2 23 0 0.03 0.0 0 8.4 28 250 M M 5 33 240
24 51 37 44 4 21 0 T 0.0 0 12.4 22 270 M M 6 29 260
25 47 31 39 -2 26 0 0.06 0.4 T 13.5 28 260 M M 5 18 34 270
26 43 25 34 -7 31 0 0.00 0.0 0 12.6 24 240 M M 3 29 260
27 46 19 33 -8 32 0 0.00 0.0 0 9.2 21 260 M M 5 25 250
28 50 31 41 0 24 0 0.00 0.0 0 14.0 23 230 M M 6 28 250
29 49 31 40 -2 25 0 0.09 T 0 6.8 25 230 M M 5 1 29 230
30 57 33 45 3 20 0 0.03 0.0 0 11.0 26 240 M M 8 35 240
31 52 36 44 2 21 0 0.10 0.0 0 16.7 35 270 M M 9 18 43 280
================================================================================
SM 1599 876 770 0 1.66 3.9 338.7 M 149
================================================================================
AV 51.6 28.3 10.9 FASTST M M 5 MAX(MPH)
MISC ----> # 40 170 # 54 180
================================================================================
NOTES:
# LAST OF SEVERAL OCCURRENCES
SNOWFALL/DEPTH ALWAYS AUGMENTED BY WFO POCATELLO
COLUMN 17 PEAK WIND IN M.P.H.
PRELIMINARY LOCAL CLIMATOLOGICAL DATA (WS FORM: F-6) , PAGE 2
STATION: POCATELLO ID
MONTH: MARCH
YEAR: 2020
LATITUDE: 42 55 N
LONGITUDE: 112 36 W
[TEMPERATURE DATA] [PRECIPITATION DATA] SYMBOLS USED IN COLUMN 16
AVERAGE MONTHLY: 39.9 TOTAL FOR MONTH: 1.66 1 = FOG OR MIST
DPTR FM NORMAL: 1.9 DPTR FM NORMAL: 0.40 2 = FOG REDUCING VISIBILITY
HIGHEST: 65 ON 6 GRTST 24HR 0.59 ON 14-14 TO 1/4 MILE OR LESS
LOWEST: 11 ON 2 3 = THUNDER
SNOW, ICE PELLETS, HAIL 4 = ICE PELLETS
TOTAL MONTH: 3.9 INCHES 5 = HAIL
GRTST 24HR 3.2 ON 1- 1 6 = FREEZING RAIN OR DRIZZLE
GRTST DEPTH: 3 ON 1 7 = DUSTSTORM OR SANDSTORM:
VSBY 1/2 MILE OR LESS
8 = SMOKE OR HAZE
[NO. OF DAYS WITH] [WEATHER - DAYS WITH] 9 = BLOWING SNOW
X = TORNADO
MAX 32 OR BELOW: 0 0.01 INCH OR MORE: 11
MAX 90 OR ABOVE: 0 0.10 INCH OR MORE: 6
MIN 32 OR BELOW: 23 0.50 INCH OR MORE: 1
MIN 0 OR BELOW: 0 1.00 INCH OR MORE: 0
[HDD (BASE 65) ]
TOTAL THIS MO. 770 CLEAR (SCALE 0-3) 10
DPTR FM NORMAL -69 PTCLDY (SCALE 4-7) 18
TOTAL FM JUL 1 6001 CLOUDY (SCALE 8-10) 3
DPTR FM NORMAL -111
[CDD (BASE 65) ]
TOTAL THIS MO. 0
DPTR FM NORMAL 0 [PRESSURE DATA]
TOTAL FM JAN 1 0 HIGHEST SLP 30.39 ON 5
DPTR FM NORMAL 0 LOWEST SLP 29.59 ON 14
[REMARKS]
6TH: HIGH OF 65 BREAKS OLD RECORD OF 61 SET IN 1986.
7TH: HIGH OF 61 TIES OLD RECORD SET IN 2015.
14TH: RAINFALL OF 0.59 INCHES BREAKS OLD RECORD OF 0.54 SET IN 2016.
#FINAL-03-20#