000
CXUS54 KBRO 021118
CF6PIL
PRELIMINARY LOCAL CLIMATOLOGICAL DATA (WS FORM: F-6)
STATION: BAYVIEW
MONTH: FEBRUARY
YEAR: 2023
LATITUDE: 26 10 N
LONGITUDE: 97 20 W
TEMPERATURE IN F: :PCPN: SNOW: WIND :SUNSHINE: SKY :PK WND
================================================================================
1 2 3 4 5 6A 6B 7 8 9 10 11 12 13 14 15 16 17 18
12Z AVG MX 2MIN
DY MAX MIN AVG DEP HDD CDD WTR SNW DPTH SPD SPD DIR MIN PSBL S-S WX SPD DR
================================================================================
1 42 38 40 -23 25 0 0.01 0.0 0 15.9 25 330 M M 10 1 31 330
2 50 40 45 -18 20 0 0.03 0.0 0 13.8 21 330 M M 8 1 25 330
3 59 41 50 -13 15 0 0.00 0.0 0 13.3 21 360 M M 8 26 360
4 73 48 61 -2 4 0 0.00 0.0 0 7.9 15 100 M M 2 20 120
5 77 51 64 1 1 0 0.00 0.0 0 7.2 20 130 M M 1 12 24 120
6 80 59 70 7 0 5 0.00 0.0 0 14.3 26 140 M M 4 1 35 170
7 81 70 76 12 0 11 0.00 0.0 0 17.8 31 150 M M 7 1 44 160
8 76 58 67 3 0 2 T 0.0 0 11.2 25 330 M M 7 1 33 300
9 74 53 64 0 1 0 0.00 0.0 0 4.8 13 70 M M 7 19 70
10 68 50 59 -5 6 0 T 0.0 0 14.8 30 340 M M 4 40 330
11 66 37 52 -12 13 0 0.00 0.0 0 9.0 22 350 M M 0 32 360
12 69 41 55 -9 10 0 0.00 0.0 0 6.1 16 110 M M 0 22 100
13 76 53 65 1 0 0 T 0.0 0 14.8 30 160 M M 4 40 160
14 86 67 77 12 0 12 0.00 0.0 0 16.5 29 180 M M 4 18 43 180
15 83 65 74 9 0 9 T 0.0 0 15.3 30 160 M M 8 1 42 170
16 75 55 65 0 0 0 T 0.0 0 15.8 30 350 M M 10 1 43 350
17 59 46 53 -12 12 0 0.00 0.0 0 15.8 28 340 M M 4 37 10
18 69 46 58 -7 7 0 0.00 0.0 0 8.3 15 60 M M 2 20 60
19 78 53 66 1 0 1 0.00 0.0 0 8.5 18 110 M M 4 1 25 120
20 84 69 77 11 0 12 0.00 0.0 0 14.0 23 160 M M 6 33 160
21 83 70 77 11 0 12 0.00 0.0 0 20.0 31 170 M M 8 43 160
22 88 71 80 14 0 15 T 0.0 0 18.4 29 180 M M 4 1 43 200
23 92 71 82 16 0 17 0.00 0.0 0 15.8 26 160 M M 5 1 37 160
24 83 72 78 12 0 13 0.00 0.0 0 14.1 24 150 M M 7 1 31 140
25 86 70 78 12 0 13 0.00 0.0 0 11.4 21 150 M M 7 1 29 150
26 84 71 78 11 0 13 0.00 0.0 0 15.8 26 150 M M 8 1 37 140
27 90 73 82 15 0 17 0.00 0.0 0 14.2 24 170 M M 6 35 180
28 82 73 78 11 0 13 0.00 0.0 0 M M M M M 4 M M
================================================================================
SM 2113 1611 114 165 0.04 0.0 354.8 M 149
================================================================================
AV 75.5 57.5 13.1 FASTST M M 5 MAX(MPH)
MISC ----> # 31 150 44 160
================================================================================
NOTES:
# LAST OF SEVERAL OCCURRENCES
COLUMN 17 PEAK WIND IN M.P.H.
PRELIMINARY LOCAL CLIMATOLOGICAL DATA (WS FORM: F-6) , PAGE 2
STATION: BAYVIEW
MONTH: FEBRUARY
YEAR: 2023
LATITUDE: 26 10 N
LONGITUDE: 97 20 W
[TEMPERATURE DATA] [PRECIPITATION DATA] SYMBOLS USED IN COLUMN 16
AVERAGE MONTHLY: 66.5 TOTAL FOR MONTH: 0.04 1 = FOG OR MIST
DPTR FM NORMAL: 1.7 DPTR FM NORMAL: -1.12 2 = FOG REDUCING VISIBILITY
HIGHEST: 92 ON 23 GRTST 24HR 0.04 ON 1- 2 TO 1/4 MILE OR LESS
LOWEST: 37 ON 11 3 = THUNDER
SNOW, ICE PELLETS, HAIL 4 = ICE PELLETS
TOTAL MONTH: 0.0 INCH 5 = HAIL
GRTST 24HR 0.0 6 = FREEZING RAIN OR DRIZZLE
GRTST DEPTH: 0 7 = DUSTSTORM OR SANDSTORM:
VSBY 1/2 MILE OR LESS
8 = SMOKE OR HAZE
[NO. OF DAYS WITH] [WEATHER - DAYS WITH] 9 = BLOWING SNOW
X = TORNADO
MAX 32 OR BELOW: 0 0.01 INCH OR MORE: 2
MAX 90 OR ABOVE: 2 0.10 INCH OR MORE: 0
MIN 32 OR BELOW: 0 0.50 INCH OR MORE: 0
MIN 0 OR BELOW: 0 1.00 INCH OR MORE: 0
[HDD (BASE 65) ]
TOTAL THIS MO. 114 CLEAR (SCALE 0-3) 5
DPTR FM NORMAL 11 PTCLDY (SCALE 4-7) 19
TOTAL FM JUL 1 382 CLOUDY (SCALE 8-10) 4
DPTR FM NORMAL -100
[CDD (BASE 65) ]
TOTAL THIS MO. 165
DPTR FM NORMAL 69 [PRESSURE DATA]
TOTAL FM JAN 1 303 HIGHEST SLP 30.57 ON 3
DPTR FM NORMAL 154 LOWEST SLP 29.59 ON 22
[REMARKS]
#FINAL-02-23#