000
CXUS51 KPBZ 011526
CLMPIT
CLIMATE REPORT
NATIONAL WEATHER SERVICE PITTSBURGH PA
1026 AM EST FRI DEC 01 2023
...................................
...THE PITTSBURGH PA CLIMATE SUMMARY FOR THE MONTH OF NOVEMBER 2023...
CLIMATE NORMAL PERIOD 1991 TO 2020
CLIMATE RECORD PERIOD 1871 TO 2023
WEATHER OBSERVED NORMAL DEPART LAST YEAR`S
VALUE DATE(S) VALUE FROM VALUE DATE(S)
NORMAL
................................................................
TEMPERATURE (F)
RECORD
HIGH 82 11/03/1961
LOW 11/30/1958
HIGHEST 69 11/09 71 -2 79 11/05
LOWEST 19 11/29 19 0 17 11/21
AVG. MAXIMUM 53.4 50.9 2.5 53.0
AVG. MINIMUM 33.6 34.3 -0.7 35.5
MEAN 43.5 42.6 0.9 44.3
DAYS MAX >= 90 0 0.0 0.0 0
DAYS MAX <= 32 1 1.1 -0.1 3
DAYS MIN <= 32 13 13.7 -0.7 13
DAYS MIN <= 0 0 0.0 0.0 0
PRECIPITATION (INCHES)
RECORD
MAXIMUM 11.05 1985
MINIMUM 0.22 1904
TOTALS 1.82 2.86 -1.04 4.06
DAILY AVG. 0.06 0.10 -0.04 0.14
DAYS >= .01 8 12.0 -4.0 13
DAYS >= .10 2 6.6 -4.6 6
DAYS >= .50 2 1.7 0.3 2
DAYS >= 1.00 0 0.4 -0.4 1
GREATEST
24 HR. TOTAL 0.94 11/21 TO 11/22 2.36
SNOWFALL (INCHES)
RECORDS
TOTAL 30.3 1950
24 HR TOTAL 14.0 MM
TOTALS 0.6 2.4 -1.8 3.3
SINCE 7/1 0.6 2.8 -2.2 MM
SNOWDEPTH AVG. T -1
DAYS >= TRACE 3 3.3 -0.3 9
DAYS >= 1.0 0 0.7 -0.7 1
GREATEST
24 HR TOTAL 0.3 11/28 TO 11/28 3.3
DEGREE DAYS
HEATING TOTAL 637 672 -35 621
SINCE 7/1 941 1138 -197 MM
COOLING TOTAL 0 0 0 5
SINCE 1/1 794 797 -3 MM
................................................................
WIND (MPH)
AVERAGE WIND SPEED 7.1
HIGHEST WIND SPEED/DIRECTION 26/330 DATE 11/17
HIGHEST GUST SPEED/DIRECTION 37/260 DATE 11/28
SKY COVER
AVERAGE SKY COVER 0.59
AVERAGE RH (PERCENT) 60
WEATHER CONDITIONS. NUMBER OF DAYS WITH
THUNDERSTORM 0 MIXED PRECIP 0
HEAVY RAIN 0 RAIN 2
LIGHT RAIN 7 FREEZING RAIN 0
LT FREEZING RAIN 0 HAIL 0
HEAVY SNOW 0 SNOW 0
LIGHT SNOW 3 SLEET 0
FOG 5 FOG W/VIS <= 1/4 MILE 0
HAZE 2
- INDICATES NEGATIVE NUMBERS.
R INDICATES RECORD WAS SET OR TIED.
MM INDICATES DATA IS MISSING.
T INDICATES TRACE AMOUNT.
$$