000
CXUS56 KLOX 011255
CF6PMD
PRELIMINARY LOCAL CLIMATOLOGICAL DATA (WS FORM: F-6)
STATION: PALMDALE AIRPORT CA
MONTH: NOVEMBER
YEAR: 2023
LATITUDE: 34 37 N
LONGITUDE: 118 5 W
TEMPERATURE IN F: :PCPN: SNOW: WIND :SUNSHINE: SKY :PK WND
================================================================================
1 2 3 4 5 6A 6B 7 8 9 10 11 12 13 14 15 16 17 18
12Z AVG MX 2MIN
DY MAX MIN AVG DEP HDD CDD WTR SNW DPTH SPD SPD DIR MIN PSBL S-S WX SPD DR
================================================================================
1 76 34 55 -3 10 0 0.00 M M 4.6 10 180 M M 0 15 40
2 77 34 56 -2 9 0 0.00 M M 3.1 10 200 M M 0 11 200
3 79 37 58 0 7 0 0.00 M M 3.5 12 190 M M 0 8 12 200
4 82 39 61 4 4 0 0.00 M M 4.5 12 200 M M 0 13 220
5 87 48 68 11 0 3 0.00 M M 5.8 17 240 M M 0 24 260
6 79 52 66 10 0 1 0.00 M M 12.9 29 220 M M 0 40 220
7 63 47 55 -1 10 0 0.00 M M 16.1 31 290 M M 2 39 280
8 67 36 52 -4 13 0 0.00 M M 10.0 29 50 M M 0 38 40
9 68 32 50 -5 15 0 0.00 M M 5.8 18 50 M M 0 24 30
10 67 29 48 -7 17 0 0.00 M M 4.0 9 190 M M 0 10 200
11 71 31 51 -3 14 0 0.00 M M 4.2 12 30 M M 0 15 30
12 72 30 51 -3 14 0 0.00 M M 4.8 12 200 M M 0 13 290
13 71 36 54 0 11 0 0.00 M M 3.7 9 170 M M 0 12 190
14 73 32 53 0 12 0 0.00 M M 3.0 10 190 M M 0 8 12 200
15 61 40 51 -2 14 0 0.06 M M 4.9 15 270 M M 7 18 270
16 68 45 57 5 8 0 0.00 M M 3.6 10 50 M M 5 1 14 70
17 69 40 55 3 10 0 T M M 4.5 21 240 M M 2 1 27 240
18 64 51 58 7 7 0 0.11 M M 10.4 23 220 M M 5 1 32 230
19 61 42 52 1 13 0 0.00 M M 15.4 39 270 M M 0 8 51 280
20 64 35 50 -1 15 0 0.00 M M 14.0 28 80 M M 0 37 80
21 67 32 50 0 15 0 0.00 M M 6.0 17 30 M M 0 22 20
22 67 31 49 -1 16 0 0.00 M M 3.3 9 190 M M 0 8 10 200
23 74 38 56 7 9 0 0.00 M M 7.7 24 250 M M 1 30 240
24 61 34 48 -1 17 0 0.00 M M 4.1 12 290 M M 0 16 290
25 58 28 43 -6 22 0 0.00 M M 6.6 18 70 M M 0 25 60
26 56 26 41 -7 24 0 0.00 M M 6.2 24 60 M M 0 33 60
27 61 30 46 -2 19 0 0.00 M M 6.8 21 50 M M 0 26 60
28 61 33 47 -1 18 0 0.00 M M 3.3 10 210 M M 0 12 210
29 61 30 46 -1 19 0 0.00 M M 9.3 21 230 M M 0 26 230
30 59 38 49 2 16 0 0.00 M M 15.0 30 280 M M 1 38 300
================================================================================
SM 2044 1090 378 4 0.17 M 207.1 M 23
================================================================================
AV 68.1 36.3 6.9 FASTST M M 1 MAX(MPH)
MISC ----> 39 270 51 280
================================================================================
NOTES:
# LAST OF SEVERAL OCCURRENCES
COLUMN 17 PEAK WIND IN M.P.H.
PRELIMINARY LOCAL CLIMATOLOGICAL DATA (WS FORM: F-6) , PAGE 2
STATION: PALMDALE AIRPORT CA
MONTH: NOVEMBER
YEAR: 2023
LATITUDE: 34 37 N
LONGITUDE: 118 5 W
[TEMPERATURE DATA] [PRECIPITATION DATA] SYMBOLS USED IN COLUMN 16
AVERAGE MONTHLY: 52.2 TOTAL FOR MONTH: 0.17 1 = FOG OR MIST
DPTR FM NORMAL: -0.3 DPTR FM NORMAL: -0.19 2 = FOG REDUCING VISIBILITY
HIGHEST: 87 ON 5 GRTST 24HR 0.11 ON 17-18 TO 1/4 MILE OR LESS
LOWEST: 26 ON 26 3 = THUNDER
SNOW, ICE PELLETS, HAIL 4 = ICE PELLETS
TOTAL MONTH: M 5 = HAIL
GRTST 24HR M ON M 6 = FREEZING RAIN OR DRIZZLE
GRTST DEPTH: M ON M 7 = DUSTSTORM OR SANDSTORM:
VSBY 1/2 MILE OR LESS
8 = SMOKE OR HAZE
[NO. OF DAYS WITH] [WEATHER - DAYS WITH] 9 = BLOWING SNOW
X = TORNADO
MAX 32 OR BELOW: 0 0.01 INCH OR MORE: 2
MAX 90 OR ABOVE: 0 0.10 INCH OR MORE: 1
MIN 32 OR BELOW: 11 0.50 INCH OR MORE: 0
MIN 0 OR BELOW: 0 1.00 INCH OR MORE: 0
[HDD (BASE 65) ]
TOTAL THIS MO. 378 CLEAR (SCALE 0-3) 27
DPTR FM NORMAL 1 PTCLDY (SCALE 4-7) 3
TOTAL FM JUL 1 486 CLOUDY (SCALE 8-10) 0
DPTR FM NORMAL 3
[CDD (BASE 65) ]
TOTAL THIS MO. 4
DPTR FM NORMAL 2 [PRESSURE DATA]
TOTAL FM JAN 1 1764 HIGHEST SLP 30.50 ON 21
DPTR FM NORMAL -180 LOWEST SLP 29.71 ON 23
[REMARKS]
#FINAL-11-23#