000
CXUS53 KPAH 010730
CF6POF
PRELIMINARY LOCAL CLIMATOLOGICAL DATA (WS FORM: F-6)
STATION: POPLAR BLUFF MO
MONTH: APRIL
YEAR: 2023
LATITUDE: 36 46 N
LONGITUDE: 90 19 W
TEMPERATURE IN F: :PCPN: SNOW: WIND :SUNSHINE: SKY :PK WND
================================================================================
1 2 3 4 5 6A 6B 7 8 9 10 11 12 13 14 15 16 17 18
12Z AVG MX 2MIN
DY MAX MIN AVG DEP HDD CDD WTR SNW DPTH SPD SPD DIR MIN PSBL S-S WX SPD DR
================================================================================
1 65 44 55 1 10 0 0.00 M M 12.6 29 300 M M 1 44 260
2 70 39 55 1 10 0 0.00 M M 8.0 16 190 M M 0 24 160
3 74 54 64 9 1 0 0.00 M M 10.0 18 170 M M 7 26 160
4 82 67 75 20 0 10 0.00 M M 14.8 26 210 M M 5 36 190
5 76 51 64 8 1 0 0.83 M M 13.9 29 190 M M 6 138 42 190
6 56 45 51 -5 14 0 0.00 M M 10.7 18 360 M M 3 25 10
7 60 43 52 -4 13 0 0.00 M M 9.3 17 50 M M 0 27 40
8 67 46 57 0 8 0 0.00 M M 8.1 16 80 M M 0 24 40
9 68 46 57 0 8 0 0.00 M M 5.4 13 120 M M 0 8 20 80
10 74 43 59 2 6 0 0.00 M M 3.5 14 160 M M 1 19 160
11 75 43 59 1 6 0 0.00 M M 2.6 12 210 M M 0 17 220
12 78 43 61 3 4 0 0.00 M M 2.6 16 200 M M 0 8 20 190
13 80 45 63 5 2 0 0.00 M M 4.2 13 70 M M 3 20 50
14 77 52 65 6 0 0 0.00 M M 5.4 14 140 M M 0 21 130
15 79 52 66 7 0 1 1.17 M M 9.5 28 260 M M 5 13 38 260
16 64 46 55 -4 10 0 0.01 M M 12.6 23 290 M M 4 1 38 290
17 74 43 59 -1 6 0 0.00 M M 9.0 21 320 M M 0 31 280
18 79 45 62 2 3 0 0.00 M M 8.3 21 200 M M 0 30 200
19 82 55 69 9 0 4 0.00 M M 13.0 28 190 M M 0 40 200
20 80 56 68 8 0 3 1.31 M M 14.5 31 200 M M 6 138 46 190
21 69 50 60 -1 5 0 0.92 M M 7.3 21 20 M M 5 1 29 20
22 63 43 53 -8 12 0 0.00 M M 9.4 24 300 M M 0 35 250
23 61 37 49 -12 16 0 0.00 M M 4.0 14 300 M M 0 19 320
24 61 36 49 -13 16 0 0.00 M M 3.9 13 100 M M 0 17 70
25 66 45 56 -6 9 0 0.00 M M 2.4 12 130 M M 1 1 15 70
26 70 46 58 -4 7 0 0.00 M M 7.6 16 50 M M 1 24 20
27 58 53 56 -7 9 0 0.63 M M 7.2 13 40 M M 10 1 18 30
28 69 54 62 -1 3 0 0.01 M M 5.1 10 70 M M 8 1 15 60
29 69 57 63 0 2 0 0.04 M M 5.5 12 190 M M 7 1 16 180
30 67 45 56 -8 9 0 0.00 M M 12.4 25 310 M M 2 37 290
================================================================================
SM 2113 1424 190 18 4.92 M 242.8 M 75
================================================================================
AV 70.4 47.5 8.1 FASTST M M 3 MAX(MPH)
MISC ----> 31 200 46 190
================================================================================
NOTES:
# LAST OF SEVERAL OCCURRENCES
COLUMN 17 PEAK WIND IN M.P.H.
PRELIMINARY LOCAL CLIMATOLOGICAL DATA (WS FORM: F-6) , PAGE 2
STATION: POPLAR BLUFF MO
MONTH: APRIL
YEAR: 2023
LATITUDE: 36 46 N
LONGITUDE: 90 19 W
[TEMPERATURE DATA] [PRECIPITATION DATA] SYMBOLS USED IN COLUMN 16
AVERAGE MONTHLY: 59.0 TOTAL FOR MONTH: 4.92 1 = FOG OR MIST
DPTR FM NORMAL: 0.0 DPTR FM NORMAL: -0.71 2 = FOG REDUCING VISIBILITY
HIGHEST: 82 ON 19, 4 GRTST 24HR 2.23 ON 20-21 TO 1/4 MILE OR LESS
LOWEST: 36 ON 24 3 = THUNDER
SNOW, ICE PELLETS, HAIL 4 = ICE PELLETS
TOTAL MONTH: M 5 = HAIL
GRTST 24HR M ON M 6 = FREEZING RAIN OR DRIZZLE
GRTST DEPTH: M ON M 7 = DUSTSTORM OR SANDSTORM:
VSBY 1/2 MILE OR LESS
8 = SMOKE OR HAZE
[NO. OF DAYS WITH] [WEATHER - DAYS WITH] 9 = BLOWING SNOW
X = TORNADO
MAX 32 OR BELOW: 0 0.01 INCH OR MORE: 8
MAX 90 OR ABOVE: 0 0.10 INCH OR MORE: 5
MIN 32 OR BELOW: 0 0.50 INCH OR MORE: 5
MIN 0 OR BELOW: 0 1.00 INCH OR MORE: 2
[HDD (BASE 65) ]
TOTAL THIS MO. 190 CLEAR (SCALE 0-3) 19
DPTR FM NORMAL -23 PTCLDY (SCALE 4-7) 10
TOTAL FM JUL 1 3412 CLOUDY (SCALE 8-10) 1
DPTR FM NORMAL -470
[CDD (BASE 65) ]
TOTAL THIS MO. 18
DPTR FM NORMAL -15 [PRESSURE DATA]
TOTAL FM JAN 1 23 HIGHEST SLP M ON M
DPTR FM NORMAL -15 LOWEST SLP 29.64 ON 4
[REMARKS]
#FINAL-04-23#