000
CXUS53 KPAH 010700
CF6POF
PRELIMINARY LOCAL CLIMATOLOGICAL DATA (WS FORM: F-6)
STATION: POPLAR BLUFF MO
MONTH: MARCH
YEAR: 2022
LATITUDE: 36 46 N
LONGITUDE: 90 19 W
TEMPERATURE IN F: :PCPN: SNOW: WIND :SUNSHINE: SKY :PK WND
================================================================================
1 2 3 4 5 6A 6B 7 8 9 10 11 12 13 14 15 16 17 18
12Z AVG MX 2MIN
DY MAX MIN AVG DEP HDD CDD WTR SNW DPTH SPD SPD DIR MIN PSBL S-S WX SPD DR
================================================================================
1 73 31 52 8 13 0 0.00 M M 6.7 18 200 M M 0 25 200
2 75 36 56 12 9 0 0.00 M M 6.5 15 200 M M 0 18 19 200
3 67 38 53 8 12 0 0.00 M M 7.9 16 40 M M 0 22 40
4 69 39 54 9 11 0 0.00 M M 6.2 13 140 M M 0 17 170
5 69 45 57 12 8 0 T M M 8.2 21 200 M M 7 8 30 200
6 77 54 66 20 0 1 1.47 M M 10.2 22 40 M M 7 13 31 190
7 69 33 51 5 14 0 0.89 M M 11.3 23 300 M M 9 13 36 220
8 43 33 38 -8 27 0 T M M 6.2 13 80 M M 7 20 80
9 53 34 44 -2 21 0 0.00 M M 3.3 13 140 M M 3 17 130
10 56 32 44 -3 21 0 0.00 M M 5.4 13 50 M M 0 16 60
11 39 28 34 -13 31 0 0.04 M M 10.9 25 350 M M 6 1 37 350
12 38 19 29 -18 36 0 0.00 M M 9.7 25 340 M M 0 35 330
13 58 30 44 -4 21 0 0.00 M M 12.2 22 210 M M 1 32 190
14 63 33 48 0 17 0 T M M 6.9 21 200 M M 4 30 230
15 68 43 56 8 9 0 T M M 3.7 8 120 M M 6 12 130
16 73 38 56 7 9 0 0.00 M M 3.7 13 140 M M 1 19 130
17 75 42 59 10 6 0 0.00 M M 4.6 15 150 M M 3 12 21 140
18 63 47 55 6 10 0 0.48 M M 10.0 23 250 M M 10 13 33 250
19 65 38 52 2 13 0 0.00 M M 8.3 20 310 M M 5 29 310
20 72 33 53 3 12 0 0.00 M M 3.6 12 150 M M 0 17 200
21 72 40 56 6 9 0 0.23 M M 6.5 20 200 M M 2 3 27 200
22 57 51 54 3 11 0 1.19 M M 7.8 17 100 M M 10 13 30 110
23 56 42 49 -2 16 0 0.01 M M 13.2 23 250 M M 10 1 35 240
24 50 38 44 -7 21 0 0.00 M M 8.2 17 230 M M 9 23 220
25 66 37 52 0 13 0 0.00 M M 8.5 21 300 M M 4 30 320
26 65 40 53 1 12 0 0.00 M M 10.1 22 330 M M 0 32 310
27 52 35 44 -8 21 0 0.00 M M 5.4 13 30 M M 3 16 30
28 57 34 46 -7 19 0 0.00 M M 7.6 15 80 M M 2 23 70
29 75 43 59 6 6 0 0.00 M M 10.3 21 190 M M 7 30 160
30 70 44 57 4 8 0 1.95 M M 13.9 31 170 M M 8 13 47 150
31 48 40 44 -10 21 0 0.00 M M 9.7 18 270 M M 9 31 260
================================================================================
SM 1933 1170 457 1 6.26 M 246.7 M 133
================================================================================
AV 62.4 37.7 8.0 FASTST M M 4 MAX(MPH)
MISC ----> 31 170 47 150
================================================================================
NOTES:
# LAST OF SEVERAL OCCURRENCES
COLUMN 17 PEAK WIND IN M.P.H.
PRELIMINARY LOCAL CLIMATOLOGICAL DATA (WS FORM: F-6) , PAGE 2
STATION: POPLAR BLUFF MO
MONTH: MARCH
YEAR: 2022
LATITUDE: 36 46 N
LONGITUDE: 90 19 W
[TEMPERATURE DATA] [PRECIPITATION DATA] SYMBOLS USED IN COLUMN 16
AVERAGE MONTHLY: 50.0 TOTAL FOR MONTH: 6.26 1 = FOG OR MIST
DPTR FM NORMAL: 1.3 DPTR FM NORMAL: 1.38 2 = FOG REDUCING VISIBILITY
HIGHEST: 77 ON 6 GRTST 24HR 2.36 ON 6- 7 TO 1/4 MILE OR LESS
LOWEST: 19 ON 12 3 = THUNDER
SNOW, ICE PELLETS, HAIL 4 = ICE PELLETS
TOTAL MONTH: M 5 = HAIL
GRTST 24HR M ON M 6 = FREEZING RAIN OR DRIZZLE
GRTST DEPTH: M ON M 7 = DUSTSTORM OR SANDSTORM:
VSBY 1/2 MILE OR LESS
8 = SMOKE OR HAZE
[NO. OF DAYS WITH] [WEATHER - DAYS WITH] 9 = BLOWING SNOW
X = TORNADO
MAX 32 OR BELOW: 0 0.01 INCH OR MORE: 8
MAX 90 OR ABOVE: 0 0.10 INCH OR MORE: 6
MIN 32 OR BELOW: 5 0.50 INCH OR MORE: 4
MIN 0 OR BELOW: 0 1.00 INCH OR MORE: 3
[HDD (BASE 65) ]
TOTAL THIS MO. 457 CLEAR (SCALE 0-3) 15
DPTR FM NORMAL -51 PTCLDY (SCALE 4-7) 9
TOTAL FM JUL 1 3364 CLOUDY (SCALE 8-10) 7
DPTR FM NORMAL -307
[CDD (BASE 65) ]
TOTAL THIS MO. 1
DPTR FM NORMAL -4 [PRESSURE DATA]
TOTAL FM JAN 1 1 HIGHEST SLP M ON M
DPTR FM NORMAL -4 LOWEST SLP 29.26 ON 30
[REMARKS]
#FINAL-03-22#