000
CXUS55 KPAH 011847
CF6POF
PRELIMINARY LOCAL CLIMATOLOGICAL DATA (WS FORM: F-6)
STATION: POPLAR BLUFF MO
MONTH: SEPTEMBER
YEAR: 2020
LATITUDE: 36 46 N
LONGITUDE: 90 19 W
TEMPERATURE IN F: :PCPN: SNOW: WIND :SUNSHINE: SKY :PK WND
================================================================================
1 2 3 4 5 6A 6B 7 8 9 10 11 12 13 14 15 16 17 18
12Z AVG MX 2MIN
DY MAX MIN AVG DEP HDD CDD WTR SNW DPTH SPD SPD DIR MIN PSBL S-S WX SPD DR
================================================================================
1 79 66 73 -2 0 8 0.96 M M 6.0 14 160 M M 9 13 19 160
2 82 71 77 2 0 12 0.36 M M 2.3 10 230 M M 8 18 14 240
3 85 71 78 3 0 13 0.06 M M 4.6 12 210 M M 5 12 16 230
4 81 63 72 -2 0 7 0.00 M M 5.2 13 60 M M 2 20 20
5 83 60 72 -2 0 7 0.00 M M 2.0 8 200 M M 0 12 200
6 86 62 74 0 0 9 0.00 M M 4.1 13 200 M M 0 1 18 210
7 88 64 76 3 0 11 0.00 M M 5.6 15 210 M M 0 19 210
8 87 65 76 3 0 11 0.00 M M 4.0 13 200 M M 0 1 18 210
9 89 65 77 4 0 12 0.00 M M 1.8 7 90 M M 1 1 9 180
10 89 66 78 6 0 13 0.00 M M 0.8 6 40 M M 1 1 8 60
11 89 69 79 7 0 14 0.00 M M 2.4 8 110 M M 0 1 12 110
12 89 68 79 7 0 14 0.18 M M 3.3 17 350 M M 6 123 24 330
13 83 67 75 4 0 10 0.00 M M 5.7 13 20 M M 3 1 17 360
14 82 64 73 2 0 8 0.00 M M 8.1 15 40 M M 0 22 40
15 83 62 73 3 0 8 0.00 M M 7.5 14 30 M M 1 21 20
16 86 63 75 5 0 10 0.00 M M 5.1 10 30 M M 3 14 40
17 84 61 73 3 0 8 0.00 M M 7.8 16 350 M M 1 22 360
18 74 56 65 -4 0 0 0.00 M M 8.9 17 30 M M 0 27 10
19 72 51 62 -7 3 0 0.00 M M 7.8 15 10 M M 0 21 10
20 77 50 64 -4 1 0 0.00 M M 5.9 12 60 M M 0 20 40
21 77 54 66 -2 0 1 0.00 M M 4.4 12 100 M M 2 19 130
22 68 56 62 -6 3 0 0.02 M M 2.8 9 170 M M 3 13 150
23 69 58 64 -3 1 0 T M M 4.5 14 150 M M 5 19 130
24 69 56 63 -4 2 0 0.00 M M 4.7 10 50 M M 9 1 15 50
25 69 54 62 -4 3 0 0.00 M M 3.3 10 160 M M 10 1 13 160
26 78 59 69 3 0 4 0.00 M M 6.8 16 210 M M 6 8 25 210
27 83 54 69 3 0 4 0.05 M M 5.7 22 350 M M 4 1 30 350
28 71 52 62 -3 3 0 1.31 M M 9.3 24 360 M M 4 13 33 10
29 69 46 58 -7 7 0 0.00 M M 3.7 16 320 M M 2 22 280
30 82 49 66 2 0 1 0.00 M M 8.8 20 220 M M 0 27 220
================================================================================
SM 2403 1802 23 185 2.94 M 152.9 M 85
================================================================================
AV 80.1 60.1 5.1 FASTST M M 3 MAX(MPH)
MISC ----> 24 360 33 10
================================================================================
NOTES:
# LAST OF SEVERAL OCCURRENCES
COLUMN 17 PEAK WIND IN M.P.H.
PRELIMINARY LOCAL CLIMATOLOGICAL DATA (WS FORM: F-6) , PAGE 2
STATION: POPLAR BLUFF MO
MONTH: SEPTEMBER
YEAR: 2020
LATITUDE: 36 46 N
LONGITUDE: 90 19 W
[TEMPERATURE DATA] [PRECIPITATION DATA] SYMBOLS USED IN COLUMN 16
AVERAGE MONTHLY: 70.1 TOTAL FOR MONTH: 2.94 1 = FOG OR MIST
DPTR FM NORMAL: 0.1 DPTR FM NORMAL: -0.31 2 = FOG REDUCING VISIBILITY
HIGHEST: 89 ON 12,11 GRTST 24HR 1.34 ON 31- 1 TO 1/4 MILE OR LESS
LOWEST: 46 ON 29 3 = THUNDER
SNOW, ICE PELLETS, HAIL 4 = ICE PELLETS
TOTAL MONTH: M 5 = HAIL
GRTST 24HR M ON M 6 = FREEZING RAIN OR DRIZZLE
GRTST DEPTH: M ON M 7 = DUSTSTORM OR SANDSTORM:
VSBY 1/2 MILE OR LESS
8 = SMOKE OR HAZE
[NO. OF DAYS WITH] [WEATHER - DAYS WITH] 9 = BLOWING SNOW
X = TORNADO
MAX 32 OR BELOW: 0 0.01 INCH OR MORE: 7
MAX 90 OR ABOVE: 0 0.10 INCH OR MORE: 4
MIN 32 OR BELOW: 0 0.50 INCH OR MORE: 2
MIN 0 OR BELOW: 0 1.00 INCH OR MORE: 1
[HDD (BASE 65) ]
TOTAL THIS MO. 23 CLEAR (SCALE 0-3) 17
DPTR FM NORMAL -6 PTCLDY (SCALE 4-7) 10
TOTAL FM JUL 1 23 CLOUDY (SCALE 8-10) 3
DPTR FM NORMAL -6
[CDD (BASE 65) ]
TOTAL THIS MO. 185
DPTR FM NORMAL 6 [PRESSURE DATA]
TOTAL FM JAN 1 1564 HIGHEST SLP 30.33 ON 21
DPTR FM NORMAL 37 LOWEST SLP 29.73 ON 28
[REMARKS]
#FINAL-09-20#