000
CXUS55 KALY 010710
CF6POU
PRELIMINARY LOCAL CLIMATOLOGICAL DATA (WS FORM: F-6)
STATION: POUGHKEEPSIE NY
MONTH: OCTOBER
YEAR: 2022
LATITUDE: 41 37 N
LONGITUDE: 73 53 W
TEMPERATURE IN F: :PCPN: SNOW: WIND :SUNSHINE: SKY :PK WND
================================================================================
1 2 3 4 5 6A 6B 7 8 9 10 11 12 13 14 15 16 17 18
12Z AVG MX 2MIN
DY MAX MIN AVG DEP HDD CDD WTR SNW DPTH SPD SPD DIR MIN PSBL S-S WX SPD DR
================================================================================
1 64 51 58 0 7 0 0.02 M M 6.9 18 20 M M 8 24 20
2 59 49 54 -4 11 0 T M M 10.2 18 360 M M 7 25 340
3 54 47 51 -6 14 0 0.02 M M 7.8 14 360 M M 2 18 20
4 54 48 51 -6 14 0 0.97 M M 9.0 18 10 M M 10 18 24 10
5 58 48 53 -3 12 0 0.50 M M 6.3 14 360 M M 10 123 19 10
6 73 46 60 4 5 0 0.00 M M 0.8 6 280 M M 4 12 9 250
7 75 48 62 6 3 0 0.00 M M 5.5 17 250 M M 3 1 22 240
8 59 35 47 -8 18 0 0.00 M M 3.9 13 20 M M 4 18 10
9 63 33 48 -7 17 0 0.00 M M 5.0 17 240 M M 2 23 240
10 67 40 54 0 11 0 0.00 M M 3.0 12 240 M M 5 16 250
11 70 37 54 0 11 0 0.00 M M 1.2 10 240 M M 2 12 13 250
12 71 40 56 2 9 0 0.00 M M 3.8 17 230 M M 0 1 25 230
13 69 51 60 7 5 0 0.54 M M 6.6 18 270 M M 8 1 23 290
14 68 43 56 3 9 0 0.23 M M 3.5 9 260 M M 5 1 13 280
15 69 39 54 2 11 0 0.00 M M 2.2 15 160 M M 3 12 21 200
16 64 39 52 0 13 0 0.00 M M 1.1 8 270 M M 1 1 10 360
17 64 40 52 0 13 0 0.35 M M 1.2 8 340 M M 7 123 10 320
18 57 35 46 -5 19 0 0.00 M M 3.2 13 250 M M 2 1 16 220
19 53 32 43 -8 22 0 0.00 M M 4.1 21 240 M M 3 30 250
20 57 31 44 -7 21 0 0.00 M M 5.2 22 240 M M 0 34 250
21 63 30 47 -3 18 0 0.00 M M 1.5 10 260 M M 0 14 240
22 69 32 51 1 14 0 0.00 M M 1.9 10 240 M M 0 13 230
23 58 39 49 -1 16 0 0.00 M M 1.3 7 360 M M 6 9 10
24 59 53 56 7 9 0 0.47 M M 4.0 10 350 M M 10 18 14 20
25 75 58 67 18 0 2 0.06 M M 1.4 13 130 M M 9 1 17 170
26 75 59 67 18 0 2 0.00 M M 4.7 13 250 M M 7 1 18 220
27 64 46 55 7 10 0 0.00 M M 8.4 18 10 M M 2 25 10
28 56 35 46 -2 19 0 0.00 M M 3.5 13 10 M M 0 17 40
29 61 28 45 -3 20 0 0.00 M M 1.0 9 310 M M 0 8 12 320
30 67 26 47 0 18 0 0.00 M M 0.4 8 270 M M 1 10 270
31 64 34 49 2 16 0 0.01 M M 1.6 14 250 M M 4 16 240
================================================================================
SM 1979 1272 385 4 3.17 M 120.2 M 125
================================================================================
AV 63.8 41.0 3.9 FASTST M M 4 MAX(MPH)
MISC ----> 22 240 34 250
================================================================================
NOTES:
# LAST OF SEVERAL OCCURRENCES
COLUMN 17 PEAK WIND IN M.P.H.
PRELIMINARY LOCAL CLIMATOLOGICAL DATA (WS FORM: F-6) , PAGE 2
STATION: POUGHKEEPSIE NY
MONTH: OCTOBER
YEAR: 2022
LATITUDE: 41 37 N
LONGITUDE: 73 53 W
[TEMPERATURE DATA] [PRECIPITATION DATA] SYMBOLS USED IN COLUMN 16
AVERAGE MONTHLY: 52.4 TOTAL FOR MONTH: 3.17 1 = FOG OR MIST
DPTR FM NORMAL: 0.2 DPTR FM NORMAL: -0.56 2 = FOG REDUCING VISIBILITY
HIGHEST: 75 ON 26,25 GRTST 24HR 1.34 ON 4- 5 TO 1/4 MILE OR LESS
LOWEST: 26 ON 30 3 = THUNDER
SNOW, ICE PELLETS, HAIL 4 = ICE PELLETS
TOTAL MONTH: M 5 = HAIL
GRTST 24HR M ON M 6 = FREEZING RAIN OR DRIZZLE
GRTST DEPTH: M ON M 7 = DUSTSTORM OR SANDSTORM:
VSBY 1/2 MILE OR LESS
8 = SMOKE OR HAZE
[NO. OF DAYS WITH] [WEATHER - DAYS WITH] 9 = BLOWING SNOW
X = TORNADO
MAX 32 OR BELOW: 0 0.01 INCH OR MORE: 10
MAX 90 OR ABOVE: 0 0.10 INCH OR MORE: 6
MIN 32 OR BELOW: 6 0.50 INCH OR MORE: 3
MIN 0 OR BELOW: 0 1.00 INCH OR MORE: 0
[HDD (BASE 65) ]
TOTAL THIS MO. 385 CLEAR (SCALE 0-3) 14
DPTR FM NORMAL -18 PTCLDY (SCALE 4-7) 12
TOTAL FM JUL 1 473 CLOUDY (SCALE 8-10) 5
DPTR FM NORMAL -48
[CDD (BASE 65) ]
TOTAL THIS MO. 4
DPTR FM NORMAL -2 [PRESSURE DATA]
TOTAL FM JAN 1 997 HIGHEST SLP M ON M
DPTR FM NORMAL 253 LOWEST SLP 29.56 ON 18
[REMARKS]
#FINAL-10-22#