000
CXUS56 KFGZ 010910
CF6PRC
PRELIMINARY LOCAL CLIMATOLOGICAL DATA (WS FORM: F-6)
STATION: PRESCOTT AZ AIRPORT
MONTH: FEBRUARY
YEAR: 2024
LATITUDE: 34 39 N
LONGITUDE: 112 26 W
TEMPERATURE IN F: :PCPN: SNOW: WIND :SUNSHINE: SKY :PK WND
================================================================================
1 2 3 4 5 6A 6B 7 8 9 10 11 12 13 14 15 16 17 18
12Z AVG MX 2MIN
DY MAX MIN AVG DEP HDD CDD WTR SNW DPTH SPD SPD DIR MIN PSBL S-S WX SPD DR
================================================================================
1 58 37 48 7 17 0 0.13 M M 11.8 28 220 M M 7 3 41 200
2 42 34 38 -3 27 0 0.26 M M 8.2 21 240 M M 9 1 30 250
3 47 30 39 -2 26 0 0.00 M M 8.1 21 230 M M 2 26 230
4 51 28 40 -1 25 0 0.00 M M 5.9 16 140 M M 4 21 150
5 59 34 47 6 18 0 0.00 M M 10.6 21 140 M M 0 28 150
6 55 32 44 3 21 0 0.72 M M 12.5 35 190 M M 9 1 56 180
7 38 32 35 -6 30 0 0.30 M M 8.9 18 230 M M 9 1 25 240
8 38 18 28 -13 37 0 0.34 M M 11.5 24 230 M M 9 128 36 230
9 36 15 26 -15 39 0 0.00 M M 2.4 9 140 M M 6 1 11 150
10 39 23 31 -11 34 0 T M M 6.5 20 320 M M 6 12 25 330
11 44 19 32 -10 33 0 0.00 M M 5.3 12 190 M M 0 16 310
12 53 21 37 -5 28 0 0.00 M M 4.9 12 190 M M 0 13 200
13 56 24 40 -2 25 0 0.00 M M 5.2 14 230 M M 0 17 230
14 57 26 42 0 23 0 0.00 M M 5.3 14 240 M M 0 17 240
15 56 27 42 0 23 0 0.00 M M 7.8 20 240 M M 0 26 240
16 59 27 43 1 22 0 0.00 M M 5.1 14 310 M M 0 19 360
17 64 29 47 5 18 0 0.00 M M 4.9 12 230 M M 0 16 230
18 61 34 48 6 17 0 0.00 M M 6.1 16 220 M M 0 23 220
19 62 32 47 4 18 0 0.00 M M 7.9 20 220 M M 1 27 190
20 64 34 49 6 16 0 0.00 M M 9.0 21 210 M M 0 30 220
21 53 41 47 4 18 0 0.03 M M 6.5 22 260 M M 4 1 30 270
22 57 29 43 0 22 0 0.00 M M 4.6 12 340 M M 1 12 20 340
23 61 29 45 2 20 0 0.00 M M 4.6 14 140 M M 0 19 80
24 66 32 49 5 16 0 0.00 M M 4.4 13 130 M M 0 18 130
25 67 36 52 8 13 0 0.00 M M 4.9 20 230 M M 3 30 220
26 62 48 55 11 10 0 0.00 M M 9.9 21 220 M M 3 30 220
27 60 39 50 6 15 0 0.00 M M 9.8 25 220 M M 3 39 220
28 60 29 45 1 20 0 0.00 M M 3.9 13 150 M M 0 23 120
29 60 30 45 1 20 0 0.00 M M 6.6 18 240 M M 0 25 240
================================================================================
SM 1585 869 651 0 1.78 M 203.1 M 76
================================================================================
AV 54.7 30.0 7.0 FASTST M M 3 MAX(MPH)
MISC ----> 35 190 56 180
================================================================================
NOTES:
# LAST OF SEVERAL OCCURRENCES
COLUMN 17 PEAK WIND IN M.P.H.
PRELIMINARY LOCAL CLIMATOLOGICAL DATA (WS FORM: F-6) , PAGE 2
STATION: PRESCOTT AZ AIRPORT
MONTH: FEBRUARY
YEAR: 2024
LATITUDE: 34 39 N
LONGITUDE: 112 26 W
[TEMPERATURE DATA] [PRECIPITATION DATA] SYMBOLS USED IN COLUMN 16
AVERAGE MONTHLY: 42.3 TOTAL FOR MONTH: 1.78 1 = FOG OR MIST
DPTR FM NORMAL: 0.0 DPTR FM NORMAL: 0.50 2 = FOG REDUCING VISIBILITY
HIGHEST: 67 ON 25 GRTST 24HR 1.00 ON 6- 7 TO 1/4 MILE OR LESS
LOWEST: 15 ON 9 3 = THUNDER
SNOW, ICE PELLETS, HAIL 4 = ICE PELLETS
TOTAL MONTH: M 5 = HAIL
GRTST 24HR M ON M 6 = FREEZING RAIN OR DRIZZLE
GRTST DEPTH: M ON M 7 = DUSTSTORM OR SANDSTORM:
VSBY 1/2 MILE OR LESS
8 = SMOKE OR HAZE
[NO. OF DAYS WITH] [WEATHER - DAYS WITH] 9 = BLOWING SNOW
X = TORNADO
MAX 32 OR BELOW: 0 0.01 INCH OR MORE: 6
MAX 90 OR ABOVE: 0 0.10 INCH OR MORE: 5
MIN 32 OR BELOW: 20 0.50 INCH OR MORE: 1
MIN 0 OR BELOW: 0 1.00 INCH OR MORE: 0
[HDD (BASE 65) ]
TOTAL THIS MO. 651 CLEAR (SCALE 0-3) 20
DPTR FM NORMAL 14 PTCLDY (SCALE 4-7) 5
TOTAL FM JUL 1 2789 CLOUDY (SCALE 8-10) 4
DPTR FM NORMAL -280
[CDD (BASE 65) ]
TOTAL THIS MO. 0
DPTR FM NORMAL 0 [PRESSURE DATA]
TOTAL FM JAN 1 0 HIGHEST SLP M ON M
DPTR FM NORMAL 0 LOWEST SLP 29.52 ON 6
[REMARKS]
#FINAL-02-24#