000
CXUS51 KALY 021356
CLSPSF
CLIMATE REPORT
NATIONAL WEATHER SERVICE ALBANY NY
856 AM EST FRI DEC 02 2022
...................................
...THE PITTSFIELD MA CLIMATE SUMMARY FOR THE SEASON, FROM
9/1/2022 TO 11/30/2022...
CLIMATE NORMAL PERIOD: 1991 TO 2020
CLIMATE RECORD PERIOD: 9999 TO 9999
WEATHER OBSERVED NORMAL DEPART LAST YEAR`S
VALUE DATE(S) VALUE FROM VALUE DATE(S)
NORMAL
................................................................
TEMPERATURE (F)
HIGHEST 83 09/04 82 09/15
LOWEST 14 11/21 14 11/30
AVG. MAXIMUM 60.3 58.5 1.8 59.8
AVG. MINIMUM 39.8 38.8 1.0 41.6
MEAN 50.0 48.7 1.3 50.7
DAYS MAX >= 90 0 0.1 -0.1 0
DAYS MAX <= 32 1 2.0 -1.0 3
DAYS MIN <= 32 30 27.4 2.6 26
DAYS MIN <= 0 0 0.0 0.0 0
PRECIPITATION (INCHES)
TOTALS 13.03 12.58 0.45 17.46
DAILY AVG. 0.14 0.19
DAYS >= .01 35 37
DAYS >= .10 24 26
DAYS >= .50 11 10
DAYS >= 1.00 4 4
GREATEST
24 HR. TOTAL 2.29 09/05 TO 09/06
DEGREE DAYS
HEATING TOTAL 1367 1519 -152 1312
SINCE 7/1 1373 1582 -209
COOLING TOTAL 19 31 -12 30
SINCE 1/1 273 345 -72
................................................................
WIND (MPH)
AVERAGE WIND SPEED 5.8
HIGHEST WIND SPEED/DIRECTION 40/260 DATE 11/12
HIGHEST GUST SPEED/DIRECTION 54/270 DATE 11/12
WEATHER CONDITIONS. NUMBER OF DAYS WITH
THUNDERSTORM 5 MIXED PRECIP 0
HEAVY RAIN 10 RAIN 20
LIGHT RAIN 35 FREEZING RAIN 1
LT FREEZING RAIN 2 HAIL 0
HEAVY SNOW 0 SNOW 1
LIGHT SNOW 4 SLEET 0
FOG 56 FOG W/VIS <= 1/4 MILE 12
HAZE 4
- INDICATES NEGATIVE NUMBERS.
R INDICATES RECORD WAS SET OR TIED.
MM INDICATES DATA IS MISSING.
T INDICATES TRACE AMOUNT.
$$