000
CXUS56 KSGX 011045
CF6PSP
PRELIMINARY LOCAL CLIMATOLOGICAL DATA (WS FORM: F-6)
STATION: PALM SPRINGS INTL AIRPORT CA
MONTH: JUNE
YEAR: 2022
LATITUDE: 33 49 N
LONGITUDE: 116 30 W
TEMPERATURE IN F: :PCPN: SNOW: WIND :SUNSHINE: SKY :PK WND
================================================================================
1 2 3 4 5 6A 6B 7 8 9 10 11 12 13 14 15 16 17 18
12Z AVG MX 2MIN
DY MAX MIN AVG DEP HDD CDD WTR SNW DPTH SPD SPD DIR MIN PSBL S-S WX SPD DR
================================================================================
1 104 73 89 5 0 24 0.00 M M 6.2 20 320 M M 0 25 320
2 105 74 90 5 0 25 0.00 M M 8.1 26 330 M M 0 33 330
3 103 73 88 3 0 23 0.00 M M 6.8 22 320 M M 0 30 340
4 101 73 87 2 0 22 0.00 M M 8.3 28 320 M M 0 34 320
5 101 72 87 2 0 22 0.00 M M 9.8 29 340 M M 0 36 310
6 105 75 90 4 0 25 0.00 M M 9.4 23 320 M M 0 29 320
7 106 78 92 6 0 27 0.00 M M 5.8 20 320 M M 0 24 310
8 105 80 93 7 0 28 0.00 M M 5.5 14 110 M M 0 18 50
9 106 80 93 7 0 28 0.00 M M 5.8 15 90 M M 0 19 80
10 111 83 97 10 0 32 0.00 M M 6.0 15 120 M M 0 19 110
11 114 83 99 12 0 34 0.00 M M 8.6 26 330 M M 0 32 320
12 112 79 96 9 0 31 0.00 M M 9.2 30 320 M M 0 36 340
13 103 78 91 3 0 26 0.00 M M 12.3 29 330 M M 0 38 300
14 106 75 91 3 0 26 0.00 M M 8.7 20 320 M M 0 26 320
15 109 77 93 5 0 28 0.00 M M 5.1 16 110 M M 0 20 110
16 109 81 95 7 0 30 0.00 M M 8.3 25 330 M M 0 30 330
17 103 77 90 1 0 25 0.00 M M 7.2 28 330 M M 0 39 330
18 96 69 83 -6 0 18 0.00 M M 12.5 30 340 M M 0 36 350
19 99 65 82 -7 0 17 0.00 M M 7.6 21 320 M M 0 25 320
20 104 71 88 -1 0 23 0.00 M M 6.2 14 110 M M 0 19 120
21 107 76 92 2 0 27 0.00 M M 7.9 16 100 M M 0 22 90
22 102 83 93 3 0 28 0.03 M M 7.3 25 250 M M 1 3 34 250
23 110 82 96 6 0 31 0.00 M M 7.3 23 330 M M 0 28 330
24 111 81 96 6 0 31 0.00 M M 6.3 21 330 M M 0 27 320
25 111 77 94 3 0 29 0.00 M M 3.8 23 320 M M 0 34 320
26 108 79 94 3 0 29 0.00 M M 7.4 22 120 M M 0 27 120
27 106 85 96 5 0 31 0.00 M M 5.1 16 100 M M 4 8 23 110
28 113 88 101 10 0 36 0.00 M M 9.3 25 330 M M 0 31 320
29 113 84 99 7 0 34 0.00 M M 7.5 26 330 M M 0 36 350
30 112 84 98 6 0 33 0.00 M M 6.2 24 340 M M 0 28 320
================================================================================
SM 3195 2335 0 823 0.03 M 225.5 M 5
================================================================================
AV106.5 77.8 7.5 FASTST M M 0 MAX(MPH)
MISC ----> # 30 320 39 330
================================================================================
NOTES:
# LAST OF SEVERAL OCCURRENCES
COLUMN 17 PEAK WIND IN M.P.H.
PRELIMINARY LOCAL CLIMATOLOGICAL DATA (WS FORM: F-6) , PAGE 2
STATION: PALM SPRINGS INTL AIRPORT CA
MONTH: JUNE
YEAR: 2022
LATITUDE: 33 49 N
LONGITUDE: 116 30 W
[TEMPERATURE DATA] [PRECIPITATION DATA] SYMBOLS USED IN COLUMN 16
AVERAGE MONTHLY: 92.2 TOTAL FOR MONTH: 0.03 1 = FOG OR MIST
DPTR FM NORMAL: 4.0 DPTR FM NORMAL: 0.03 2 = FOG REDUCING VISIBILITY
HIGHEST: 114 ON 11 GRTST 24HR 0.03 ON 22-22 TO 1/4 MILE OR LESS
LOWEST: 65 ON 19 3 = THUNDER
SNOW, ICE PELLETS, HAIL 4 = ICE PELLETS
TOTAL MONTH: M 5 = HAIL
GRTST 24HR M ON M 6 = FREEZING RAIN OR DRIZZLE
GRTST DEPTH: M ON M 7 = DUSTSTORM OR SANDSTORM:
VSBY 1/2 MILE OR LESS
8 = SMOKE OR HAZE
[NO. OF DAYS WITH] [WEATHER - DAYS WITH] 9 = BLOWING SNOW
X = TORNADO
MAX 32 OR BELOW: 0 0.01 INCH OR MORE: 1
MAX 90 OR ABOVE: 30 0.10 INCH OR MORE: 0
MIN 32 OR BELOW: 0 0.50 INCH OR MORE: 0
MIN 0 OR BELOW: 0 1.00 INCH OR MORE: 0
[HDD (BASE 65) ]
TOTAL THIS MO. 0 CLEAR (SCALE 0-3) 29
DPTR FM NORMAL 0 PTCLDY (SCALE 4-7) 1
TOTAL FM JUL 1 468 CLOUDY (SCALE 8-10) 0
DPTR FM NORMAL -233
[CDD (BASE 65) ]
TOTAL THIS MO. 823
DPTR FM NORMAL 129 [PRESSURE DATA]
TOTAL FM JAN 1 1954 HIGHEST SLP 30.04 ON 27
DPTR FM NORMAL 350 LOWEST SLP 29.58 ON 16
[REMARKS]
#FINAL-06-22#