000
CXUS55 KPUB 021435
CLAPUB
CLIMATE REPORT
NATIONAL WEATHER SERVICE
735 AM MST MON JAN 02 2023
...................................
...THE PUEBLO CO CLIMATE SUMMARY FOR THE YEAR OF 2022...
CLIMATE NORMAL PERIOD 1991 TO 2020
CLIMATE RECORD PERIOD 1888 TO 2023
WEATHER OBSERVED NORMAL DEPART
VALUE DATE(S) VALUE FROM
NORMAL
................................................
TEMPERATURE (F)
RECORD
HIGH 109 07/13/2003
LOW -31 02/01/1951
HIGHEST 108 07/23
LOWEST -15 12/22
AVG. MAXIMUM 70.6 69.5 1.1
AVG. MINIMUM 35.7 37.0 -1.3
MEAN 53.2 53.2 -0.0
DAYS MAX >= 90 91
DAYS MAX <= 32 17
DAYS MIN <= 32 162
DAYS MIN <= 0 11
PRECIPITATION (INCHES)
RECORD
MAXIMUM 23.09 1957
MINIMUM 3.94 2002
TOTALS 9.39 12.02 -2.63
DAILY AVG. 0.03 0.03 -0.00
DAYS >= .01 65
DAYS >= .10 28
DAYS >= .50 3
DAYS >= 1.00 1
GREATEST
24 HR. TOTAL 1.21 07/24 TO 07/25
07/25 TO 07/26
SNOWFALL (INCHES)
RECORDS
MAXIMUM 72.4 1990
MINIMUM 6.9 1977
TOTALS 30.1 28.3 1.8
SINCE 7/1 5.4 10.8 -5.4
SNOWDEPTH AVG. 0
DAYS >= TRACE 46 20.3 25.7
DAYS >= 1.0 11 9.1 1.9
GREATEST
SNOW DEPTH 5 03/07
24 HR TOTAL 5.8 03/06 TO 03/07
DEGREE DAYS
HEATING TOTAL 5550 5334 216
SINCE 7/1 2278 2223 55
COOLING TOTAL 1361 1078 283
SINCE 1/1 1361 1079 282
FREEZE DATES
RECORD
EARLIEST 09/09/2020
09/09/2001
LATEST 06/02/1919
EARLIEST 10/18
LATEST 05/03
................................................
WIND (MPH)
AVERAGE WIND SPEED 8.1
RESULTANT WIND SPEED/DIRECTION 1/030
HIGHEST WIND SPEED/DIRECTION 49/280 DATE 04/22
HIGHEST GUST SPEED/DIRECTION 68/290 DATE 05/27
SKY COVER
POSSIBLE SUNSHINE (PERCENT) MM
AVERAGE SKY COVER 0.17
NUMBER OF DAYS FAIR 297
NUMBER OF DAYS PC 45
NUMBER OF DAYS CLOUDY 23
AVERAGE RH (PERCENT) 48
WEATHER CONDITIONS. NUMBER OF DAYS WITH
THUNDERSTORM 32 MIXED PRECIP 2
HEAVY RAIN 15 RAIN 24
LIGHT RAIN 81 FREEZING RAIN 0
LT FREEZING RAIN 0 HAIL 1
HEAVY SNOW 5 SNOW 12
LIGHT SNOW 45 SLEET 1
FOG 59 FOG W/VIS <= 1/4 MILE 12
HAZE 20
- INDICATES NEGATIVE NUMBERS.
R INDICATES RECORD WAS SET OR TIED.
MM INDICATES DATA IS MISSING.
T INDICATES TRACE AMOUNT.
$$