000
CXUS51 KBOX 010810
CF6PVD
PRELIMINARY LOCAL CLIMATOLOGICAL DATA (WS FORM: F-6)
STATION: PROVIDENCE RI
MONTH: MARCH
YEAR: 2024
LATITUDE: 41 43 N
LONGITUDE: 71 26 W
TEMPERATURE IN F: :PCPN: SNOW: WIND :SUNSHINE: SKY :PK WND
================================================================================
1 2 3 4 5 6A 6B 7 8 9 10 11 12 13 14 15 16 17 18
12Z AVG MX 2MIN
DY MAX MIN AVG DEP HDD CDD WTR SNW DPTH SPD SPD DIR MIN PSBL S-S WX SPD DR
================================================================================
1 42 22 32 -3 33 0 0.00 0.0 0 7.8 17 200 M M 4 24 300
2 50 31 41 6 24 0 1.83 0.0 0 7.8 28 140 M M 9 1 47 130
3 63 45 54 19 11 0 0.12 0.0 0 7.6 20 360 M M 8 12 28 350
4 58 38 48 12 17 0 0.00 0.0 0 8.5 17 50 M M 6 1 24 50
5 46 39 43 7 22 0 0.35 0.0 0 7.5 13 200 M M 10 1 17 200
6 49 44 47 11 18 0 0.86 0.0 0 5.8 14 160 M M 10 1 17 170
7 48 41 45 9 20 0 0.95 0.0 0 17.6 29 30 M M 10 1 41 360
8 51 32 42 5 23 0 0.00 0.0 0 12.6 23 10 M M 3 33 360
9 42 29 36 -1 29 0 0.72 0.0 0 8.2 17 130 M M 8 1 25 130
10 51 37 44 7 21 0 1.60 0.0 0 15.3 26 280 M M 9 1 40 290
11 45 31 38 1 27 0 T T 0 19.9 32 310 M M 6 52 290
12 58 35 47 9 18 0 0.00 0.0 0 9.3 25 290 M M 1 39 320
13 57 29 43 5 22 0 T 0.0 0 6.1 18 150 M M 3 23 160
14 64 36 50 12 15 0 T 0.0 0 3.8 13 150 M M 5 17 150
15 55 39 47 9 18 0 0.02 0.0 0 9.2 22 350 M M 8 1 27 340
16 57 36 47 8 18 0 0.00 0.0 0 7.5 20 220 M M 5 26 210
17 61 39 50 11 15 0 0.06 0.0 0 11.0 25 250 M M 8 1 35 270
18 52 35 44 5 21 0 T 0.0 0 9.6 20 290 M M 6 29 330
19 48 33 41 1 24 0 0.00 0.0 0 10.5 22 310 M M 5 30 290
20 53 31 42 2 23 0 0.12 0.0 0 12.1 29 220 M M 8 1 38 210
21 41 28 35 -5 30 0 0.00 0.0 0 17.6 30 290 M M 1 46 300
22 43 23 33 -8 32 0 T 0.0 0 8.5 17 290 M M 5 23 300
23 53 34 44 3 21 0 3.09 0.0 0 10.7 29 260 M M 10 1 47 250
24 44 27 36 -5 29 0 0.00 0.0 0 13.4 25 10 M M 5 38 350
25 45 32 39 -3 26 0 0.00 0.0 0 17.4 29 20 M M 6 38 20
26 41 35 38 -4 27 0 T 0.0 0 16.6 24 40 M M 10 1 34 30
27 58 38 48 6 17 0 0.03 0.0 0 5.9 12 30 M M 10 1 17 350
28 52 45 49 7 16 0 1.84 0.0 0 5.9 17 350 M M 10 1 26 360
29 53 38 46 3 19 0 0.46 0.0 0 16.4 29 310 M M 8 1 44 320
30 57 38 48 5 17 0 0.00 0.0 0 12.4 24 290 M M 5 38 290
31 60 40 50 6 15 0 T 0.0 0 7.7 21 280 M M 6 27 280
================================================================================
SM 1597 1080 668 0 12.05 T 330.2 M 208
================================================================================
AV 51.5 34.8 10.7 FASTST M M 7 MAX(MPH)
MISC ----> 32 310 52 290
================================================================================
NOTES:
# LAST OF SEVERAL OCCURRENCES
COLUMN 17 PEAK WIND IN M.P.H.
PRELIMINARY LOCAL CLIMATOLOGICAL DATA (WS FORM: F-6) , PAGE 2
STATION: PROVIDENCE RI
MONTH: MARCH
YEAR: 2024
LATITUDE: 41 43 N
LONGITUDE: 71 26 W
[TEMPERATURE DATA] [PRECIPITATION DATA] SYMBOLS USED IN COLUMN 16
AVERAGE MONTHLY: 43.2 TOTAL FOR MONTH: 12.05 1 = FOG OR MIST
DPTR FM NORMAL: 4.3 DPTR FM NORMAL: 7.15 2 = FOG REDUCING VISIBILITY
HIGHEST: 64 ON 14 GRTST 24HR 3.09 ON 22-23 TO 1/4 MILE OR LESS
LOWEST: 22 ON 1 3 = THUNDER
SNOW, ICE PELLETS, HAIL 4 = ICE PELLETS
TOTAL MONTH: T 5 = HAIL
GRTST 24HR T ON 11-11 6 = FREEZING RAIN OR DRIZZLE
GRTST DEPTH: 0 7 = DUSTSTORM OR SANDSTORM:
VSBY 1/2 MILE OR LESS
8 = SMOKE OR HAZE
[NO. OF DAYS WITH] [WEATHER - DAYS WITH] 9 = BLOWING SNOW
X = TORNADO
MAX 32 OR BELOW: 0 0.01 INCH OR MORE: 14
MAX 90 OR ABOVE: 0 0.10 INCH OR MORE: 11
MIN 32 OR BELOW: 11 0.50 INCH OR MORE: 7
MIN 0 OR BELOW: 0 1.00 INCH OR MORE: 4
[HDD (BASE 65) ]
TOTAL THIS MO. 668 CLEAR (SCALE 0-3) 4
DPTR FM NORMAL -140 PTCLDY (SCALE 4-7) 17
TOTAL FM JUL 1 4327 CLOUDY (SCALE 8-10) 10
DPTR FM NORMAL -425
[CDD (BASE 65) ]
TOTAL THIS MO. 0
DPTR FM NORMAL 0 [PRESSURE DATA]
TOTAL FM JAN 1 0 HIGHEST SLP 30.63 ON 1
DPTR FM NORMAL 0 LOWEST SLP 29.24 ON 10
[REMARKS]
#FINAL-03-24#