000
CXUS54 KOUN 010810
CF6PWA
PRELIMINARY LOCAL CLIMATOLOGICAL DATA (WS FORM: F-6)
STATION: BETHANY/WILEY POST
MONTH: MAY
YEAR: 2021
LATITUDE: 35 31 N
LONGITUDE: 97 38 W
TEMPERATURE IN F: :PCPN: SNOW: WIND :SUNSHINE: SKY :PK WND
================================================================================
1 2 3 4 5 6A 6B 7 8 9 10 11 12 13 14 15 16 17 18
12Z AVG MX 2MIN
DY MAX MIN AVG DEP HDD CDD WTR SNW DPTH SPD SPD DIR MIN PSBL S-S WX SPD DR
================================================================================
1 75 53 64 -1 1 0 0.00 M M 10.8 21 180 M M 4 18 24 190
2 78 62 70 5 0 5 T M M 13.1 18 180 M M 7 18 23 170
3 69 64 67 2 0 2 T M M 11.7 17 20 M M 7 8 22 20
4 M M M M M M M M M M M M M M M M M
5 76 44 60 -6 5 0 0.02 M M 4.2 13 40 M M 2 19 50
6 78 55 67 1 0 2 0.00 M M 8.6 18 10 M M 0 23 30
7 82 56 69 2 0 4 0.02 M M 15.0 29 170 M M 1 38 170
8 85 66 76 9 0 11 0.00 M M 22.2 33 180 M M 0 42 170
9 78 54 66 -1 0 1 0.00 M M 19.3 29 360 M M 5 37 340
10 67 52 60 -8 5 0 0.00 M M 13.4 22 40 M M 9 27 50
11 60 52 56 -12 9 0 0.18 M M 13.5 25 50 M M 10 13 29 50
12 69 49 59 -9 6 0 0.00 M M 8.8 16 30 M M 7 20 30
13 73 47 60 -9 5 0 0.00 M M 4.6 12 160 M M 1 16 160
14 78 51 65 -4 0 0 T M M 16.0 26 150 M M 2 33 150
15 82 62 72 2 0 7 0.00 M M 16.0 24 190 M M 5 32 150
16 71 60 66 -4 0 1 0.31 M M 9.4 20 170 M M 4 13 25 170
17 78 60 69 -1 0 4 0.00 M M 4.1 14 90 M M 6 18 17 60
18 78 62 70 0 0 5 0.00 M M 9.7 23 350 M M 3 28 320
19 79 63 71 0 0 6 0.47 M M 9.5 16 100 M M 5 13 23 100
20 77 66 72 1 0 7 0.00 M M 9.5 21 150 M M 3 26 150
21 84 68 76 4 0 11 0.02 M M 14.5 22 140 M M 9 8 28 170
22 81 70 76 4 0 11 0.05 M M 12.5 20 160 M M 9 1 26 160
23 75 65 70 -2 0 5 0.06 M M 12.6 23 160 M M 7 18 29 160
24 73 65 69 -3 0 4 0.03 M M 12.8 24 160 M M 8 18 30 150
25 78 66 72 -1 0 7 T M M 10.1 18 180 M M 5 24 150
26 89 66 78 5 0 13 0.00 M M 11.2 23 160 M M 5 12 28 150
27 87 67 77 3 0 12 1.27 M M 13.5 43 40 M M 7 123 51 40
28 75 57 66 -8 0 1 0.00 M M 10.9 20 10 M M 0 26 10
29 75 55 65 -9 0 0 0.00 M M 11.1 18 60 M M 2 22 80
30 77 56 67 -7 0 2 0.00 M M 10.4 17 130 M M 4 21 120
31 67 59 63 -12 2 0 1.65 0.0 M 11.8 21 130 M M 9 18 28 130
================================================================================
SM 2294 1772 33 121 4.08 0.0 350.8 M 146
================================================================================
AV 76.5 59.1 11.7 FASTST M M 5 MAX(MPH)
MISC ----> 43 40 51 40
================================================================================
NOTES:
# LAST OF SEVERAL OCCURRENCES
COLUMN 17 PEAK WIND IN M.P.H.
PRELIMINARY LOCAL CLIMATOLOGICAL DATA (WS FORM: F-6) , PAGE 2
STATION: BETHANY/WILEY POST
MONTH: MAY
YEAR: 2021
LATITUDE: 35 31 N
LONGITUDE: 97 38 W
[TEMPERATURE DATA] [PRECIPITATION DATA] SYMBOLS USED IN COLUMN 16
AVERAGE MONTHLY: 67.8 TOTAL FOR MONTH: 4.08 1 = FOG OR MIST
DPTR FM NORMAL: -1.9 DPTR FM NORMAL: -0.18 2 = FOG REDUCING VISIBILITY
HIGHEST: 89 ON 26 GRTST 24HR 1.65 ON 31-31 TO 1/4 MILE OR LESS
LOWEST: 44 ON 5 3 = THUNDER
SNOW, ICE PELLETS, HAIL 4 = ICE PELLETS
TOTAL MONTH: 0.0 INCH 5 = HAIL
GRTST 24HR 0.0 6 = FREEZING RAIN OR DRIZZLE
GRTST DEPTH: M ON M 7 = DUSTSTORM OR SANDSTORM:
VSBY 1/2 MILE OR LESS
8 = SMOKE OR HAZE
[NO. OF DAYS WITH] [WEATHER - DAYS WITH] 9 = BLOWING SNOW
X = TORNADO
MAX 32 OR BELOW: 0 0.01 INCH OR MORE: 11
MAX 90 OR ABOVE: 0 0.10 INCH OR MORE: 5
MIN 32 OR BELOW: 0 0.50 INCH OR MORE: 2
MIN 0 OR BELOW: 0 1.00 INCH OR MORE: 2
[HDD (BASE 65) ]
TOTAL THIS MO. 33 CLEAR (SCALE 0-3) 10
DPTR FM NORMAL -7 PTCLDY (SCALE 4-7) 15
TOTAL FM JUL 1 3429 CLOUDY (SCALE 8-10) 6
DPTR FM NORMAL 1
[CDD (BASE 65) ]
TOTAL THIS MO. 121
DPTR FM NORMAL -67 [PRESSURE DATA]
TOTAL FM JAN 1 167 HIGHEST SLP M ON M
DPTR FM NORMAL -88 LOWEST SLP 29.43 ON 2
[REMARKS]
#FINAL-05-21#