000
CXUS54 KFWD 010831
CF6PWG
PRELIMINARY LOCAL CLIMATOLOGICAL DATA (WS FORM: F-6)
STATION: WACO MCGREGOR
MONTH: FEBRUARY
YEAR: 2023
LATITUDE: 31 28 N
LONGITUDE: 97 19 W
TEMPERATURE IN F: :PCPN: SNOW: WIND :SUNSHINE: SKY :PK WND
================================================================================
1 2 3 4 5 6A 6B 7 8 9 10 11 12 13 14 15 16 17 18
12Z AVG MX 2MIN
DY MAX MIN AVG DEP HDD CDD WTR SNW DPTH SPD SPD DIR MIN PSBL S-S WX SPD DR
================================================================================
1 31 28 30 -17 35 0 0.05 M M 9.7 13 330 M M 9 146 M M
2 36 31 34 -13 31 0 0.76 M M 10.0 14 330 M M 10 16 M M
3 51 30 41 -6 24 0 0.00 M M 5.0 12 360 M M 4 1 M M
4 61 29 45 -3 20 0 0.00 M M 8.7 20 170 M M 3 12 25 180
5 73 38 56 8 9 0 0.00 M M 7.6 12 170 M M 1 12 M M
6 74 55 65 17 0 0 0.00 M M 17.5 30 170 M M 0 39 180
7 69 48 59 11 6 0 2.09 M M 9.9 23 350 M M 6 13 27 330
8 52 39 46 -2 19 0 0.06 M M 8.7 15 340 M M 8 1 23 290
9 72 35 54 6 11 0 0.00 M M 6.8 14 340 M M 0 20 340
10 51 36 44 -4 21 0 0.00 M M 13.5 24 320 M M 4 32 330
11 55 34 45 -4 20 0 0.00 M M 8.1 15 360 M M 2 M M
12 67 33 50 1 15 0 0.00 M M 7.1 12 200 M M 0 M M
13 66 39 53 4 12 0 T M M 8.7 22 150 M M 0 25 150
14 75 52 64 15 1 0 0.15 M M 13.7 24 150 M M 4 1 38 130
15 79 48 64 15 1 0 0.04 M M 13.4 25 160 M M 3 1 36 150
16 60 37 49 -1 16 0 0.05 M M 16.5 24 320 M M 5 32 320
17 52 30 41 -9 24 0 0.00 M M 9.4 17 10 M M 0 22 340
18 56 27 42 -8 23 0 0.00 M M 7.3 15 170 M M 0 21 170
19 72 44 58 8 7 0 0.00 M M 8.4 14 210 M M 0 17 220
20 84 56 70 20 0 5 0.00 M M 12.5 18 220 M M 0 25 210
21 84 57 71 20 0 6 0.00 M M 13.4 24 160 M M 0 36 170
22 83 59 71 20 0 6 0.17 M M 11.7 26 160 M M 0 18 38 160
23 67 50 59 8 6 0 T M M 13.0 21 20 M M 3 12 32 20
24 50 46 48 -3 17 0 T M M 11.7 15 350 M M 10 M M
25 52 41 47 -5 18 0 0.00 M M 7.4 14 350 M M 10 1 M M
26 80 49 65 13 0 0 0.00 M M 12.2 30 160 M M 6 12 38 170
27 78 51 65 13 0 0 0.00 M M 9.1 23 180 M M 1 8 35 180
28 89 49 69 17 0 4 0.00 M M 8.1 14 170 M M 0 8 M M
================================================================================
SM 1819 1171 336 21 3.37 M 289.2 M 89
================================================================================
AV 65.0 41.8 10.3 FASTST M M 3 MAX(MPH)
MISC ----> 30 160 39 180
================================================================================
NOTES:
# LAST OF SEVERAL OCCURRENCES
COLUMN 17 PEAK WIND IN M.P.H.
PRELIMINARY LOCAL CLIMATOLOGICAL DATA (WS FORM: F-6) , PAGE 2
STATION: WACO MCGREGOR
MONTH: FEBRUARY
YEAR: 2023
LATITUDE: 31 28 N
LONGITUDE: 97 19 W
[TEMPERATURE DATA] [PRECIPITATION DATA] SYMBOLS USED IN COLUMN 16
AVERAGE MONTHLY: 53.4 TOTAL FOR MONTH: 3.37 1 = FOG OR MIST
DPTR FM NORMAL: 4.0 DPTR FM NORMAL: 0.70 2 = FOG REDUCING VISIBILITY
HIGHEST: 89 ON 28 GRTST 24HR 2.09 ON 7- 7 TO 1/4 MILE OR LESS
LOWEST: 27 ON 18 3 = THUNDER
SNOW, ICE PELLETS, HAIL 4 = ICE PELLETS
TOTAL MONTH: M 5 = HAIL
GRTST 24HR M ON M 6 = FREEZING RAIN OR DRIZZLE
GRTST DEPTH: M ON M 7 = DUSTSTORM OR SANDSTORM:
VSBY 1/2 MILE OR LESS
8 = SMOKE OR HAZE
[NO. OF DAYS WITH] [WEATHER - DAYS WITH] 9 = BLOWING SNOW
X = TORNADO
MAX 32 OR BELOW: 1 0.01 INCH OR MORE: 8
MAX 90 OR ABOVE: 0 0.10 INCH OR MORE: 4
MIN 32 OR BELOW: 6 0.50 INCH OR MORE: 2
MIN 0 OR BELOW: 0 1.00 INCH OR MORE: 1
[HDD (BASE 65) ]
TOTAL THIS MO. 336 CLEAR (SCALE 0-3) 17
DPTR FM NORMAL -105 PTCLDY (SCALE 4-7) 7
TOTAL FM JUL 1 1546 CLOUDY (SCALE 8-10) 4
DPTR FM NORMAL -403
[CDD (BASE 65) ]
TOTAL THIS MO. 21
DPTR FM NORMAL 17 [PRESSURE DATA]
TOTAL FM JAN 1 34 HIGHEST SLP 30.62 ON 3
DPTR FM NORMAL 32 LOWEST SLP 29.50 ON 22
[REMARKS]
#FINAL-02-23#