846
CXUS53 KMKX 010910
CF6RAC
PRELIMINARY LOCAL CLIMATOLOGICAL DATA (WS FORM: F-6)
STATION: RACINE WI
MONTH: JULY
YEAR: 2020
LATITUDE: 42 45 N
LONGITUDE: 87 49 W
TEMPERATURE IN F: :PCPN: SNOW: WIND :SUNSHINE: SKY :PK WND
================================================================================
1 2 3 4 5 6A 6B 7 8 9 10 11 12 13 14 15 16 17 18
12Z AVG MX 2MIN
DY MAX MIN AVG DEP HDD CDD WTR SNW DPTH SPD SPD DIR MIN PSBL S-S WX SPD DR
================================================================================
1 83 67 75 4 0 10 0.00 0.0 0 6.5 14 140 M M 1 20 140
2 85 65 75 4 0 10 0.00 0.0 0 3.6 12 40 M M 0 15 40
3 88 66 77 6 0 12 0.00 0.0 0 5.2 12 40 M M 0 15 40
4 85 68 77 6 0 12 0.00 0.0 0 5.9 13 10 M M 0 18 17 360
5 87 66 77 6 0 12 0.04 0.0 0 3.6 12 50 M M 2 138 16 160
6 90 70 80 8 0 15 0.00 0.0 0 6.6 15 160 M M 1 20 160
7 93 70 82 10 0 17 0.16 0.0 0 6.6 35 300 M M 2 13 57 290
8 87 67 77 5 0 12 0.00 0.0 0 5.1 15 160 M M 1 1 20 170
9 88 70 79 7 0 14 3.88 0.0 0 5.9 33 150 M M 2 13 68 120
10 85 70 78 6 0 13 0.21 0.0 0 8.5 18 300 M M 6 1 28 310
11 84 68 76 4 0 11 0.00 0.0 0 7.3 16 270 M M 1 22 270
12 75 63 69 -3 0 4 0.00 0.0 0 9.2 18 50 M M 2 24 50
13 76 60 68 -4 0 3 0.00 0.0 0 4.9 15 110 M M 1 20 150
14 82 65 74 2 0 9 0.00 0.0 0 8.6 22 170 M M 0 32 170
15 83 69 76 4 0 11 0.57 0.0 0 7.6 18 50 M M 4 13 22 50
16 79 68 74 2 0 9 0.00 0.0 M 7.8 17 340 M M 4 23 360
17 86 65 76 4 0 11 0.00 0.0 0 6.7 16 170 M M 0 22 180
18 90 74 82 10 0 17 0.05 0.0 0 11.5 23 300 M M 1 3 37 280
19 83 69 76 4 0 11 T 0.0 0 9.2 18 230 M M 3 3 29 240
20 80 66 73 1 0 8 0.01 0.0 0 6.6 13 50 M M 2 15 100
21 77 66 72 0 0 7 T 0.0 0 7.0 15 110 M M 4 8 20 110
22 86 69 78 6 0 13 0.00 0.0 0 7.1 14 290 M M 6 19 290
23 78 62 70 -2 0 5 0.00 0.0 0 7.8 18 40 M M 5 24 70
24 81 62 72 0 0 7 0.00 0.0 0 6.0 10 110 M M 1 1 13 110
25 87 68 78 6 0 13 0.00 0.0 0 8.3 20 170 M M 0 1 25 160
26 95 74 85 13 0 20 0.56 0.0 0 11.2 25 310 M M 1 13 42 330
27 83 69 76 4 0 11 0.00 0.0 0 6.8 15 300 M M 3 22 300
28 87 65 76 4 0 11 0.00 0.0 0 9.0 17 220 M M 3 27 240
29 85 70 78 6 0 13 0.00 0.0 0 6.1 13 240 M M 1 21 240
30 78 66 72 0 0 7 0.00 0.0 0 9.7 18 30 M M 1 27 20
31 78 64 71 -1 0 6 0.00 0.0 0 8.3 15 30 M M 1 20 50
================================================================================
SM 2604 2081 0 334 5.48 0.0 224.2 M 59
================================================================================
AV 84.0 67.1 7.2 FASTST M M 2 MAX(MPH)
MISC ----> # 35 300 # 68 120
================================================================================
NOTES:
# LAST OF SEVERAL OCCURRENCES
COLUMN 17 PEAK WIND IN M.P.H.
PRELIMINARY LOCAL CLIMATOLOGICAL DATA (WS FORM: F-6) , PAGE 2
STATION: RACINE WI
MONTH: JULY
YEAR: 2020
LATITUDE: 42 45 N
LONGITUDE: 87 49 W
[TEMPERATURE DATA] [PRECIPITATION DATA] SYMBOLS USED IN COLUMN 16
AVERAGE MONTHLY: 75.6 TOTAL FOR MONTH: 5.48 1 = FOG OR MIST
DPTR FM NORMAL: 3.8 DPTR FM NORMAL: 1.74 2 = FOG REDUCING VISIBILITY
HIGHEST: 95 ON 26 GRTST 24HR 3.88 ON 9- 9 TO 1/4 MILE OR LESS
LOWEST: 60 ON 13 3 = THUNDER
SNOW, ICE PELLETS, HAIL 4 = ICE PELLETS
TOTAL MONTH: 0.0 INCH 5 = HAIL
GRTST 24HR 0.0 6 = FREEZING RAIN OR DRIZZLE
GRTST DEPTH: 0 7 = DUSTSTORM OR SANDSTORM:
VSBY 1/2 MILE OR LESS
8 = SMOKE OR HAZE
[NO. OF DAYS WITH] [WEATHER - DAYS WITH] 9 = BLOWING SNOW
X = TORNADO
MAX 32 OR BELOW: 0 0.01 INCH OR MORE: 8
MAX 90 OR ABOVE: 4 0.10 INCH OR MORE: 5
MIN 32 OR BELOW: 0 0.50 INCH OR MORE: 3
MIN 0 OR BELOW: 0 1.00 INCH OR MORE: 1
[HDD (BASE 65) ]
TOTAL THIS MO. 0 CLEAR (SCALE 0-3) 25
DPTR FM NORMAL -9 PTCLDY (SCALE 4-7) 6
TOTAL FM JUL 1 0 CLOUDY (SCALE 8-10) 0
DPTR FM NORMAL -9
[CDD (BASE 65) ]
TOTAL THIS MO. 334
DPTR FM NORMAL 113 [PRESSURE DATA]
TOTAL FM JAN 1 516 HIGHEST SLP 30.20 ON 24
DPTR FM NORMAL 172 LOWEST SLP 29.72 ON 19
[REMARKS]
#FINAL-07-20#