000
CXUS56 KSTO 011300
CF6RDD
PRELIMINARY LOCAL CLIMATOLOGICAL DATA (WS FORM: F-6)
STATION: REDDING CA AIRPORT AND CITY
MONTH: AUGUST
YEAR: 2023
LATITUDE: 40 30 N
LONGITUDE: 122 18 W
TEMPERATURE IN F: :PCPN: SNOW: WIND :SUNSHINE: SKY :PK WND
================================================================================
1 2 3 4 5 6A 6B 7 8 9 10 11 12 13 14 15 16 17 18
12Z AVG MX 2MIN
DY MAX MIN AVG DEP HDD CDD WTR SNW DPTH SPD SPD DIR MIN PSBL S-S WX SPD DR
================================================================================
1 100 65 83 0 0 18 0.00 0.0 M 5.2 14 190 M M 0 22 190
2 98 62 80 -3 0 15 0.00 0.0 M 4.7 14 180 M M 0 8 17 170
3 94 63 79 -4 0 14 0.00 0.0 M 5.8 14 160 M M 1 20 180
4 101 66 84 1 0 19 0.00 0.0 M 4.7 18 160 M M 0 M M
5 103 71 87 4 0 22 0.00 0.0 M 6.8 13 20 M M 0 18 360
6 104 81 93 10 0 28 0.00 0.0 M 11.1 20 20 M M 0 30 350
7 103 81 92 10 0 27 0.00 0.0 M 6.9 12 160 M M 0 18 340
8 97 72 85 3 0 20 0.00 0.0 M 6.7 16 190 M M 0 23 190
9 96 63 80 -2 0 15 0.00 0.0 M 3.9 14 170 M M 0 18 180
10 98 65 82 0 0 17 0.00 0.0 M 4.2 15 150 M M 0 17 140
11 97 64 81 -1 0 16 0.00 0.0 M 5.4 16 160 M M 0 20 150
12 103 68 86 4 0 21 0.00 0.0 M 3.6 17 160 M M 0 M M
13 112 71 92 10 0 27 0.00 0.0 M 5.8 20 180 M M 0 M M
14 106 74 90 9 0 25 0.00 0.0 M 6.4 21 170 M M 0 3 30 160
15 113 73 93 12 0 28 0.00 0.0 M 5.4 14 200 M M 0 20 120
16 112 77 95 14 0 30 0.00 0.0 M 3.9 10 20 M M 0 8 M M
17 107 82 95 14 0 30 0.00 0.0 M 5.2 15 320 M M 1 8 32 290
18 101 72 87 6 0 22 0.00 0.0 M 5.2 13 160 M M 0 8 17 180
19 102 72 87 7 0 22 0.00 0.0 M 4.2 15 170 M M 0 17 160
20 93 74 84 4 0 19 0.00 0.0 M 6.1 27 180 M M 1 35 170
21 82 69 76 -4 0 11 0.26 0.0 M 7.2 22 180 M M 8 1 37 170
22 87 67 77 -3 0 12 0.00 0.0 M 3.4 7 20 M M 6 1 M M
23 97 67 82 2 0 17 0.00 0.0 M 4.0 7 270 M M 0 M M
24 101 66 84 4 0 19 0.00 0.0 M 5.8 17 160 M M 0 21 160
25 96 68 82 2 0 17 0.00 0.0 M 4.0 14 140 M M 0 M M
26 97 62 80 1 0 15 0.00 0.0 M 4.9 14 140 M M 0 22 160
27 98 61 80 1 0 15 0.00 0.0 M 4.2 10 200 M M 0 M M
28 100 60 80 1 0 15 0.00 0.0 M 4.0 10 150 M M 0 8 M M
29 96 61 79 0 0 14 0.00 0.0 M 4.4 12 350 M M 5 8 M M
30 101 74 88 9 0 23 0.00 0.0 M 12.5 22 360 M M 0 32 360
31 94 62 78 -1 0 13 0.00 0.0 M 4.7 13 160 M M 1 8 M M
================================================================================
SM 3089 2133 0 606 0.26 0.0 170.2 M 23
================================================================================
AV 99.6 68.8 5.5 FASTST M M 1 MAX(MPH)
MISC ----> 27 180 37 170
================================================================================
NOTES:
# LAST OF SEVERAL OCCURRENCES
COLUMN 17 PEAK WIND IN M.P.H.
PRELIMINARY LOCAL CLIMATOLOGICAL DATA (WS FORM: F-6) , PAGE 2
STATION: REDDING CA AIRPORT AND CITY
MONTH: AUGUST
YEAR: 2023
LATITUDE: 40 30 N
LONGITUDE: 122 18 W
[TEMPERATURE DATA] [PRECIPITATION DATA] SYMBOLS USED IN COLUMN 16
AVERAGE MONTHLY: 84.2 TOTAL FOR MONTH: 0.26 1 = FOG OR MIST
DPTR FM NORMAL: 3.2 DPTR FM NORMAL: 0.13 2 = FOG REDUCING VISIBILITY
HIGHEST: 113 ON 15 GRTST 24HR 0.26 ON 21-21 TO 1/4 MILE OR LESS
LOWEST: 60 ON 28 3 = THUNDER
SNOW, ICE PELLETS, HAIL 4 = ICE PELLETS
TOTAL MONTH: 0.0 INCH 5 = HAIL
GRTST 24HR 0.0 6 = FREEZING RAIN OR DRIZZLE
GRTST DEPTH: M ON M 7 = DUSTSTORM OR SANDSTORM:
VSBY 1/2 MILE OR LESS
8 = SMOKE OR HAZE
[NO. OF DAYS WITH] [WEATHER - DAYS WITH] 9 = BLOWING SNOW
X = TORNADO
MAX 32 OR BELOW: 0 0.01 INCH OR MORE: 1
MAX 90 OR ABOVE: 29 0.10 INCH OR MORE: 1
MIN 32 OR BELOW: 0 0.50 INCH OR MORE: 0
MIN 0 OR BELOW: 0 1.00 INCH OR MORE: 0
[HDD (BASE 65) ]
TOTAL THIS MO. 0 CLEAR (SCALE 0-3) 28
DPTR FM NORMAL 0 PTCLDY (SCALE 4-7) 3
TOTAL FM JUL 1 0 CLOUDY (SCALE 8-10) 0
DPTR FM NORMAL 0
[CDD (BASE 65) ]
TOTAL THIS MO. 606
DPTR FM NORMAL 110 [PRESSURE DATA]
TOTAL FM JAN 1 1919 HIGHEST SLP 30.00 ON 27
DPTR FM NORMAL 290 LOWEST SLP 29.55 ON 21
[REMARKS]
#FINAL-08-23#