000
CXUS52 KRAH 310118
CF6RDU
PRELIMINARY LOCAL CLIMATOLOGICAL DATA (WS FORM: F-6)
STATION: RALEIGH NC
MONTH: JUNE
YEAR: 2021
LATITUDE: 35 52 N
LONGITUDE: 78 47 W
TEMPERATURE IN F: :PCPN: SNOW: WIND :SUNSHINE: SKY :PK WND
================================================================================
1 2 3 4 5 6A 6B 7 8 9 10 11 12 13 14 15 16 17 18
12Z AVG MX 2MIN
DY MAX MIN AVG DEP HDD CDD WTR SNW DPTH SPD SPD DIR MIN PSBL S-S WX SPD DR
================================================================================
1 83 53 68 -5 0 3 0.00 0.0 0 3.7 12 160 M M 7 15 230
2 81 60 71 -2 0 6 1.82 0.0 0 5.2 13 130 M M 9 13 18 140
3 79 68 74 0 0 9 2.04 0.0 0 6.2 17 190 M M 10 13 22 200
4 85 71 78 4 0 13 0.02 0.0 0 5.7 16 230 M M 9 1 19 230
5 89 67 78 4 0 13 0.00 0.0 0 2.6 10 220 M M 6 1 14 230
6 90 68 79 5 0 14 0.00 0.0 0 6.7 17 230 M M 6 3 25 230
7 89 72 81 6 0 16 0.00 0.0 0 8.3 15 280 M M 8 22 290
8 88 71 80 5 0 15 T 0.0 0 10.9 18 240 M M 8 24 200
9 89 71 80 5 0 15 0.00 0.0 0 7.8 17 240 M M 9 23 250
10 86 71 79 3 0 14 1.00 0.0 0 5.9 21 180 M M 10 13 25 200
11 89 72 81 5 0 16 0.11 0.0 0 6.5 15 230 M M 8 13 21 280
12 80 70 75 -1 0 10 0.03 0.0 0 7.3 16 60 M M 10 1 20 50
13 85 66 76 0 0 11 T 0.0 0 4.8 14 60 M M 6 1 17 60
14 90 67 79 3 0 14 0.00 0.0 0 5.4 13 230 M M 7 19 230
15 85 64 75 -2 0 10 0.00 0.0 0 5.2 14 40 M M 5 21 30
16 83 59 71 -6 0 6 0.00 0.0 0 3.3 13 270 M M 3 21 330
17 82 58 70 -7 0 5 0.00 0.0 0 3.5 14 40 M M 2 18 60
18 88 56 72 -6 0 7 0.00 0.0 0 5.4 16 230 M M 3 21 240
19 92 71 82 4 0 17 0.00 0.0 0 11.6 24 230 M M 6 32 230
20 82 71 77 -1 0 12 1.45 0.0 0 6.4 16 220 M M 9 1 21 210
21 91 72 82 4 0 17 0.00 0.0 0 9.4 22 230 M M 6 1 28 230
22 79 64 72 -6 0 7 1.03 0.0 0 8.6 22 230 M M 9 1 28 230
23 79 59 69 -9 0 4 0.00 0.0 0 5.6 15 90 M M 4 19 90
24 79 57 68 -11 0 3 0.00 0.0 0 6.9 16 70 M M 5 21 80
25 80 63 72 -7 0 7 0.04 0.0 0 4.4 13 110 M M 8 1 16 110
26 86 70 78 -1 0 13 0.03 0.0 0 4.6 15 180 M M 8 21 190
27 89 70 80 1 0 15 0.00 0.0 0 5.0 10 150 M M 5 1 14 160
28 90 67 79 0 0 14 0.00 0.0 0 4.8 15 120 M M 4 3 21 120
29 91 71 81 1 0 16 0.00 0.0 0 5.5 14 240 M M 5 16 230
30 92 73 83 3 0 18 0.00 0.0 0 8.8 16 220 M M 6 23 250
================================================================================
SM 2571 1992 0 340 7.57 0.0 186.0 M 201
================================================================================
AV 85.7 66.4 6.2 FASTST M M 7 MAX(MPH)
MISC ----> 24 230 32 230
================================================================================
NOTES:
# LAST OF SEVERAL OCCURRENCES
COLUMN 17 PEAK WIND IN M.P.H.
PRELIMINARY LOCAL CLIMATOLOGICAL DATA (WS FORM: F-6) , PAGE 2
STATION: RALEIGH NC
MONTH: JUNE
YEAR: 2021
LATITUDE: 35 52 N
LONGITUDE: 78 47 W
[TEMPERATURE DATA] [PRECIPITATION DATA] SYMBOLS USED IN COLUMN 16
AVERAGE MONTHLY: 76.1 TOTAL FOR MONTH: 7.57 1 = FOG OR MIST
DPTR FM NORMAL: -0.6 DPTR FM NORMAL: 3.68 2 = FOG REDUCING VISIBILITY
HIGHEST: 92 ON 30,19 GRTST 24HR 3.38 ON 2- 3 TO 1/4 MILE OR LESS
LOWEST: 53 ON 1 3 = THUNDER
SNOW, ICE PELLETS, HAIL 4 = ICE PELLETS
TOTAL MONTH: 0.0 INCH 5 = HAIL
GRTST 24HR 0.0 6 = FREEZING RAIN OR DRIZZLE
GRTST DEPTH: 0 7 = DUSTSTORM OR SANDSTORM:
VSBY 1/2 MILE OR LESS
8 = SMOKE OR HAZE
[NO. OF DAYS WITH] [WEATHER - DAYS WITH] 9 = BLOWING SNOW
X = TORNADO
MAX 32 OR BELOW: 0 0.01 INCH OR MORE: 10
MAX 90 OR ABOVE: 7 0.10 INCH OR MORE: 6
MIN 32 OR BELOW: 0 0.50 INCH OR MORE: 5
MIN 0 OR BELOW: 0 1.00 INCH OR MORE: 5
[HDD (BASE 65) ]
TOTAL THIS MO. 0 CLEAR (SCALE 0-3) 2
DPTR FM NORMAL -3 PTCLDY (SCALE 4-7) 17
TOTAL FM JUL 1 3011 CLOUDY (SCALE 8-10) 11
DPTR FM NORMAL -140
[CDD (BASE 65) ]
TOTAL THIS MO. 340
DPTR FM NORMAL -14 [PRESSURE DATA]
TOTAL FM JAN 1 558 HIGHEST SLP 30.34 ON 24
DPTR FM NORMAL -30 LOWEST SLP 29.69 ON 11
[REMARKS]
#FINAL-06-21#
CORRECTED TO REMOVE MISSING SNOW DEPTH.