000
CXUS52 KRAH 040511
CF6RDU
PRELIMINARY LOCAL CLIMATOLOGICAL DATA (WS FORM: F-6)
STATION: RALEIGH-DURHAM INTL AIRPORT NC
MONTH: JULY
YEAR: 2020
LATITUDE: 35 52 N
LONGITUDE: 78 47 W
TEMPERATURE IN F: :PCPN: SNOW: WIND :SUNSHINE: SKY :PK WND
================================================================================
1 2 3 4 5 6A 6B 7 8 9 10 11 12 13 14 15 16 17 18
12Z AVG MX 2MIN
DY MAX MIN AVG DEP HDD CDD WTR SNW DPTH SPD SPD DIR MIN PSBL S-S WX SPD DR
================================================================================
1 90 69 80 0 0 15 T 0.0 0 3.5 14 230 M M 6 3 16 230
2 90 70 80 0 0 15 0.00 0.0 0 5.4 14 40 M M 5 18 50
3 94 66 80 0 0 15 0.00 0.0 0 2.3 10 40 M M 3 14 40
4 94 68 81 1 0 16 0.07 0.0 0 3.4 18 220 M M 5 38 22 230
5 92 70 81 1 0 16 0.40 0.0 0 4.3 21 120 M M 6 13 27 140
6 92 68 80 0 0 15 T 0.0 0 5.4 13 150 M M 7 17 140
7 87 71 79 -1 0 14 T 0.0 0 5.1 17 190 M M 8 1 22 210
8 89 74 82 2 0 17 T 0.0 0 7.4 20 50 M M 8 28 50
9 90 73 82 2 0 17 T 0.0 0 7.4 20 80 M M 7 13 25 60
10 95 71 83 3 0 18 0.25 0.0 0 4.6 20 310 M M 5 13 29 310
11 92 70 81 1 0 16 0.02 0.0 0 5.2 14 240 M M 4 1 18 230
12 93 67 80 0 0 15 0.00 0.0 0 3.3 15 230 M M 4 20 260
13 92 68 80 0 0 15 0.08 0.0 0 4.4 17 110 M M 5 3 25 250
14 95 68 82 2 0 17 0.00 0.0 0 2.9 12 40 M M 3 16 50
15 94 71 83 3 0 18 0.00 0.0 0 4.7 13 160 M M 4 21 150
16 94 74 84 4 0 19 0.00 0.0 0 5.5 12 140 M M 5 17 130
17 95 73 84 4 0 19 0.96 0.0 0 6.2 18 270 M M 6 13 24 280
18 94 72 83 3 0 18 0.00 0.0 0 4.4 20 230 M M 5 3 28 240
19 95 72 84 4 0 19 0.00 0.0 0 7.1 16 230 M M 3 20 210
20 97 76 87 7 0 22 0.00 0.0 0 7.6 26 250 M M 5 36 240
21 97 74 86 6 0 21 0.00 0.0 0 9.1 21 230 M M 5 26 230
22 96 73 85 5 0 20 0.00 0.0 0 8.9 20 240 M M 5 24 240
23 95 73 84 4 0 19 0.36 0.0 0 6.3 17 230 M M 6 13 23 290
24 90 72 81 1 0 16 0.01 0.0 0 6.5 24 220 M M 9 3 30 230
25 94 71 83 3 0 18 0.38 0.0 0 4.2 16 100 M M 7 3 22 100
26 95 73 84 4 0 19 0.00 0.0 0 7.6 15 230 M M 3 19 230
27 96 74 85 5 0 20 0.00 0.0 0 7.2 17 230 M M 3 21 220
28 97 73 85 5 0 20 1.03 0.0 0 5.7 18 250 M M 5 13 26 260
29 92 72 82 2 0 17 0.59 0.0 0 5.1 18 40 M M 8 13 25 30
30 89 72 81 1 0 16 T 0.0 0 7.1 15 220 M M 6 1 27 200
31 92 77 85 5 0 20 0.00 0.0 0 9.0 20 240 M M 7 24 240
================================================================================
SM 2887 2215 0 542 4.15 0.0 176.8 M 168
================================================================================
AV 93.1 71.5 5.7 FASTST M M 5 MAX(MPH)
MISC ----> 26 250 36 240
================================================================================
NOTES:
# LAST OF SEVERAL OCCURRENCES
COLUMN 17 PEAK WIND IN M.P.H.
PRELIMINARY LOCAL CLIMATOLOGICAL DATA (WS FORM: F-6) , PAGE 2
STATION: RALEIGH-DURHAM INTL AIRPORT NC
MONTH: JULY
YEAR: 2020
LATITUDE: 35 52 N
LONGITUDE: 78 47 W
[TEMPERATURE DATA] [PRECIPITATION DATA] SYMBOLS USED IN COLUMN 16
AVERAGE MONTHLY: 82.3 TOTAL FOR MONTH: 4.15 1 = FOG OR MIST
DPTR FM NORMAL: 2.3 DPTR FM NORMAL: -0.58 2 = FOG REDUCING VISIBILITY
HIGHEST: 97 ON 28,21 GRTST 24HR 1.62 ON 28-29 TO 1/4 MILE OR LESS
LOWEST: 66 ON 3 3 = THUNDER
SNOW, ICE PELLETS, HAIL 4 = ICE PELLETS
TOTAL MONTH: 0.0 INCH 5 = HAIL
GRTST 24HR 0.0 6 = FREEZING RAIN OR DRIZZLE
GRTST DEPTH: 0 7 = DUSTSTORM OR SANDSTORM:
VSBY 1/2 MILE OR LESS
8 = SMOKE OR HAZE
[NO. OF DAYS WITH] [WEATHER - DAYS WITH] 9 = BLOWING SNOW
X = TORNADO
MAX 32 OR BELOW: 0 0.01 INCH OR MORE: 11
MAX 90 OR ABOVE: 28 0.10 INCH OR MORE: 7
MIN 32 OR BELOW: 0 0.50 INCH OR MORE: 3
MIN 0 OR BELOW: 0 1.00 INCH OR MORE: 1
[HDD (BASE 65) ]
TOTAL THIS MO. 0 CLEAR (SCALE 0-3) 4
DPTR FM NORMAL 0 PTCLDY (SCALE 4-7) 26
TOTAL FM JUL 1 0 CLOUDY (SCALE 8-10) 1
DPTR FM NORMAL 0
[CDD (BASE 65) ]
TOTAL THIS MO. 542
DPTR FM NORMAL 76 [PRESSURE DATA]
TOTAL FM JAN 1 1100 HIGHEST SLP 29.90 ON 31
DPTR FM NORMAL 78 LOWEST SLP 29.77 ON 31
[REMARKS]
#FINAL-07-20#