266
CXUS52 KRAH 172242
CF6RDU
PRELIMINARY LOCAL CLIMATOLOGICAL DATA (WS FORM: F-6)
STATION: RALEIGH-DURHAM INTL AIRPORT NC
MONTH: MARCH
YEAR: 2020
LATITUDE: 35 52 N
LONGITUDE: 78 47 W
TEMPERATURE IN F: :PCPN: SNOW: WIND :SUNSHINE: SKY :PK WND
================================================================================
1 2 3 4 5 6A 6B 7 8 9 10 11 12 13 14 15 16 17 18
12Z AVG MX 2MIN
DY MAX MIN AVG DEP HDD CDD WTR SNW DPTH SPD SPD DIR MIN PSBL S-S WX SPD DR
================================================================================
1 59 24 42 -6 23 0 0.00 0.0 0 5.3 14 220 M M 4 18 220
2 69 41 55 7 10 0 T 0.0 0 12.7 29 220 M M 7 38 220
3 63 53 58 10 7 0 0.21 0.0 0 10.7 23 220 M M 8 1 30 220
4 60 47 54 6 11 0 0.00 0.0 0 5.9 15 210 M M 7 1 19 250
5 56 45 51 3 14 0 0.05 0.0 0 4.8 18 90 M M 9 1 24 80
6 59 40 50 1 15 0 T 0.0 0 7.8 22 310 M M 7 1 36 320
7 54 34 44 -5 21 0 0.00 0.0 0 5.9 14 350 M M 2 23 360
8 63 28 46 -3 19 0 0.00 0.0 0 4.4 15 230 M M 3 18 230
9 69 37 53 3 12 0 0.00 0.0 0 11.3 24 230 M M 6 33 230
10 70 57 64 14 1 0 0.01 0.0 0 12.0 26 230 M M 9 36 230
11 76 54 65 15 0 0 T 0.0 0 4.6 15 230 M M 8 20 240
12 73 51 62 12 3 0 0.00 0.0 0 5.0 13 190 M M 7 12 17 200
13 75 63 69 18 0 4 0.07 0.0 0 8.9 17 210 M M 9 23 210
14 69 51 60 9 5 0 0.00 0.0 0 5.3 15 80 M M 9 18 90
15 60 48 54 3 11 0 T 0.0 0 9.5 18 40 M M 10 22 50
16 59 42 51 -1 14 0 T 0.0 0 4.5 14 50 M M 9 16 50
17 63 50 57 5 8 0 T 0.0 0 5.6 15 230 M M 8 1 20 240
18 68 46 57 5 8 0 0.00 0.0 0 5.8 16 70 M M 8 12 23 80
19 81 59 70 18 0 5 0.01 0.0 0 10.1 17 220 M M 8 1 22 230
20 86 66 76 23 0 11 T 0.0 0 13.9 28 220 M M 8 37 230
21 73 50 62 9 3 0 0.07 0.0 0 6.3 18 50 M M 10 1 24 90
22 58 46 52 -1 13 0 0.03 0.0 0 11.0 17 90 M M 9 1 22 80
23 50 44 47 -7 18 0 0.32 0.0 0 5.7 12 30 M M 9 1 16 20
24 55 50 53 -1 12 0 0.27 0.0 0 5.4 17 110 M M 10 12 22 110
25 57 45 51 -3 14 0 0.86 0.0 0 7.1 17 280 M M 9 13 25 280
26 61 47 54 0 11 0 0.00 0.0 0 5.2 15 230 M M 7 21 230
27 81 52 67 12 0 2 0.00 0.0 0 8.6 17 240 M M 8 24 230
28 89 62 76 21 0 11 0.00 0.0 0 7.2 20 230 M M 7 25 240
29 88 69 79 24 0 14 0.00 0.0 0 13.0 30 230 M M 7 36 240
30 77 62 70 14 0 5 0.00 0.0 0 7.2 18 280 M M 7 26 280
31 62 46 54 -2 11 0 0.23 0.0 0 9.5 18 90 M M 10 1 23 100
================================================================================
SM 2083 1509 264 52 2.13 0.0 240.2 M 239
================================================================================
AV 67.2 48.7 7.7 FASTST M M 8 MAX(MPH)
MISC ----> # 30 230 # 38 220
================================================================================
NOTES:
# LAST OF SEVERAL OCCURRENCES
COLUMN 17 PEAK WIND IN M.P.H.
PRELIMINARY LOCAL CLIMATOLOGICAL DATA (WS FORM: F-6) , PAGE 2
STATION: RALEIGH-DURHAM INTL AIRPORT NC
MONTH: MARCH
YEAR: 2020
LATITUDE: 35 52 N
LONGITUDE: 78 47 W
[TEMPERATURE DATA] [PRECIPITATION DATA] SYMBOLS USED IN COLUMN 16
AVERAGE MONTHLY: 57.9 TOTAL FOR MONTH: 2.13 1 = FOG OR MIST
DPTR FM NORMAL: 6.3 DPTR FM NORMAL: -1.98 2 = FOG REDUCING VISIBILITY
HIGHEST: 89 ON 28 GRTST 24HR 0.86 ON 25-25 TO 1/4 MILE OR LESS
LOWEST: 24 ON 1 3 = THUNDER
SNOW, ICE PELLETS, HAIL 4 = ICE PELLETS
TOTAL MONTH: 0.0 INCH 5 = HAIL
GRTST 24HR 0.0 6 = FREEZING RAIN OR DRIZZLE
GRTST DEPTH: 0 7 = DUSTSTORM OR SANDSTORM:
VSBY 1/2 MILE OR LESS
8 = SMOKE OR HAZE
[NO. OF DAYS WITH] [WEATHER - DAYS WITH] 9 = BLOWING SNOW
X = TORNADO
MAX 32 OR BELOW: 0 0.01 INCH OR MORE: 11
MAX 90 OR ABOVE: 0 0.10 INCH OR MORE: 5
MIN 32 OR BELOW: 2 0.50 INCH OR MORE: 1
MIN 0 OR BELOW: 0 1.00 INCH OR MORE: 0
[HDD (BASE 65) ]
TOTAL THIS MO. 264 CLEAR (SCALE 0-3) 2
DPTR FM NORMAL -160 PTCLDY (SCALE 4-7) 14
TOTAL FM JUL 1 2410 CLOUDY (SCALE 8-10) 15
DPTR FM NORMAL -586
[CDD (BASE 65) ]
TOTAL THIS MO. 52
DPTR FM NORMAL 41 [PRESSURE DATA]
TOTAL FM JAN 1 55 HIGHEST SLP M ON M
DPTR FM NORMAL 43 LOWEST SLP 29.65 ON 31
[REMARKS]
#FINAL-03-20#