000
CXUS56 KBOI 011002
CF6REO
PRELIMINARY LOCAL CLIMATOLOGICAL DATA (WS FORM: F-6)
STATION: ROME OR
MONTH: JANUARY
YEAR: 2021
LATITUDE: 42 35 N
LONGITUDE: 117 52 W
TEMPERATURE IN F: :PCPN: SNOW: WIND :SUNSHINE: SKY :PK WND
================================================================================
1 2 3 4 5 6A 6B 7 8 9 10 11 12 13 14 15 16 17 18
12Z AVG MX 2MIN
DY MAX MIN AVG DEP HDD CDD WTR SNW DPTH SPD SPD DIR MIN PSBL S-S WX SPD DR
================================================================================
1 44 17 31 3 34 0 0.00 M M 7.5 20 230 M M 0 29 240
2 46 26 36 8 29 0 0.00 M M 10.8 21 210 M M 0 28 220
3 53 36 45 17 20 0 0.00 M M 14.7 30 250 M M 0 41 230
4 52 33 43 15 22 0 0.11 M M 14.3 33 210 M M 0 45 180
5 45 24 35 6 30 0 0.00 M M 6.9 16 250 M M 0 20 250
6 45 23 34 5 31 0 0.00 M M 6.7 24 170 M M 0 34 170
7 46 22 34 5 31 0 0.00 M M 7.1 18 230 M M 0 24 230
8 36 18 27 -2 38 0 0.08 M M 4.8 17 280 M M 0 21 270
9 39 19 29 0 36 0 0.00 M M 4.5 14 320 M M 0 21 310
10 41 17 29 0 36 0 0.00 M M 2.8 10 30 M M 0 13 20
11 28 17 23 -6 42 0 0.00 M M 2.3 9 40 M M 0 12 40
12 48 22 35 6 30 0 0.00 M M 7.9 21 190 M M 0 28 170
13 55 26 41 12 24 0 0.00 M M 14.5 31 230 M M 0 47 60
14 52 18 35 6 30 0 0.00 M M 4.3 13 150 M M 0 15 150
15 45 20 33 4 32 0 0.02 M M 5.0 10 160 M M 0 13 50
16 48 21 35 6 30 0 0.00 M M 4.2 10 160 M M 0 12 170
17 56 23 40 10 25 0 0.00 M M 6.3 22 340 M M 0 29 330
18 44 16 30 0 35 0 0.00 M M 6.4 18 20 M M 0 24 10
19 42 9 26 -4 39 0 0.00 M M 5.3 12 30 M M 0 14 70
20 47 10 29 -1 36 0 0.00 M M 4.9 12 180 M M 0 13 180
21 50 25 38 8 27 0 0.00 M M 4.8 13 160 M M 0 16 150
22 42 30 36 6 29 0 0.00 M M 6.9 15 30 M M 0 20 20
23 43 19 31 1 34 0 0.00 M M 7.3 16 10 M M 0 22 360
24 43 11 27 -3 38 0 0.00 M M 6.7 14 160 M M 0 20 150
25 32 20 26 -4 39 0 0.03 M M 6.4 14 350 M M 0 18 10
26 36 21 29 -1 36 0 0.00 M M 11.3 26 180 M M 0 36 180
27 47 29 38 8 27 0 0.00 M M 16.3 26 160 M M 0 39 180
28 47 29 38 8 27 0 0.00 M M 9.7 24 200 M M 0 32 220
29 44 30 37 7 28 0 0.21 M M 6.9 18 260 M M 0 24 250
30 46 30 38 7 27 0 0.00 M M 11.3 21 160 M M 0 28 170
31 49 22 36 5 29 0 0.00 M M 7.9 20 160 M M 0 26 170
================================================================================
SM 1391 683 971 0 0.45 M 236.7 M 0
================================================================================
AV 44.9 22.0 7.6 FASTST M M 0 MAX(MPH)
MISC ----> 33 210 47 60
================================================================================
NOTES:
# LAST OF SEVERAL OCCURRENCES
COLUMN 17 PEAK WIND IN M.P.H.
PRELIMINARY LOCAL CLIMATOLOGICAL DATA (WS FORM: F-6) , PAGE 2
STATION: ROME OR
MONTH: JANUARY
YEAR: 2021
LATITUDE: 42 35 N
LONGITUDE: 117 52 W
[TEMPERATURE DATA] [PRECIPITATION DATA] SYMBOLS USED IN COLUMN 16
AVERAGE MONTHLY: 33.5 TOTAL FOR MONTH: 0.45 1 = FOG OR MIST
DPTR FM NORMAL: 4.0 DPTR FM NORMAL: -0.20 2 = FOG REDUCING VISIBILITY
HIGHEST: 56 ON 17 GRTST 24HR 0.78 ON 27-27 TO 1/4 MILE OR LESS
LOWEST: 9 ON 19 3 = THUNDER
SNOW, ICE PELLETS, HAIL 4 = ICE PELLETS
TOTAL MONTH: M 5 = HAIL
GRTST 24HR M ON M 6 = FREEZING RAIN OR DRIZZLE
GRTST DEPTH: M ON M 7 = DUSTSTORM OR SANDSTORM:
VSBY 1/2 MILE OR LESS
8 = SMOKE OR HAZE
[NO. OF DAYS WITH] [WEATHER - DAYS WITH] 9 = BLOWING SNOW
X = TORNADO
MAX 32 OR BELOW: 2 0.01 INCH OR MORE: 5
MAX 90 OR ABOVE: 0 0.10 INCH OR MORE: 2
MIN 32 OR BELOW: 29 0.50 INCH OR MORE: 0
MIN 0 OR BELOW: 0 1.00 INCH OR MORE: 0
[HDD (BASE 65) ]
TOTAL THIS MO. 971 CLEAR (SCALE 0-3) 31
DPTR FM NORMAL -131 PTCLDY (SCALE 4-7) 0
TOTAL FM JUL 1 3329 CLOUDY (SCALE 8-10) 0
DPTR FM NORMAL -520
[CDD (BASE 65) ]
TOTAL THIS MO. 0
DPTR FM NORMAL 0 [PRESSURE DATA]
TOTAL FM JAN 1 0 HIGHEST SLP M ON M
DPTR FM NORMAL 0 LOWEST SLP 29.60 ON 27
[REMARKS]
#FINAL-01-21#