000
CXUS53 KLOT 010800
CF6RFD
PRELIMINARY LOCAL CLIMATOLOGICAL DATA (WS FORM: F-6)
STATION: ROCKFORD IL
MONTH: APRIL
YEAR: 2022
LATITUDE: 42 12 N
LONGITUDE: 89 6 W
TEMPERATURE IN F: :PCPN: SNOW: WIND :SUNSHINE: SKY :PK WND
================================================================================
1 2 3 4 5 6A 6B 7 8 9 10 11 12 13 14 15 16 17 18
12Z AVG MX 2MIN
DY MAX MIN AVG DEP HDD CDD WTR SNW DPTH SPD SPD DIR MIN PSBL S-S WX SPD DR
================================================================================
1 47 27 37 -7 28 0 T T 0 7.0 16 300 M M 4 22 310
2 38 29 34 -10 31 0 0.42 1.7 0 5.6 12 300 M M 7 1258 17 170
3 52 25 39 -5 26 0 0.25 0.0 0 4.4 10 310 M M 5 18 17 130
4 47 41 44 -1 21 0 0.04 0.0 0 9.1 21 260 M M 10 1 27 250
5 57 29 43 -2 22 0 0.47 0.0 0 8.7 17 130 M M 9 1 21 120
6 56 42 49 3 16 0 0.19 0.0 0 16.2 30 230 M M 9 1 39 230
7 46 36 41 -5 24 0 0.01 T 0 14.7 24 250 M M 10 15 32 230
8 41 34 38 -8 27 0 0.04 T 0 12.1 21 350 M M 10 1 28 360
9 54 32 43 -4 22 0 T T 0 8.6 18 310 M M 4 25 310
10 64 27 46 -1 19 0 0.00 0.0 0 12.1 29 140 M M 5 45 140
11 64 36 50 3 15 0 0.00 0.0 0 8.4 21 240 M M 5 8 27 250
12 69 30 50 2 15 0 T 0.0 0 10.8 28 150 M M 6 18 45 140
13 71 37 54 6 11 0 0.30 0.0 0 12.3 26 300 M M 10 13 32 300
14 50 33 42 -6 23 0 0.00 0.0 0 17.7 38 250 M M 3 54 230
15 50 34 42 -7 23 0 T 0.0 0 12.7 23 270 M M 8 40 310
16 49 28 39 -10 26 0 0.00 0.0 0 10.6 23 310 M M 4 33 320
17 47 22 35 -15 30 0 0.06 0.3 0 5.7 14 80 M M 6 1 21 80
18 44 34 39 -11 26 0 0.09 0.6 1 12.7 28 300 M M 10 18 38 310
19 53 33 43 -7 22 0 0.00 0.0 0 8.2 17 310 M M 7 24 330
20 51 43 47 -4 18 0 0.26 0.0 0 13.4 23 150 M M 10 1 35 180
21 68 46 57 6 8 0 0.01 0.0 0 9.2 20 280 M M 5 1 29 270
22 57 46 52 0 13 0 1.16 0.0 0 10.5 21 110 M M 9 13 42 120
23 82 57 70 18 0 5 0.00 0.0 0 15.2 29 180 M M 6 43 180
24 71 50 61 9 4 0 0.11 0.0 0 14.5 26 240 M M 7 42 210
25 50 39 45 -8 20 0 0.00 0.0 0 13.5 23 270 M M 10 33 270
26 51 34 43 -10 22 0 0.00 0.0 0 12.4 24 310 M M 6 39 290
27 50 31 41 -12 24 0 T 0.0 0 6.7 16 60 M M 9 27 80
28 53 36 45 -9 20 0 0.02 0.0 0 7.4 15 90 M M 10 25 120
29 67 48 58 4 7 0 0.10 0.0 0 9.6 20 150 M M 10 3 32 150
30 68 52 60 6 5 0 0.95 T 0 13.3 22 150 M M 8 135 37 140
================================================================================
SM 1667 1091 568 5 4.48 2.6 323.3 M 222
================================================================================
AV 55.6 36.4 10.8 FASTST M M 7 MAX(MPH)
MISC ----> 38 250 54 230
================================================================================
NOTES:
# LAST OF SEVERAL OCCURRENCES
COLUMN 17 PEAK WIND IN M.P.H.
PRELIMINARY LOCAL CLIMATOLOGICAL DATA (WS FORM: F-6) , PAGE 2
STATION: ROCKFORD IL
MONTH: APRIL
YEAR: 2022
LATITUDE: 42 12 N
LONGITUDE: 89 6 W
[TEMPERATURE DATA] [PRECIPITATION DATA] SYMBOLS USED IN COLUMN 16
AVERAGE MONTHLY: 46.0 TOTAL FOR MONTH: 4.48 1 = FOG OR MIST
DPTR FM NORMAL: -3.1 DPTR FM NORMAL: 0.73 2 = FOG REDUCING VISIBILITY
HIGHEST: 82 ON 23 GRTST 24HR 1.16 ON 22-22 TO 1/4 MILE OR LESS
LOWEST: 22 ON 17 3 = THUNDER
SNOW, ICE PELLETS, HAIL 4 = ICE PELLETS
TOTAL MONTH: 4.1 INCHES 5 = HAIL
GRTST 24HR 1.7 ON 2- 2 6 = FREEZING RAIN OR DRIZZLE
GRTST DEPTH: 1 ON 18 7 = DUSTSTORM OR SANDSTORM:
VSBY 1/2 MILE OR LESS
8 = SMOKE OR HAZE
[NO. OF DAYS WITH] [WEATHER - DAYS WITH] 9 = BLOWING SNOW
X = TORNADO
MAX 32 OR BELOW: 0 0.01 INCH OR MORE: 17
MAX 90 OR ABOVE: 0 0.10 INCH OR MORE: 10
MIN 32 OR BELOW: 10 0.50 INCH OR MORE: 2
MIN 0 OR BELOW: 0 1.00 INCH OR MORE: 1
[HDD (BASE 65) ]
TOTAL THIS MO. 568 CLEAR (SCALE 0-3) 0
DPTR FM NORMAL 86 PTCLDY (SCALE 4-7) 16
TOTAL FM JUL 1 5944 CLOUDY (SCALE 8-10) 14
DPTR FM NORMAL -327
[CDD (BASE 65) ]
TOTAL THIS MO. 5
DPTR FM NORMAL 0 [PRESSURE DATA]
TOTAL FM JAN 1 5 HIGHEST SLP M ON M
DPTR FM NORMAL -2 LOWEST SLP 29.46 ON 6
[REMARKS]
#FINAL-04-22#