000
CXUS53 KGRB 010721
CLMRHI
CLIMATE REPORT
NATIONAL WEATHER SERVICE GREEN BAY
221 AM CDT SAT APR 01 2023
...................................
...THE RHINELANDER WI CLIMATE SUMMARY FOR THE MONTH OF MARCH 2023...
CLIMATE NORMAL PERIOD: 1991 TO 2020
CLIMATE RECORD PERIOD: 1908 TO 2023
WEATHER OBSERVED NORMAL DEPART LAST YEAR`S
VALUE DATE(S) VALUE FROM VALUE DATE(S)
NORMAL
................................................................
TEMPERATURE (F)
RECORD
HIGH 79 03/29/1910
LOW -34 03/11/1948
HIGHEST 43 03/15 60 -17 55 03/20
LOWEST -10 03/14 -11 1 -9 03/03
03/12
AVG. MAXIMUM 35.2 38.6 -3.4 33.7
AVG. MINIMUM 15.3 17.2 -1.9 15.1
MEAN 25.3 27.9 -2.6 24.4
DAYS MAX >= 90 0 0.0 0.0 0
DAYS MAX <= 32 9 9.6 -0.6 12
DAYS MIN <= 32 31 27.1 3.9 30
DAYS MIN <= 0 1 3.6 -2.6 6
PRECIPITATION (INCHES)
RECORD
MAXIMUM 5.75 1942
MINIMUM 0.15 1978
TOTALS 3.21 1.52 1.69 3.28
DAYS >= .01 15 8.7 6.3 17
DAYS >= .10 7 3.9 3.1 8
DAYS >= .50 2 0.5 1.5 2
DAYS >= 1.00 1 0.0 1.0 1
GREATEST
STORM TOTAL 1.31
(MM/DD(HH))
SNOWFALL (INCHES)
RECORDS
TOTAL 27.6 2011
TOTALS 30.1R MM MM 10.8
SINCE 7/1 101.5 MM MM MM
DAYS >= TRACE 20 MM MM 16
DAYS >= 1.0 8 MM MM 2
GREATEST
SNOW DEPTH 29R 03/12 12 03/01
03/13
03/02
24 HR TOTAL MM
DEGREE DAYS
HEATING TOTAL 1224 1150 74 1249
SINCE 7/1 7225 7610 -385 MM
COOLING TOTAL 0 0 0 0
SINCE 1/1 0 0 0 MM
................................................................
WIND (MPH)
AVERAGE WIND SPEED 7.5
HIGHEST WIND SPEED/DIRECTION 28/260 DATE 03/19
HIGHEST GUST SPEED/DIRECTION 37/260 DATE 03/19
SKY COVER
POSSIBLE SUNSHINE (PERCENT) MM
AVERAGE SKY COVER 0.53
NUMBER OF DAYS FAIR 11
NUMBER OF DAYS PC 8
NUMBER OF DAYS CLOUDY 12
AVERAGE RH (PERCENT) 67
WEATHER CONDITIONS. NUMBER OF DAYS WITH
THUNDERSTORM 1 MIXED PRECIP 0
HEAVY RAIN 0 RAIN 0
LIGHT RAIN 3 FREEZING RAIN 2
LT FREEZING RAIN 3 HAIL 0
HEAVY SNOW 1 SNOW 5
LIGHT SNOW 19 SLEET 0
FOG 17 FOG W/VIS <= 1/4 MILE 6
HAZE 6
- INDICATES NEGATIVE NUMBERS.
R INDICATES RECORD WAS SET OR TIED.
MM INDICATES DATA IS MISSING.
T INDICATES TRACE AMOUNT.
$$