000
CXUS51 KAKQ 010810
CF6RIC
PRELIMINARY LOCAL CLIMATOLOGICAL DATA (WS FORM: F-6)
STATION: RICHMOND VA
MONTH: DECEMBER
YEAR: 2022
LATITUDE: 37 30 N
LONGITUDE: 77 20 W
TEMPERATURE IN F: :PCPN: SNOW: WIND :SUNSHINE: SKY :PK WND
================================================================================
1 2 3 4 5 6A 6B 7 8 9 10 11 12 13 14 15 16 17 18
12Z AVG MX 2MIN
DY MAX MIN AVG DEP HDD CDD WTR SNW DPTH SPD SPD DIR MIN PSBL S-S WX SPD DR
================================================================================
1 50 30 40 -5 25 0 0.00 0.0 0 6.1 18 310 M M 3 23 310
2 54 26 40 -5 25 0 0.00 0.0 0 5.9 15 190 M M 4 20 190
3 61 48 55 10 10 0 0.34 0.0 0 10.3 21 210 M M 8 1 26 220
4 50 30 40 -4 25 0 0.00 0.0 0 4.3 13 30 M M 4 16 30
5 52 26 39 -5 26 0 0.00 0.0 0 1.7 10 120 M M 6 1 14 130
6 53 35 44 0 21 0 0.15 0.0 0 2.7 8 310 M M 10 1 9 300
7 63 52 58 14 7 0 0.08 0.0 0 7.3 14 200 M M 10 1 17 200
8 61 49 55 12 10 0 T 0.0 0 6.5 14 20 M M 8 1 17 20
9 53 39 46 3 19 0 0.01 0.0 0 7.2 14 360 M M 6 18 10
10 47 37 42 -1 23 0 0.00 0.0 0 5.9 10 40 M M 9 15 40
11 54 42 48 5 17 0 T 0.0 0 3.1 9 20 M M 8 11 30
12 48 37 43 1 22 0 0.00 0.0 0 9.5 18 10 M M 7 25 360
13 46 26 36 -6 29 0 0.00 0.0 0 4.6 10 30 M M 7 14 10
14 44 25 35 -7 30 0 0.04 0.0 0 1.4 7 60 M M 9 10 50
15 50 35 43 1 22 0 2.11 0.0 0 8.4 21 310 M M 10 1 25 290
16 55 34 45 3 20 0 T 0.0 0 8.3 20 310 M M 3 1 26 310
17 51 32 42 1 23 0 0.00 0.0 0 7.7 21 260 M M 3 27 270
18 48 29 39 -2 26 0 0.00 0.0 0 7.2 18 270 M M 3 23 260
19 45 23 34 -7 31 0 0.00 0.0 0 5.7 15 310 M M 4 18 310
20 42 24 33 -8 32 0 0.00 0.0 0 3.9 12 30 M M 4 15 20
21 49 22 36 -5 29 0 0.00 0.0 0 4.3 9 60 M M 5 13 40
22 59 35 47 7 18 0 1.27 0.0 0 12.7 33 120 M M 10 1 43 120
23 49 14 32 -8 33 0 0.10 0.0 0 21.0 37 260 M M 5 1 54 270
24 24 8 16 -24 49 0 0.00 0.0 0 14.6 24 260 M M 0 32 260
25 36 14 25 -15 40 0 0.00 0.0 0 8.7 16 250 M M 1 20 250
26 36 14 25 -15 40 0 0.00 0.0 0 2.7 9 200 M M 5 13 140
27 49 23 36 -4 29 0 0.00 0.0 0 2.3 7 140 M M 4 10 310
28 53 23 38 -2 27 0 0.00 0.0 0 4.6 13 190 M M 2 15 190
29 64 28 46 7 19 0 0.00 0.0 0 5.5 13 220 M M 1 16 210
30 69 33 51 12 14 0 0.00 0.0 0 5.6 16 180 M M 2 1 19 160
31 60 49 55 16 10 0 0.42 0.0 0 4.4 12 190 M M 9 12 14 270
================================================================================
SM 1575 942 751 0 4.52 0.0 204.1 M 170
================================================================================
AV 50.8 30.4 6.6 FASTST M M 5 MAX(MPH)
MISC ----> 37 260 54 270
================================================================================
NOTES:
# LAST OF SEVERAL OCCURRENCES
COLUMN 17 PEAK WIND IN M.P.H.
PRELIMINARY LOCAL CLIMATOLOGICAL DATA (WS FORM: F-6) , PAGE 2
STATION: RICHMOND VA
MONTH: DECEMBER
YEAR: 2022
LATITUDE: 37 30 N
LONGITUDE: 77 20 W
[TEMPERATURE DATA] [PRECIPITATION DATA] SYMBOLS USED IN COLUMN 16
AVERAGE MONTHLY: 40.6 TOTAL FOR MONTH: 4.52 1 = FOG OR MIST
DPTR FM NORMAL: -1.2 DPTR FM NORMAL: 1.01 2 = FOG REDUCING VISIBILITY
HIGHEST: 69 ON 30 GRTST 24HR 2.15 ON 14-15 TO 1/4 MILE OR LESS
LOWEST: 8 ON 24 3 = THUNDER
SNOW, ICE PELLETS, HAIL 4 = ICE PELLETS
TOTAL MONTH: 0.0 INCH 5 = HAIL
GRTST 24HR 0.0 6 = FREEZING RAIN OR DRIZZLE
GRTST DEPTH: 0 7 = DUSTSTORM OR SANDSTORM:
VSBY 1/2 MILE OR LESS
8 = SMOKE OR HAZE
[NO. OF DAYS WITH] [WEATHER - DAYS WITH] 9 = BLOWING SNOW
X = TORNADO
MAX 32 OR BELOW: 1 0.01 INCH OR MORE: 9
MAX 90 OR ABOVE: 0 0.10 INCH OR MORE: 6
MIN 32 OR BELOW: 18 0.50 INCH OR MORE: 2
MIN 0 OR BELOW: 0 1.00 INCH OR MORE: 2
[HDD (BASE 65) ]
TOTAL THIS MO. 751 CLEAR (SCALE 0-3) 7
DPTR FM NORMAL 31 PTCLDY (SCALE 4-7) 16
TOTAL FM JUL 1 1373 CLOUDY (SCALE 8-10) 8
DPTR FM NORMAL -31
[CDD (BASE 65) ]
TOTAL THIS MO. 0
DPTR FM NORMAL -1 [PRESSURE DATA]
TOTAL FM JAN 1 1770 HIGHEST SLP 30.60 ON 2
DPTR FM NORMAL 210 LOWEST SLP 29.29 ON 23
[REMARKS]
#FINAL-12-22#