000
CXUS55 KRIW 011010
CF6RIW
PRELIMINARY LOCAL CLIMATOLOGICAL DATA (WS FORM: F-6)
STATION: RIVERTON WY
MONTH: SEPTEMBER
YEAR: 2023
LATITUDE: 43 2 N
LONGITUDE: 108 27 W
TEMPERATURE IN F: :PCPN: SNOW: WIND :SUNSHINE: SKY :PK WND
================================================================================
1 2 3 4 5 6A 6B 7 8 9 10 11 12 13 14 15 16 17 18
12Z AVG MX 2MIN
DY MAX MIN AVG DEP HDD CDD WTR SNW DPTH SPD SPD DIR MIN PSBL S-S WX SPD DR
================================================================================
1 88 58 73 8 0 8 T 0.0 0 10.7 29 230 M M 2 37 230
2 85 57 71 6 0 6 0.00 0.0 0 7.3 15 310 M M 2 23 330
3 85 56 71 7 0 6 T 0.0 0 11.1 32 300 M M 2 47 290
4 62 51 57 -7 8 0 0.14 0.0 0 8.6 25 290 M M 8 1 31 290
5 70 48 59 -5 6 0 0.01 0.0 0 5.2 12 320 M M 7 12 16 320
6 81 49 65 2 0 0 T 0.0 0 7.5 21 240 M M 1 28 240
7 81 54 68 5 0 3 0.00 0.0 0 9.5 18 290 M M 1 23 290
8 85 48 67 5 0 2 0.00 0.0 0 8.8 23 20 M M 0 30 10
9 81 51 66 4 0 1 0.00 0.0 0 7.0 18 20 M M 0 27 30
10 72 50 61 -1 4 0 T 0.0 0 5.7 16 10 M M 3 3 22 10
11 75 45 60 -1 5 0 0.00 0.0 0 5.2 12 100 M M 0 16 110
12 81 45 63 2 2 0 0.00 0.0 0 6.7 14 310 M M 1 20 340
13 79 52 66 6 0 1 0.26 0.0 0 8.5 28 240 M M 4 1 35 250
14 67 50 59 -1 6 0 0.26 0.0 0 4.8 17 140 M M 5 23 320
15 71 45 58 -2 7 0 T 0.0 0 5.4 12 310 M M 1 14 90
16 77 48 63 4 2 0 0.00 0.0 0 7.2 16 300 M M 0 21 300
17 80 50 65 6 0 0 0.00 0.0 0 9.0 17 310 M M 0 24 300
18 81 50 66 8 0 1 0.00 0.0 0 10.4 24 300 M M 1 31 300
19 79 54 67 9 0 2 0.00 0.0 0 8.0 23 260 M M 0 29 260
20 71 50 61 4 4 0 T 0.0 0 6.9 20 250 M M 3 30 240
21 74 43 59 2 6 0 0.00 0.0 0 8.1 28 310 M M 2 3 36 300
22 66 44 55 -1 10 0 0.00 0.0 0 10.4 25 220 M M 4 35 200
23 67 39 53 -3 12 0 0.00 0.0 0 9.5 33 300 M M 1 43 290
24 72 40 56 0 9 0 0.00 0.0 0 6.9 16 300 M M 0 22 290
25 78 41 60 5 5 0 0.00 0.0 0 6.9 13 310 M M 0 15 80
26 82 42 62 8 3 0 T 0.0 0 7.9 15 230 M M 0 20 230
27 83 47 65 11 0 0 0.00 0.0 M 10.1 25 210 M M 0 34 200
28 74 45 60 6 5 0 0.00 0.0 0 7.3 16 60 M M 0 21 60
29 77 41 59 6 6 0 0.00 0.0 0 5.6 13 300 M M 0 17 180
30 83 41 62 10 3 0 0.00 0.0 0 8.9 32 200 M M 0 8 42 170
================================================================================
SM 2307 1434 103 30 0.67 0.0 235.1 M 48
================================================================================
AV 76.9 47.8 7.8 FASTST M M 2 MAX(MPH)
MISC ----> 33 300 47 290
================================================================================
NOTES:
# LAST OF SEVERAL OCCURRENCES
COLUMN 17 PEAK WIND IN M.P.H.
PRELIMINARY LOCAL CLIMATOLOGICAL DATA (WS FORM: F-6) , PAGE 2
STATION: RIVERTON WY
MONTH: SEPTEMBER
YEAR: 2023
LATITUDE: 43 2 N
LONGITUDE: 108 27 W
[TEMPERATURE DATA] [PRECIPITATION DATA] SYMBOLS USED IN COLUMN 16
AVERAGE MONTHLY: 62.4 TOTAL FOR MONTH: 0.67 1 = FOG OR MIST
DPTR FM NORMAL: 3.1 DPTR FM NORMAL: -0.10 2 = FOG REDUCING VISIBILITY
HIGHEST: 88 ON 1 GRTST 24HR 0.52 ON 13-14 TO 1/4 MILE OR LESS
LOWEST: 39 ON 23 3 = THUNDER
SNOW, ICE PELLETS, HAIL 4 = ICE PELLETS
TOTAL MONTH: 0.0 INCH 5 = HAIL
GRTST 24HR 0.0 6 = FREEZING RAIN OR DRIZZLE
GRTST DEPTH: 0 7 = DUSTSTORM OR SANDSTORM:
VSBY 1/2 MILE OR LESS
8 = SMOKE OR HAZE
[NO. OF DAYS WITH] [WEATHER - DAYS WITH] 9 = BLOWING SNOW
X = TORNADO
MAX 32 OR BELOW: 0 0.01 INCH OR MORE: 4
MAX 90 OR ABOVE: 0 0.10 INCH OR MORE: 3
MIN 32 OR BELOW: 0 0.50 INCH OR MORE: 0
MIN 0 OR BELOW: 0 1.00 INCH OR MORE: 0
[HDD (BASE 65) ]
TOTAL THIS MO. 103 CLEAR (SCALE 0-3) 25
DPTR FM NORMAL -102 PTCLDY (SCALE 4-7) 4
TOTAL FM JUL 1 136 CLOUDY (SCALE 8-10) 1
DPTR FM NORMAL -105
[CDD (BASE 65) ]
TOTAL THIS MO. 30
DPTR FM NORMAL -1 [PRESSURE DATA]
TOTAL FM JAN 1 401 HIGHEST SLP 30.24 ON 15
DPTR FM NORMAL -98 LOWEST SLP 29.59 ON 30
[REMARKS]
#FINAL-09-23#