000
CXUS54 KCRP 011210
CF6RKP
PRELIMINARY LOCAL CLIMATOLOGICAL DATA (WS FORM: F-6)
STATION: ROCKPORT
MONTH: JUNE
YEAR: 2022
LATITUDE: 28 4 N
LONGITUDE: 97 3 W
TEMPERATURE IN F: :PCPN: SNOW: WIND :SUNSHINE: SKY :PK WND
================================================================================
1 2 3 4 5 6A 6B 7 8 9 10 11 12 13 14 15 16 17 18
12Z AVG MX 2MIN
DY MAX MIN AVG DEP HDD CDD WTR SNW DPTH SPD SPD DIR MIN PSBL S-S WX SPD DR
================================================================================
1 91 82 87 4 0 22 0.00 0.0 0 13.6 18 140 M M 5 26 130
2 92 79 86 3 0 21 0.00 0.0 0 7.9 17 140 M M 2 23 150
3 94 75 85 2 0 20 0.00 0.0 0 6.9 17 140 M M 2 3 25 130
4 93 74 84 1 0 19 0.07 0.0 0 8.0 23 80 M M 1 13 32 80
5 92 80 86 3 0 21 0.00 0.0 0 12.2 20 140 M M 2 28 150
6 92 82 87 4 0 22 0.00 0.0 0 14.6 23 140 M M 4 37 140
7 92 82 87 3 0 22 0.00 0.0 0 14.4 21 140 M M 3 8 31 190
8 94 82 88 4 0 23 0.00 0.0 0 13.1 20 150 M M 2 8 29 140
9 94 82 88 4 0 23 0.00 0.0 0 10.1 16 140 M M 3 8 24 140
10 94 82 88 4 0 23 0.00 0.0 0 10.6 21 160 M M 1 32 160
11 94 82 88 4 0 23 0.00 0.0 0 11.5 20 150 M M 3 18 28 180
12 94 82 88 4 0 23 0.00 0.0 0 13.6 22 150 M M 3 18 34 160
13 93 83 88 4 0 23 0.00 0.0 0 14.1 23 140 M M 4 18 32 160
14 91 83 87 3 0 22 0.00 0.0 0 14.4 22 140 M M 3 8 34 140
15 93 83 88 4 0 23 0.00 0.0 0 12.8 21 130 M M 2 8 27 140
16 93 80 87 3 0 22 0.00 0.0 0 9.2 16 140 M M 2 18 23 140
17 93 78 86 2 0 21 0.00 0.0 0 10.0 16 140 M M 2 18 22 130
18 94 80 87 3 0 22 0.00 0.0 0 8.9 18 130 M M 2 24 120
19 94 78 86 1 0 21 0.00 0.0 0 8.3 16 130 M M 1 21 120
20 95 79 87 2 0 22 0.00 0.0 0 7.9 16 130 M M 0 1 22 130
21 95 83 89 4 0 24 0.00 0.0 0 11.1 21 110 M M 2 29 120
22 94 77 86 1 0 21 T 0.0 0 8.0 16 140 M M 3 23 150
23 95 76 86 1 0 21 0.00 0.0 0 7.5 16 130 M M 1 1 22 150
24 94 77 86 1 0 21 0.00 0.0 M 9.4 17 150 M M 2 8 25 120
25 94 81 88 3 0 23 0.00 0.0 0 11.5 18 130 M M 1 25 140
26 95 82 89 4 0 24 0.00 0.0 0 9.9 17 130 M M 1 23 140
27 96 75 86 1 0 21 T 0.0 M 8.0 35 20 M M 2 13 48 360
28 96 75 86 1 0 21 0.22 0.0 0 8.9 22 70 M M 2 38 29 80
29 93 75 84 -1 0 19 T 0.0 0 9.6 23 50 M M 1 18 32 60
30 95 79 87 2 0 22 0.00 0.0 0 11.0 20 70 M M 2 27 60
================================================================================
SM 2809 2388 0 655 0.29 0.0 317.0 M 64
================================================================================
AV 93.6 79.6 10.6 FASTST M M 2 MAX(MPH)
MISC ----> 35 20 48 360
================================================================================
NOTES:
# LAST OF SEVERAL OCCURRENCES
COLUMN 17 PEAK WIND IN M.P.H.
PRELIMINARY LOCAL CLIMATOLOGICAL DATA (WS FORM: F-6) , PAGE 2
STATION: ROCKPORT
MONTH: JUNE
YEAR: 2022
LATITUDE: 28 4 N
LONGITUDE: 97 3 W
[TEMPERATURE DATA] [PRECIPITATION DATA] SYMBOLS USED IN COLUMN 16
AVERAGE MONTHLY: 86.6 TOTAL FOR MONTH: 0.29 1 = FOG OR MIST
DPTR FM NORMAL: 2.4 DPTR FM NORMAL: -3.61 2 = FOG REDUCING VISIBILITY
HIGHEST: 96 ON 28,27 GRTST 24HR 0.22 ON 27-28 TO 1/4 MILE OR LESS
LOWEST: 74 ON 4 3 = THUNDER
SNOW, ICE PELLETS, HAIL 4 = ICE PELLETS
TOTAL MONTH: 0.0 INCH 5 = HAIL
GRTST 24HR 0.0 6 = FREEZING RAIN OR DRIZZLE
GRTST DEPTH: 0 7 = DUSTSTORM OR SANDSTORM:
VSBY 1/2 MILE OR LESS
8 = SMOKE OR HAZE
[NO. OF DAYS WITH] [WEATHER - DAYS WITH] 9 = BLOWING SNOW
X = TORNADO
MAX 32 OR BELOW: 0 0.01 INCH OR MORE: 2
MAX 90 OR ABOVE: 30 0.10 INCH OR MORE: 1
MIN 32 OR BELOW: 0 0.50 INCH OR MORE: 0
MIN 0 OR BELOW: 0 1.00 INCH OR MORE: 0
[HDD (BASE 65) ]
TOTAL THIS MO. 0 CLEAR (SCALE 0-3) 24
DPTR FM NORMAL 0 PTCLDY (SCALE 4-7) 6
TOTAL FM JUL 1 789 CLOUDY (SCALE 8-10) 0
DPTR FM NORMAL -37
[CDD (BASE 65) ]
TOTAL THIS MO. 655
DPTR FM NORMAL 81 [PRESSURE DATA]
TOTAL FM JAN 1 1719 HIGHEST SLP 30.13 ON 22
DPTR FM NORMAL 257 LOWEST SLP 29.68 ON 6
[REMARKS]
#FINAL-06-22#