000
CXUS54 KCRP 052349
CF6RKP
PRELIMINARY LOCAL CLIMATOLOGICAL DATA (WS FORM: F-6)
STATION: ROCKPORT
MONTH: MAY
YEAR: 2022
LATITUDE: 28 4 N
LONGITUDE: 97 3 W
TEMPERATURE IN F: :PCPN: SNOW: WIND :SUNSHINE: SKY :PK WND
================================================================================
1 2 3 4 5 6A 6B 7 8 9 10 11 12 13 14 15 16 17 18
12Z AVG MX 2MIN
DY MAX MIN AVG DEP HDD CDD WTR SNW DPTH SPD SPD DIR MIN PSBL S-S WX SPD DR
================================================================================
1 88 77 83 7 0 18 0.00 0.0 0 13.4 23 130 M M 5 18 32 140
2 86 78 82 6 0 17 0.00 0.0 0 14.6 24 150 M M 6 8 39 140
3 85 79 82 6 0 17 0.00 0.0 0 13.4 20 120 M M 8 18 27 150
4 87 79 83 7 0 18 0.00 0.0 0 16.1 24 140 M M 9 18 33 140
5 89 79 84 7 0 19 0.00 0.0 0 12.7 24 150 M M 4 18 37 140
6 91 79 85 8 0 20 0.00 0.0 0 9.2 15 150 M M 7 18 25 180
7 91 78 85 8 0 20 0.00 0.0 0 11.7 21 150 M M 6 18 31 200
8 89 79 84 7 0 19 0.00 0.0 0 12.7 22 150 M M 6 18 33 140
9 90 80 85 7 0 20 0.00 0.0 0 15.0 21 150 M M 7 18 33 150
10 89 80 85 7 0 20 0.00 0.0 0 14.7 22 130 M M 6 8 29 120
11 89 79 84 6 0 19 0.00 0.0 0 13.5 21 130 M M 3 27 130
12 89 76 83 5 0 18 0.00 0.0 0 11.9 18 140 M M 3 30 150
13 89 77 83 5 0 18 0.00 0.0 0 10.4 17 140 M M 4 25 180
14 89 77 83 4 0 18 0.00 0.0 0 10.9 18 150 M M 2 25 140
15 90 71 81 2 0 16 0.00 0.0 0 8.9 18 150 M M 3 27 140
16 89 75 82 3 0 17 0.00 0.0 0 9.1 16 150 M M 2 27 180
17 90 77 84 5 0 19 0.00 0.0 0 12.5 21 140 M M 4 30 130
18 89 78 84 4 0 19 0.00 0.0 0 13.4 21 150 M M 4 8 32 160
19 89 78 84 4 0 19 0.00 0.0 0 13.3 23 160 M M 4 8 36 140
20 89 80 85 5 0 20 0.00 0.0 M 15.1 33 120 M M 6 18 43 120
21 90 80 85 5 0 20 0.00 0.0 0 14.5 22 150 M M 6 18 33 150
22 86 72 79 -2 0 14 0.07 0.0 0 10.9 28 100 M M 5 138 37 100
23 87 72 80 -1 0 15 T 0.0 0 13.0 24 130 M M 4 18 30 120
24 88 72 80 -1 0 15 0.14 0.0 0 12.8 25 140 M M 3 13 43 170
25 89 66 78 -3 0 13 0.26 0.0 0 10.3 41 330 M M 4 13 59 330
26 90 68 79 -2 0 14 0.00 0.0 0 7.5 16 150 M M 0 23 150
27 93 76 85 3 0 20 0.00 0.0 0 8.2 14 150 M M 0 1 20 150
28 91 78 85 3 0 20 0.00 0.0 0 11.4 18 150 M M 4 18 26 160
29 90 81 86 4 0 21 0.00 0.0 0 16.0 23 150 M M 5 35 150
30 90 81 86 4 0 21 0.00 0.0 0 16.9 22 130 M M 7 8 33 170
31 90 81 86 4 0 21 0.00 0.0 0 14.6 21 150 M M 5 8 30 140
================================================================================
SM 2761 2383 0 565 0.47 0.0 388.6 M 142
================================================================================
AV 89.1 76.9 12.5 FASTST M M 5 MAX(MPH)
MISC ----> 41 330 59 330
================================================================================
NOTES:
# LAST OF SEVERAL OCCURRENCES
COLUMN 17 PEAK WIND IN M.P.H.
PRELIMINARY LOCAL CLIMATOLOGICAL DATA (WS FORM: F-6) , PAGE 2
STATION: ROCKPORT
MONTH: MAY
YEAR: 2022
LATITUDE: 28 4 N
LONGITUDE: 97 3 W
[TEMPERATURE DATA] [PRECIPITATION DATA] SYMBOLS USED IN COLUMN 16
AVERAGE MONTHLY: 83.0 TOTAL FOR MONTH: 0.47 1 = FOG OR MIST
DPTR FM NORMAL: 3.8 DPTR FM NORMAL: -2.73 2 = FOG REDUCING VISIBILITY
HIGHEST: 93 ON 27 GRTST 24HR 0.31 ON 24-25 TO 1/4 MILE OR LESS
LOWEST: 66 ON 25 3 = THUNDER
SNOW, ICE PELLETS, HAIL 4 = ICE PELLETS
TOTAL MONTH: 0.0 INCH 5 = HAIL
GRTST 24HR 0.0 6 = FREEZING RAIN OR DRIZZLE
GRTST DEPTH: 0 7 = DUSTSTORM OR SANDSTORM:
VSBY 1/2 MILE OR LESS
8 = SMOKE OR HAZE
[NO. OF DAYS WITH] [WEATHER - DAYS WITH] 9 = BLOWING SNOW
X = TORNADO
MAX 32 OR BELOW: 0 0.01 INCH OR MORE: 3
MAX 90 OR ABOVE: 12 0.10 INCH OR MORE: 2
MIN 32 OR BELOW: 0 0.50 INCH OR MORE: 0
MIN 0 OR BELOW: 0 1.00 INCH OR MORE: 0
[HDD (BASE 65) ]
TOTAL THIS MO. 0 CLEAR (SCALE 0-3) 7
DPTR FM NORMAL 0 PTCLDY (SCALE 4-7) 23
TOTAL FM JUL 1 789 CLOUDY (SCALE 8-10) 1
DPTR FM NORMAL -37
[CDD (BASE 65) ]
TOTAL THIS MO. 565
DPTR FM NORMAL 125 [PRESSURE DATA]
TOTAL FM JAN 1 1064 HIGHEST SLP 30.13 ON 22
DPTR FM NORMAL 176 LOWEST SLP 29.53 ON 20
[REMARKS]
#FINAL-05-22#