000
CXUS54 KCRP 011310
CF6RKP
PRELIMINARY LOCAL CLIMATOLOGICAL DATA (WS FORM: F-6)
STATION: ROCKPORT
MONTH: DECEMBER
YEAR: 2021
LATITUDE: 28 4 N
LONGITUDE: 97 3 W
TEMPERATURE IN F: :PCPN: SNOW: WIND :SUNSHINE: SKY :PK WND
================================================================================
1 2 3 4 5 6A 6B 7 8 9 10 11 12 13 14 15 16 17 18
12Z AVG MX 2MIN
DY MAX MIN AVG DEP HDD CDD WTR SNW DPTH SPD SPD DIR MIN PSBL S-S WX SPD DR
================================================================================
1 79 54 67 5 0 2 0.00 0.0 0 4.2 10 140 M M 1 12 14 180
2 79 58 69 7 0 4 0.00 0.0 0 4.6 10 120 M M 3 12 14 110
3 81 69 75 13 0 10 0.00 0.0 0 5.9 12 170 M M 2 12 17 170
4 81 69 75 13 0 10 0.00 0.0 0 6.3 14 170 M M 3 1 21 160
5 81 68 75 14 0 10 0.00 0.0 0 8.8 16 160 M M 2 18 27 160
6 81 60 71 10 0 6 0.00 0.0 0 10.7 25 10 M M 9 18 31 360
7 65 56 61 0 4 0 0.00 0.0 0 6.3 15 350 M M 10 1 20 340
8 76 57 67 6 0 2 0.00 0.0 0 5.6 12 120 M M 6 128 15 130
9 81 68 75 15 0 10 0.00 0.0 0 9.2 15 160 M M 7 128 25 170
10 81 74 78 18 0 13 0.00 0.0 0 12.6 21 170 M M 8 18 31 180
11 75 51 63 3 2 0 T 0.0 0 14.6 36 10 M M 6 128 45 10
12 61 47 54 -6 11 0 0.00 0.0 0 9.0 17 20 M M 2 22 30
13 71 59 65 5 0 0 0.01 0.0 0 5.7 12 20 M M 9 18 14 350
14 82 65 74 15 0 9 T 0.0 0 7.4 14 150 M M 4 128 20 140
15 82 70 76 17 0 11 0.00 0.0 0 9.8 18 160 M M 2 18 24 130
16 82 70 76 17 0 11 0.00 0.0 0 9.5 16 150 M M 2 18 24 140
17 80 72 76 17 0 11 0.00 0.0 0 9.4 15 150 M M 2 18 21 150
18 82 54 68 9 0 3 0.32 0.0 0 12.2 35 360 M M 7 138 45 360
19 58 47 53 -5 12 0 T 0.0 0 13.6 28 360 M M 9 1 35 340
20 63 47 55 -3 10 0 T 0.0 0 9.3 17 350 M M 4 1 22 340
21 65 44 55 -3 10 0 0.00 0.0 0 5.4 10 150 M M 0 18 12 140
22 74 48 61 3 4 0 0.00 0.0 0 6.5 14 170 M M 0 1 20 180
23 77 63 70 12 0 5 0.00 0.0 0 7.9 16 170 M M 0 23 180
24 78 68 73 15 0 8 0.00 0.0 0 10.0 17 170 M M 0 1 30 180
25 79 69 74 16 0 9 0.00 0.0 0 10.2 16 160 M M 0 18 25 190
26 79 66 73 16 0 8 0.00 0.0 0 9.2 17 160 M M 1 18 26 180
27 80 70 75 18 0 10 0.00 0.0 0 9.2 18 160 M M 5 18 26 150
28 79 72 76 19 0 11 0.00 0.0 0 9.5 15 170 M M 5 18 24 170
29 80 68 74 17 0 9 0.00 0.0 0 5.8 14 160 M M 6 128 20 150
30 77 68 73 16 0 8 0.00 0.0 0 5.4 10 120 M M 8 128 13 120
31 81 71 76 19 0 11 0.00 0.0 M 10.1 20 150 M M 10 18 28 140
================================================================================
SM 2370 1922 53 191 0.33 0.0 263.9 M 133
================================================================================
AV 76.5 62.0 8.5 FASTST M M 4 MAX(MPH)
MISC ----> 36 10 # 45 10
================================================================================
NOTES:
# LAST OF SEVERAL OCCURRENCES
COLUMN 17 PEAK WIND IN M.P.H.
PRELIMINARY LOCAL CLIMATOLOGICAL DATA (WS FORM: F-6) , PAGE 2
STATION: ROCKPORT
MONTH: DECEMBER
YEAR: 2021
LATITUDE: 28 4 N
LONGITUDE: 97 3 W
[TEMPERATURE DATA] [PRECIPITATION DATA] SYMBOLS USED IN COLUMN 16
AVERAGE MONTHLY: 69.2 TOTAL FOR MONTH: 0.33 1 = FOG OR MIST
DPTR FM NORMAL: 10.0 DPTR FM NORMAL: -1.33 2 = FOG REDUCING VISIBILITY
HIGHEST: 82 ON 18,16 GRTST 24HR 0.32 ON 18-18 TO 1/4 MILE OR LESS
LOWEST: 44 ON 21 3 = THUNDER
SNOW, ICE PELLETS, HAIL 4 = ICE PELLETS
TOTAL MONTH: 0.0 INCH 5 = HAIL
GRTST 24HR 0.0 6 = FREEZING RAIN OR DRIZZLE
GRTST DEPTH: 0 7 = DUSTSTORM OR SANDSTORM:
VSBY 1/2 MILE OR LESS
8 = SMOKE OR HAZE
[NO. OF DAYS WITH] [WEATHER - DAYS WITH] 9 = BLOWING SNOW
X = TORNADO
MAX 32 OR BELOW: 0 0.01 INCH OR MORE: 2
MAX 90 OR ABOVE: 0 0.10 INCH OR MORE: 1
MIN 32 OR BELOW: 0 0.50 INCH OR MORE: 0
MIN 0 OR BELOW: 0 1.00 INCH OR MORE: 0
[HDD (BASE 65) ]
TOTAL THIS MO. 53 CLEAR (SCALE 0-3) 15
DPTR FM NORMAL -172 PTCLDY (SCALE 4-7) 10
TOTAL FM JUL 1 115 CLOUDY (SCALE 8-10) 6
DPTR FM NORMAL -205
[CDD (BASE 65) ]
TOTAL THIS MO. 191
DPTR FM NORMAL 146 [PRESSURE DATA]
TOTAL FM JAN 1 3954 HIGHEST SLP 30.33 ON 12
DPTR FM NORMAL 180 LOWEST SLP 29.64 ON 28
[REMARKS]
#FINAL-12-21#