000
CXUS54 KCRP 011210
CF6RKP
PRELIMINARY LOCAL CLIMATOLOGICAL DATA (WS FORM: F-6)
STATION: ROCKPORT
MONTH: APRIL
YEAR: 2021
LATITUDE: 28 4 N
LONGITUDE: 97 3 W
TEMPERATURE IN F: :PCPN: SNOW: WIND :SUNSHINE: SKY :PK WND
================================================================================
1 2 3 4 5 6A 6B 7 8 9 10 11 12 13 14 15 16 17 18
12Z AVG MX 2MIN
DY MAX MIN AVG DEP HDD CDD WTR SNW DPTH SPD SPD DIR MIN PSBL S-S WX SPD DR
================================================================================
1 71 59 65 -4 0 0 T 0.0 0 16.5 31 30 M M 5 37 30
2 72 58 65 -4 0 0 0.00 0.0 0 12.1 20 110 M M 6 24 110
3 77 63 70 0 0 5 0.00 0.0 0 12.3 22 120 M M 2 27 120
4 78 66 72 2 0 7 0.00 0.0 0 10.7 16 120 M M 2 20 130
5 79 65 72 2 0 7 T 0.0 0 11.5 22 130 M M 5 18 26 130
6 81 69 75 5 0 10 T 0.0 0 15.6 25 150 M M 6 18 36 140
7 78 71 75 5 0 10 0.00 0.0 0 9.9 22 140 M M 9 18 28 180
8 85 71 78 7 0 13 0.00 0.0 0 9.4 21 140 M M 7 128 28 140
9 82 73 78 7 0 13 T 0.0 0 12.3 21 150 M M 7 18 29 150
10 89 68 79 8 0 14 T 0.0 0 11.3 23 360 M M 6 1 28 360
11 81 60 71 0 0 6 0.00 0.0 0 11.8 17 130 M M 0 18 20 110
12 82 71 77 5 0 12 0.00 0.0 0 13.5 22 90 M M 8 18 28 80
13 84 73 79 7 0 14 0.00 0.0 0 9.4 17 110 M M 8 18 20 110
14 85 74 80 8 0 15 T 0.0 0 8.6 15 130 M M 6 18 19 130
15 76 71 74 2 0 9 0.00 0.0 0 14.1 24 80 M M 9 18 30 90
16 82 67 75 3 0 10 0.01 0.0 0 11.1 22 20 M M 9 18 29 20
17 67 58 63 -10 2 0 0.06 0.0 0 18.2 31 10 M M 9 13 39 10
18 65 55 60 -13 5 0 0.00 0.0 0 10.4 23 20 M M 9 31 20
19 70 55 63 -10 2 0 0.00 0.0 0 6.2 16 70 M M 8 20 70
20 77 51 64 -9 1 0 0.00 0.0 0 6.9 16 140 M M 1 12 20 130
21 72 52 62 -12 3 0 0.00 0.0 0 14.5 24 20 M M 3 30 20
22 74 64 69 -5 0 4 0.00 0.0 M 13.2 18 110 M M 8 18 23 110
23 80 71 76 2 0 11 T 0.0 0 11.7 24 150 M M 9 18 33 150
24 96 71 84 10 0 19 0.00 0.0 0 9.2 17 350 M M 3 128 21 330
25 83 63 73 -1 0 8 0.00 0.0 0 12.3 20 130 M M 1 24 120
26 82 71 77 2 0 12 T 0.0 0 14.5 22 130 M M 5 18 27 120
27 80 73 77 2 0 12 0.00 0.0 0 13.4 25 120 M M 9 18 32 120
28 84 75 80 5 0 15 0.00 0.0 0 15.6 24 140 M M 10 18 33 150
29 79 74 77 2 0 12 T 0.0 M 9.2 20 110 M M 10 18 27 140
30 76 71 74 -2 0 9 2.20 0.0 0 13.8 28 80 M M 10 138 33 80
================================================================================
SM 2367 1983 13 247 2.27 0.0 359.2 M 190
================================================================================
AV 78.9 66.1 12.0 FASTST M M 6 MAX(MPH)
MISC ----> # 31 30 39 10
================================================================================
NOTES:
# LAST OF SEVERAL OCCURRENCES
COLUMN 17 PEAK WIND IN M.P.H.
PRELIMINARY LOCAL CLIMATOLOGICAL DATA (WS FORM: F-6) , PAGE 2
STATION: ROCKPORT
MONTH: APRIL
YEAR: 2021
LATITUDE: 28 4 N
LONGITUDE: 97 3 W
[TEMPERATURE DATA] [PRECIPITATION DATA] SYMBOLS USED IN COLUMN 16
AVERAGE MONTHLY: 72.5 TOTAL FOR MONTH: 2.27 1 = FOG OR MIST
DPTR FM NORMAL: 0.1 DPTR FM NORMAL: 0.66 2 = FOG REDUCING VISIBILITY
HIGHEST: 96 ON 24 GRTST 24HR 2.20 ON 30-30 TO 1/4 MILE OR LESS
LOWEST: 51 ON 20 3 = THUNDER
SNOW, ICE PELLETS, HAIL 4 = ICE PELLETS
TOTAL MONTH: 0.0 INCH 5 = HAIL
GRTST 24HR 0.0 6 = FREEZING RAIN OR DRIZZLE
GRTST DEPTH: 0 7 = DUSTSTORM OR SANDSTORM:
VSBY 1/2 MILE OR LESS
8 = SMOKE OR HAZE
[NO. OF DAYS WITH] [WEATHER - DAYS WITH] 9 = BLOWING SNOW
X = TORNADO
MAX 32 OR BELOW: 0 0.01 INCH OR MORE: 3
MAX 90 OR ABOVE: 1 0.10 INCH OR MORE: 1
MIN 32 OR BELOW: 0 0.50 INCH OR MORE: 1
MIN 0 OR BELOW: 0 1.00 INCH OR MORE: 1
[HDD (BASE 65) ]
TOTAL THIS MO. 13 CLEAR (SCALE 0-3) 7
DPTR FM NORMAL -1 PTCLDY (SCALE 4-7) 13
TOTAL FM JUL 1 773 CLOUDY (SCALE 8-10) 10
DPTR FM NORMAL -104
[CDD (BASE 65) ]
TOTAL THIS MO. 247
DPTR FM NORMAL 12 [PRESSURE DATA]
TOTAL FM JAN 1 463 HIGHEST SLP 30.50 ON 1
DPTR FM NORMAL 79 LOWEST SLP 29.57 ON 9
[REMARKS]
#FINAL-04-21#