000
CXUS52 KFFC 011110
CF6RMG
PRELIMINARY LOCAL CLIMATOLOGICAL DATA (WS FORM: F-6)
STATION: ROME
MONTH: DECEMBER
YEAR: 2023
LATITUDE: 34 20 N
LONGITUDE: 85 10 W
TEMPERATURE IN F: :PCPN: SNOW: WIND :SUNSHINE: SKY :PK WND
================================================================================
1 2 3 4 5 6A 6B 7 8 9 10 11 12 13 14 15 16 17 18
12Z AVG MX 2MIN
DY MAX MIN AVG DEP HDD CDD WTR SNW DPTH SPD SPD DIR MIN PSBL S-S WX SPD DR
================================================================================
1 58 46 52 5 13 0 0.13 M M 2.0 9 140 M M 10 18 15 150
2 65 56 61 14 4 0 0.33 M M 2.4 8 170 M M 10 1 12 160
3 69 44 57 10 8 0 0.23 M M 4.8 16 280 M M 3 1 24 300
4 66 35 51 4 14 0 0.00 M M 4.9 21 270 M M 2 2 31 260
5 59 30 45 -2 20 0 0.00 M M 3.8 15 290 M M 2 22 300
6 54 31 43 -3 22 0 0.00 M M 7.7 22 10 M M 3 30 340
7 58 26 42 -4 23 0 0.00 M M 0.9 8 240 M M 0 13 190
8 63 29 46 0 19 0 0.00 M M 2.2 10 180 M M 2 15 210
9 63 53 58 12 7 0 0.53 M M 3.7 13 150 M M 10 1 17 150
10 61 39 50 4 15 0 0.77 M M 7.0 22 350 M M 9 138 29 360
11 51 27 39 -6 26 0 0.00 M M 4.4 12 350 M M 1 21 340
12 57 23 40 -5 25 0 0.00 M M 1.4 7 30 M M 0 8 10
13 60 27 44 -1 21 0 0.00 M M 2.5 9 60 M M 0 13 80
14 62 31 47 2 18 0 0.00 M M 1.5 12 150 M M 0 8 17 140
15 62 26 44 -1 21 0 0.00 M M 1.0 10 140 M M 0 15 150
16 60 29 45 0 20 0 0.03 M M 4.0 17 120 M M 7 1 25 130
17 54 47 51 7 14 0 0.13 M M 4.5 13 300 M M 10 1 21 330
18 56 36 46 2 19 0 0.00 M M 9.2 22 300 M M 3 34 290
19 46 25 36 -8 29 0 0.00 M M 5.7 18 10 M M 0 23 360
20 52 21 37 -7 28 0 0.00 M M 1.4 6 10 M M 0 9 160
21 54 23 39 -5 26 0 0.00 M M 1.0 6 360 M M 0 7 80
22 62 27 45 1 20 0 0.00 M M 1.2 7 200 M M 0 8 10 350
23 67 34 51 7 14 0 0.00 M M 0.8 7 110 M M 1 18 9 140
24 66 37 52 9 13 0 0.00 M M 4.6 20 130 M M 4 1 27 130
25 63 58 61 18 4 0 1.56 M M 7.3 23 130 M M 10 18 33 110
26 61 52 57 14 8 0 0.20 M M 3.9 9 280 M M 10 1 15 290
27 56 40 48 5 17 0 0.00 M M 3.0 9 200 M M 6 12 15 210
28 51 31 41 -2 24 0 0.00 M M 4.6 12 320 M M 2 12 18 300
29 45 33 39 -4 26 0 T M M 5.3 17 270 M M 10 24 290
30 45 37 41 -2 24 0 0.00 M M 5.3 12 270 M M 10 16 300
31 58 26 42 0 23 0 0.00 M M 2.9 14 250 M M 0 22 260
================================================================================
SM 1804 1079 565 0 3.91 M 114.9 M 125
================================================================================
AV 58.2 34.8 3.7 FASTST M M 4 MAX(MPH)
MISC ----> 23 130 34 290
================================================================================
NOTES:
# LAST OF SEVERAL OCCURRENCES
COLUMN 17 PEAK WIND IN M.P.H.
PRELIMINARY LOCAL CLIMATOLOGICAL DATA (WS FORM: F-6) , PAGE 2
STATION: ROME
MONTH: DECEMBER
YEAR: 2023
LATITUDE: 34 20 N
LONGITUDE: 85 10 W
[TEMPERATURE DATA] [PRECIPITATION DATA] SYMBOLS USED IN COLUMN 16
AVERAGE MONTHLY: 46.5 TOTAL FOR MONTH: 3.91 1 = FOG OR MIST
DPTR FM NORMAL: 1.8 DPTR FM NORMAL: -1.09 2 = FOG REDUCING VISIBILITY
HIGHEST: 69 ON 3 GRTST 24HR 1.56 ON 25-25 TO 1/4 MILE OR LESS
LOWEST: 21 ON 20 3 = THUNDER
SNOW, ICE PELLETS, HAIL 4 = ICE PELLETS
TOTAL MONTH: M 5 = HAIL
GRTST 24HR M ON M 6 = FREEZING RAIN OR DRIZZLE
GRTST DEPTH: M ON M 7 = DUSTSTORM OR SANDSTORM:
VSBY 1/2 MILE OR LESS
8 = SMOKE OR HAZE
[NO. OF DAYS WITH] [WEATHER - DAYS WITH] 9 = BLOWING SNOW
X = TORNADO
MAX 32 OR BELOW: 0 0.01 INCH OR MORE: 9
MAX 90 OR ABOVE: 0 0.10 INCH OR MORE: 8
MIN 32 OR BELOW: 16 0.50 INCH OR MORE: 3
MIN 0 OR BELOW: 0 1.00 INCH OR MORE: 1
[HDD (BASE 65) ]
TOTAL THIS MO. 565 CLEAR (SCALE 0-3) 17
DPTR FM NORMAL -65 PTCLDY (SCALE 4-7) 5
TOTAL FM JUL 1 1001 CLOUDY (SCALE 8-10) 9
DPTR FM NORMAL -195
[CDD (BASE 65) ]
TOTAL THIS MO. 0
DPTR FM NORMAL -1 [PRESSURE DATA]
TOTAL FM JAN 1 1901 HIGHEST SLP 30.69 ON 14
DPTR FM NORMAL 62 LOWEST SLP 29.77 ON 17
[REMARKS]
#FINAL-12-23#