000
CXUS51 KRNK 011832
CLSRNK
CLIMATE REPORT
NATIONAL WEATHER SERVICE BLACKSBURG, VA
232 PM EDT WED JUN 01 2022
...................................
...THE BLACKSBURG VA CLIMATE SUMMARY FOR THE SEASON, FROM
3/1/2022 TO 5/31/2022...
CLIMATE NORMAL PERIOD: 1991 TO 2020
CLIMATE RECORD PERIOD: 1893 TO 2022
WEATHER OBSERVED NORMAL DEPART LAST YEAR`S
VALUE DATE(S) VALUE FROM VALUE
NORMAL
..............................................................
TEMPERATURE (F)
RECORD
HIGH 93 05/22/1941
LOW -2 03/17/1900
HIGHEST 86 05/20 85
05/31
LOWEST 14 03/13 18
AVG. MAXIMUM 66.3 63.0 3.3 64.9
AVG. MINIMUM 41.6 39.2 2.4 40.0
MEAN 54.0 51.1 2.9 52.5
DAYS MAX >= 90 0 0.0 0.0 0
DAYS MAX <= 32 0 1.1 -1.1 0
DAYS MIN <= 32 20 26.5 -6.5 20
DAYS MIN <= 0 0 0.0 0.0 0
PRECIPITATION (INCHES)
RECORD
MAXIMUM 18.52 1975
MINIMUM 4.35 1930
TOTALS 11.69 12.02 -0.33 8.79
DAYS >= .01 32 38.4 -6.4 37
DAYS >= .10 21 24.4 -3.4 19
DAYS >= .50 9 8.6 0.4 7
DAYS >= 1.00 3 2.5 0.5 0
GREATEST
24 HR. TOTAL 1.61 0.94
SNOWFALL (INCHES)
TOTALS 1.5 4.9 -3.4 T
DAYS >= TRACE 6 3.3 2.7 6
DAYS >= 1.0 1 1.2 -0.2 0
GREATEST
24 HR TOTAL 0.0 MM
DEGREE DAYS
HEATING TOTAL 1029 1316 -287 1171
COOLING TOTAL 43 36 7 48
..............................................................
WIND (MPH)
AVERAGE WIND SPEED 4.8
RESULTANT WIND SPEED/DIRECTION 1/270
HIGHEST WIND SPEED/DIRECTION 32/310 DATE 03/12
HIGHEST GUST SPEED/DIRECTION 40/310 DATE 03/12
SKY COVER
AVERAGE SKY COVER 0.44
AVERAGE RH (PERCENT) 68
WEATHER CONDITIONS. NUMBER OF DAYS WITH
THUNDERSTORM 12 MIXED PRECIP 2
HEAVY RAIN 15 RAIN 23
LIGHT RAIN 43 FREEZING RAIN 0
LT FREEZING RAIN 0 HAIL 0
HEAVY SNOW 1 SNOW 1
LIGHT SNOW 5 SLEET 4
FOG 39 FOG W/VIS <= 1/4 MILE 8
HAZE 0
- INDICATES NEGATIVE NUMBERS.
R INDICATES RECORD WAS SET OR TIED.
MM INDICATES DATA IS MISSING.
T INDICATES TRACE AMOUNT.
$$
RCS