000
CXUS51 KRNK 010645
CLSRNK
CLIMATE REPORT
NATIONAL WEATHER SERVICE BLACKSBURG, VA
245 AM EDT FRI SEP 01 2023
...................................
...THE BLACKSBURG VA CLIMATE SUMMARY FOR THE SEASON, FROM
6/1/2023 TO 8/31/2023...
CLIMATE NORMAL PERIOD: 1991 TO 2020
CLIMATE RECORD PERIOD: 1893 TO 2023
WEATHER OBSERVED NORMAL DEPART LAST YEAR`S
VALUE DATE(S) VALUE FROM VALUE
NORMAL
..............................................................
TEMPERATURE (F)
RECORD
HIGH 100 07/28/1952
LOW 30 06/11/1972
HIGHEST 90 07/28 91
07/29
LOWEST 42 06/09 45
AVG. MAXIMUM 80.7 80.8 -0.1 82.7
AVG. MINIMUM 59.4 59.1 0.3 61.2
MEAN 70.1 70.0 0.1 71.9
DAYS MAX >= 90 2 4.3 -2.3 6
DAYS MAX <= 32 0 0.0 0.0 0
DAYS MIN <= 32 0 0.0 0.0 0
DAYS MIN <= 0 0 0.0 0.0 0
PRECIPITATION (INCHES)
RECORD
MAXIMUM 26.07 1918
MINIMUM 3.38 1930
TOTALS 9.27 12.05 -2.78 13.11
DAYS >= .01 30 36.7 -6.7 44
DAYS >= .10 17 22.2 -5.2 28
DAYS >= .50 7 7.9 -0.9 10
DAYS >= 1.00 2 2.8 -0.8 3
GREATEST
24 HR. TOTAL 1.48 1.71
SNOWFALL (INCHES)
TOTALS 0.0 0.0 0.0 0.0
DAYS >= TRACE 0 0.0 0.0 0
DAYS >= 1.0 0 0.0 0.0 0
GREATEST
24 HR TOTAL MM 0.0
DEGREE DAYS
HEATING TOTAL 45 49 -4 25
COOLING TOTAL 533 508 25 690
..............................................................
WIND (MPH)
AVERAGE WIND SPEED 2.7
RESULTANT WIND SPEED/DIRECTION 1/310
HIGHEST WIND SPEED/DIRECTION 39/320 DATE 07/28
HIGHEST GUST SPEED/DIRECTION 51/320 DATE 07/28
SKY COVER
AVERAGE SKY COVER 0.40
AVERAGE RH (PERCENT) 77
WEATHER CONDITIONS. NUMBER OF DAYS WITH
THUNDERSTORM 16 MIXED PRECIP 0
HEAVY RAIN 12 RAIN 22
LIGHT RAIN 40 FREEZING RAIN 0
LT FREEZING RAIN 0 HAIL 0
HEAVY SNOW 0 SNOW 0
LIGHT SNOW 0 SLEET 0
FOG 51 FOG W/VIS <= 1/4 MILE 6
HAZE 5
- INDICATES NEGATIVE NUMBERS.
R INDICATES RECORD WAS SET OR TIED.
MM INDICATES DATA IS MISSING.
T INDICATES TRACE AMOUNT.
$$
RCS