000
CXUS55 KREV 010855
CF6RNO
PRELIMINARY LOCAL CLIMATOLOGICAL DATA (WS FORM: F-6)
STATION: RENO-TAHOE INTL AIRPORT NV
MONTH: SEPTEMBER
YEAR: 2021
LATITUDE: 39 30 N
LONGITUDE: 119 47 W
TEMPERATURE IN F: :PCPN: SNOW: WIND :SUNSHINE: SKY :PK WND
================================================================================
1 2 3 4 5 6A 6B 7 8 9 10 11 12 13 14 15 16 17 18
12Z AVG MX 2MIN
DY MAX MIN AVG DEP HDD CDD WTR SNW DPTH SPD SPD DIR MIN PSBL S-S WX SPD DR
================================================================================
1 90 50 70 -2 0 5 0.00 0.0 0 4.9 25 300 M M 3 8 33 280
2 87 47 67 -4 0 2 0.00 0.0 0 5.6 21 310 M M 0 8 27 320
3 86 51 69 -2 0 4 0.00 0.0 0 3.5 12 80 M M 3 18 100
4 92 49 71 0 0 6 0.00 0.0 0 3.3 14 330 M M 1 8 17 50
5 96 51 74 3 0 9 0.00 0.0 0 3.2 16 350 M M 1 19 350
6 96 53 75 5 0 10 0.00 0.0 0 3.6 20 280 M M 5 8 26 290
7 98 57 78 8 0 13 0.00 0.0 0 4.7 18 280 M M 2 24 270
8 98 59 79 9 0 14 0.00 0.0 0 4.7 21 290 M M 2 27 290
9 98 64 81 12 0 16 0.03 0.0 0 5.4 44 190 M M 5 38 55 180
10 82 61 72 3 0 7 0.06 0.0 0 8.3 25 270 M M 6 13 34 270
11 88 57 73 4 0 8 0.00 0.0 0 5.6 21 340 M M 3 27 320
12 90 56 73 5 0 8 0.00 0.0 0 7.1 22 280 M M 3 28 270
13 88 52 70 2 0 5 0.00 0.0 0 4.4 17 10 M M 2 8 21 30
14 88 52 70 2 0 5 0.00 0.0 0 2.0 10 50 M M 0 8 14 70
15 92 54 73 5 0 8 0.00 0.0 0 6.8 26 280 M M 0 8 33 280
16 85 50 68 1 0 3 0.00 0.0 0 3.1 12 40 M M 0 17 50
17 88 51 70 3 0 5 0.00 0.0 0 3.8 20 270 M M 1 8 24 290
18 81 54 68 2 0 3 0.00 0.0 0 9.7 30 200 M M 5 36 220
19 73 52 63 -3 2 0 0.00 0.0 0 14.8 32 180 M M 5 40 200
20 74 45 60 -6 5 0 0.00 0.0 0 6.6 17 100 M M 0 24 90
21 84 45 65 0 0 0 0.00 0.0 0 3.1 9 100 M M 1 13 100
22 86 48 67 2 0 2 0.00 0.0 0 7.0 23 290 M M 5 29 290
23 81 51 66 2 0 1 0.00 0.0 0 4.2 12 10 M M 3 17 30
24 85 48 67 3 0 2 0.00 0.0 0 2.7 14 90 M M 2 17 70
25 89 51 70 6 0 5 0.00 0.0 0 5.8 24 280 M M 2 8 31 280
26 87 51 69 6 0 4 0.00 0.0 0 4.4 23 280 M M 3 31 280
27 81 47 64 1 1 0 0.00 0.0 0 9.2 35 170 M M 4 41 160
28 63 45 54 -8 11 0 T 0.0 0 9.6 25 330 M M 5 31 330
29 67 38 53 -9 12 0 0.00 0.0 0 3.3 13 60 M M 3 22 60
30 73 38 56 -6 9 0 0.00 0.0 0 3.8 15 70 M M 0 19 50
================================================================================
SM 2566 1527 40 145 0.09 0.0 164.2 M 75
================================================================================
AV 85.5 50.9 5.5 FASTST M M 3 MAX(MPH)
MISC ----> 44 190 55 180
================================================================================
NOTES:
# LAST OF SEVERAL OCCURRENCES
COLUMN 17 PEAK WIND IN M.P.H.
PRELIMINARY LOCAL CLIMATOLOGICAL DATA (WS FORM: F-6) , PAGE 2
STATION: RENO-TAHOE INTL AIRPORT NV
MONTH: SEPTEMBER
YEAR: 2021
LATITUDE: 39 30 N
LONGITUDE: 119 47 W
[TEMPERATURE DATA] [PRECIPITATION DATA] SYMBOLS USED IN COLUMN 16
AVERAGE MONTHLY: 68.2 TOTAL FOR MONTH: 0.09 1 = FOG OR MIST
DPTR FM NORMAL: 1.2 DPTR FM NORMAL: -0.12 2 = FOG REDUCING VISIBILITY
HIGHEST: 98 ON 9, 8 GRTST 24HR 0.09 ON 9-10 TO 1/4 MILE OR LESS
LOWEST: 38 ON 30,29 3 = THUNDER
SNOW, ICE PELLETS, HAIL 4 = ICE PELLETS
TOTAL MONTH: 0.0 INCH 5 = HAIL
GRTST 24HR 0.0 6 = FREEZING RAIN OR DRIZZLE
GRTST DEPTH: 0 7 = DUSTSTORM OR SANDSTORM:
VSBY 1/2 MILE OR LESS
8 = SMOKE OR HAZE
[NO. OF DAYS WITH] [WEATHER - DAYS WITH] 9 = BLOWING SNOW
X = TORNADO
MAX 32 OR BELOW: 0 0.01 INCH OR MORE: 2
MAX 90 OR ABOVE: 9 0.10 INCH OR MORE: 0
MIN 32 OR BELOW: 0 0.50 INCH OR MORE: 0
MIN 0 OR BELOW: 0 1.00 INCH OR MORE: 0
[HDD (BASE 65) ]
TOTAL THIS MO. 40 CLEAR (SCALE 0-3) 18
DPTR FM NORMAL -16 PTCLDY (SCALE 4-7) 12
TOTAL FM JUL 1 41 CLOUDY (SCALE 8-10) 0
DPTR FM NORMAL -22
[CDD (BASE 65) ]
TOTAL THIS MO. 145
DPTR FM NORMAL 27 [PRESSURE DATA]
TOTAL FM JAN 1 1366 HIGHEST SLP M ON M
DPTR FM NORMAL 335 LOWEST SLP 29.65 ON 1
[REMARKS]
THE AVERAGE TEMPERATURE FOR SEPTEMBER 2021 AT THE RENO-TAHOE
INTERNATIONAL AIRPORT WAS 68.2 DEGREES WHICH IS 1.2 DEGREES ABOVE
NORMAL. THE HIGHEST TEMPERATURE FOR SEPTEMBER WAS 98 WHICH OCCURRED
ON THE 7TH, 8TH AND 9TH. THE LOWEST TEMPERATURE FOR THE MONTH WAS 38
WHICH OCCURRED ON THE 29TH AND 30TH.
FOR SEPTEMBER 2021, 0.09 INCHES OF PRECIPITATION WAS RECORDED AT THE
RENO-TAHOE INTERNATIONAL AIRPORT. THIS IS 0.12 INCHES BELOW NORMAL.
THE AVERAGE WIND SPEED FOR SEPTEMBER 2021 WAS 5.5 MPH. THE PEAK WIND
GUST FOR THE MONTH WAS 55 MPH FROM THE SOUTH ON THE 9TH.
#FINAL-09-21#