000
CXUS55 KREV 010914
CF6RNO
PRELIMINARY LOCAL CLIMATOLOGICAL DATA (WS FORM: F-6)
STATION: RENO-TAHOE INTL AIRPORT NV
MONTH: JANUARY
YEAR: 2021
LATITUDE: 39 30 N
LONGITUDE: 119 47 W
TEMPERATURE IN F: :PCPN: SNOW: WIND :SUNSHINE: SKY :PK WND
================================================================================
1 2 3 4 5 6A 6B 7 8 9 10 11 12 13 14 15 16 17 18
12Z AVG MX 2MIN
DY MAX MIN AVG DEP HDD CDD WTR SNW DPTH SPD SPD DIR MIN PSBL S-S WX SPD DR
================================================================================
1 43 21 32 -2 33 0 0.00 0.0 0 1.9 10 170 M M 4 14 180
2 52 25 39 5 26 0 0.00 0.0 0 3.5 15 270 M M 7 18 270
3 54 38 46 12 19 0 0.00 0.0 0 6.9 21 350 M M 8 23 340
4 56 35 46 11 19 0 0.08 0.0 0 11.2 39 170 M M 6 56 250
5 49 24 37 2 28 0 0.00 0.0 0 1.7 13 360 M M 2 14 350
6 54 24 39 4 26 0 0.00 0.0 0 3.1 21 230 M M 4 29 230
7 48 21 35 0 30 0 0.00 0.0 0 2.6 9 320 M M 4 11 310
8 55 28 42 7 23 0 0.00 0.0 0 7.9 26 260 M M 5 37 250
9 45 19 32 -3 33 0 0.00 0.0 0 1.1 7 80 M M 4 9 80
10 48 22 35 0 30 0 0.00 0.0 0 1.9 12 30 M M 5 13 50
11 50 24 37 2 28 0 0.00 0.0 0 1.3 8 300 M M 8 9 300
12 58 31 45 10 20 0 0.00 0.0 0 2.3 14 290 M M 9 16 290
13 63 35 49 14 16 0 0.00 0.0 0 6.4 20 290 M M 5 23 300
14 59 27 43 8 22 0 0.00 0.0 0 1.9 9 270 M M 3 14 270
15 60 28 44 9 21 0 0.00 0.0 0 1.4 12 50 M M 6 14 60
16 59 28 44 9 21 0 0.00 0.0 0 1.7 9 90 M M 2 12 90
17 60 28 44 8 21 0 0.00 0.0 0 1.9 12 30 M M 2 15 30
18 52 31 42 6 23 0 0.00 0.0 0 6.2 25 80 M M 3 33 80
19 43 29 36 0 29 0 0.00 0.0 0 9.4 29 80 M M 3 78 35 60
20 51 21 36 0 29 0 0.00 0.0 0 1.8 7 170 M M 0 13 280
21 52 20 36 0 29 0 0.00 0.0 0 1.8 12 270 M M 5 15 290
22 49 31 40 4 25 0 0.00 0.0 0 8.4 23 290 M M 6 34 280
23 39 28 34 -2 31 0 0.04 0.6 T 3.6 13 290 M M 8 1 16 290
24 44 22 33 -3 32 0 0.03 0.3 0 3.4 22 280 M M 7 1 28 280
25 31 25 28 -8 37 0 0.11 2.6 2 9.9 20 350 M M 10 1 24 350
26 37 16 27 -9 38 0 0.01 0.4 1 6.5 21 150 M M 6 1 31 140
27 40 32 36 -1 29 0 0.64 4.6 3 11.5 24 170 M M 9 18 30 170
28 38 32 35 -2 30 0 0.31 1.2 3 8.2 21 300 M M 10 1 28 180
29 40 29 35 -2 30 0 0.08 0.8 3 1.9 9 40 M M 8 1 11 40
30 43 24 34 -3 31 0 0.00 0.0 2 3.5 10 180 M M 5 11 180
31 47 26 37 0 28 0 0.00 0.0 1 2.7 8 160 M M 7 12 210
================================================================================
SM 1519 824 837 0 1.30 10.5 137.5 M 171
================================================================================
AV 49.0 26.6 4.4 FASTST M M 6 MAX(MPH)
MISC ----> 39 170 56 250
================================================================================
NOTES:
# LAST OF SEVERAL OCCURRENCES
COLUMN 17 PEAK WIND IN M.P.H.
PRELIMINARY LOCAL CLIMATOLOGICAL DATA (WS FORM: F-6) , PAGE 2
STATION: RENO-TAHOE INTL AIRPORT NV
MONTH: JANUARY
YEAR: 2021
LATITUDE: 39 30 N
LONGITUDE: 119 47 W
[TEMPERATURE DATA] [PRECIPITATION DATA] SYMBOLS USED IN COLUMN 16
AVERAGE MONTHLY: 37.8 TOTAL FOR MONTH: 1.30 1 = FOG OR MIST
DPTR FM NORMAL: 2.2 DPTR FM NORMAL: 0.27 2 = FOG REDUCING VISIBILITY
HIGHEST: 63 ON 13 GRTST 24HR 0.85 ON 28-29 TO 1/4 MILE OR LESS
LOWEST: 16 ON 26 3 = THUNDER
SNOW, ICE PELLETS, HAIL 4 = ICE PELLETS
TOTAL MONTH: 10.5 INCHES 5 = HAIL
GRTST 24HR 4.6 ON 27-27 6 = FREEZING RAIN OR DRIZZLE
GRTST DEPTH: 3 ON 29,28 7 = DUSTSTORM OR SANDSTORM:
VSBY 1/2 MILE OR LESS
8 = SMOKE OR HAZE
[NO. OF DAYS WITH] [WEATHER - DAYS WITH] 9 = BLOWING SNOW
X = TORNADO
MAX 32 OR BELOW: 1 0.01 INCH OR MORE: 8
MAX 90 OR ABOVE: 0 0.10 INCH OR MORE: 3
MIN 32 OR BELOW: 28 0.50 INCH OR MORE: 1
MIN 0 OR BELOW: 0 1.00 INCH OR MORE: 0
[HDD (BASE 65) ]
TOTAL THIS MO. 837 CLEAR (SCALE 0-3) 6
DPTR FM NORMAL -76 PTCLDY (SCALE 4-7) 20
TOTAL FM JUL 1 2657 CLOUDY (SCALE 8-10) 5
DPTR FM NORMAL -279
[CDD (BASE 65) ]
TOTAL THIS MO. 0
DPTR FM NORMAL 0 [PRESSURE DATA]
TOTAL FM JAN 1 0 HIGHEST SLP M ON M
DPTR FM NORMAL 0 LOWEST SLP 29.54 ON 25
[REMARKS]
THE AVERAGE TEMPERATURE FOR JANUARY 2021 AT THE RENO-TAHOE
INTERNATIONAL AIRPORT WAS 37.8 DEGREES WHICH IS 2.2 DEGREES ABOVE
NORMAL. THE HIGHEST TEMPERATURE FOR JANUARY WAS 63 DEGREES WHICH
OCCURRED ON THE 13TH. THE LOWEST TEMPERATURE FOR THE MONTH WAS 16
DEGREES WHICH OCCURRED ON THE 26TH.
FOR JANUARY 2021, 1.30 INCHES OF PRECIPITATION WAS RECORDED AT THE
RENO-TAHOE INTERNATIONAL AIRPORT. THIS IS 0.27 INCHES ABOVE NORMAL.
THE TOTAL SNOWFALL FOR THE MONTH WAS 10.5 INCHES, WHICH IS 4.9
INCHES ABOVE NORMAL.
THE AVERAGE WIND SPEED FOR JANUARY 2021 WAS 4.4 MPH. THE PEAK WIND
GUST FOR THE MONTH WAS 56 MPH FROM THE SOUTHWEST ON THE 4TH.
#FINAL-01-21#