000
CXUS51 KBUF 010905
CF6ROC
PRELIMINARY LOCAL CLIMATOLOGICAL DATA (WS FORM: F-6)
STATION: ROCHESTER NY
MONTH: JANUARY
YEAR: 2021
LATITUDE: 43 7 N
LONGITUDE: 77 40 W
TEMPERATURE IN F: :PCPN: SNOW: WIND :SUNSHINE: SKY :PK WND
================================================================================
1 2 3 4 5 6A 6B 7 8 9 10 11 12 13 14 15 16 17 18
12Z AVG MX 2MIN
DY MAX MIN AVG DEP HDD CDD WTR SNW DPTH SPD SPD DIR MIN PSBL S-S WX SPD DR
================================================================================
1 35 24 30 4 35 0 0.22 0.1 0 8.1 18 130 M M 9 146 25 140
2 37 32 35 9 30 0 0.50 0.1 0 8.2 18 300 M M 10 13 26 270
3 36 32 34 8 31 0 0.05 T 0 6.1 13 260 M M 10 1 16 130
4 35 32 34 8 31 0 0.01 T 0 3.4 9 330 M M 10 16 11 310
5 35 32 34 9 31 0 0.03 0.3 0 3.9 12 30 M M 10 1 13 30
6 34 31 33 8 32 0 0.04 0.4 T 6.9 14 320 M M 10 1 17 300
7 31 28 30 5 35 0 T T T 6.7 13 340 M M 10 17 350
8 29 19 24 -1 41 0 T T T 5.9 12 360 M M 9 14 360
9 37 17 27 2 38 0 0.00 0.0 0 5.9 14 330 M M 5 18 290
10 36 20 28 3 37 0 0.00 0.0 0 6.0 16 270 M M 8 19 270
11 39 23 31 6 34 0 0.06 0.3 0 6.0 22 260 M M 9 1 28 270
12 33 29 31 6 34 0 T T T 8.7 14 250 M M 10 16 19 260
13 40 30 35 11 30 0 T T T 8.2 15 240 M M 8 16 19 200
14 39 34 37 13 28 0 0.00 0.0 0 3.6 9 110 M M 10 18 12 240
15 43 34 39 15 26 0 0.13 0.0 0 10.2 21 140 M M 9 1 26 130
16 38 30 34 10 31 0 0.01 0.0 0 11.5 25 270 M M 8 1 33 260
17 39 32 36 12 29 0 0.02 0.2 0 14.1 26 260 M M 10 1 36 280
18 33 29 31 7 34 0 0.07 1.1 1 6.5 13 270 M M 10 1 16 290
19 34 27 31 7 34 0 0.05 1.1 1 10.7 32 270 M M 9 1 40 270
20 28 21 25 1 40 0 0.08 1.6 1 9.1 23 320 M M 9 1 29 320
21 37 22 30 6 35 0 T T 1 14.6 25 270 M M 10 34 270
22 36 21 29 5 36 0 0.19 5.0 T 13.3 28 290 M M 10 189 33 290
23 22 17 20 -4 45 0 0.09 2.3 5 11.6 22 320 M M 10 29 320
24 24 13 19 -5 46 0 T T 6 3.6 15 340 M M 8 22 350
25 35 9 22 -2 43 0 0.00 0.0 4 2.4 9 100 M M 7 1 11 100
26 32 26 29 5 36 0 0.26 3.0 3 11.7 20 100 M M 10 126 25 100
27 29 20 25 1 40 0 0.02 0.8 5 9.8 17 360 M M 10 18 22 360
28 21 15 18 -6 47 0 0.04 1.4 6 13.4 26 340 M M 9 19 34 310
29 17 10 14 -10 51 0 0.08 3.8 5 9.5 22 340 M M 10 19 32 330
30 25 3 14 -10 51 0 0.02 0.4 6 5.8 15 260 M M 7 18 20 280
31 25 6 16 -8 49 0 0.00 0.0 6 8.6 16 90 M M 8 1 21 110
================================================================================
SM 1014 718 1140 0 1.97 21.9 254.0 M 282
================================================================================
AV 32.7 23.2 8.2 FASTST M M 9 MAX(MPH)
MISC ----> 32 270 40 270
================================================================================
NOTES:
# LAST OF SEVERAL OCCURRENCES
COLUMN 17 PEAK WIND IN M.P.H.
PRELIMINARY LOCAL CLIMATOLOGICAL DATA (WS FORM: F-6) , PAGE 2
STATION: ROCHESTER NY
MONTH: JANUARY
YEAR: 2021
LATITUDE: 43 7 N
LONGITUDE: 77 40 W
[TEMPERATURE DATA] [PRECIPITATION DATA] SYMBOLS USED IN COLUMN 16
AVERAGE MONTHLY: 27.9 TOTAL FOR MONTH: 1.97 1 = FOG OR MIST
DPTR FM NORMAL: 3.2 DPTR FM NORMAL: -0.44 2 = FOG REDUCING VISIBILITY
HIGHEST: 43 ON 15 GRTST 24HR 0.72 ON 1- 2 TO 1/4 MILE OR LESS
LOWEST: 3 ON 30 3 = THUNDER
SNOW, ICE PELLETS, HAIL 4 = ICE PELLETS
TOTAL MONTH: 21.9 INCHES 5 = HAIL
GRTST 24HR 5.0 ON 22-22 6 = FREEZING RAIN OR DRIZZLE
GRTST DEPTH: 6 ON 31,30 7 = DUSTSTORM OR SANDSTORM:
VSBY 1/2 MILE OR LESS
8 = SMOKE OR HAZE
[NO. OF DAYS WITH] [WEATHER - DAYS WITH] 9 = BLOWING SNOW
X = TORNADO
MAX 32 OR BELOW: 11 0.01 INCH OR MORE: 20
MAX 90 OR ABOVE: 0 0.10 INCH OR MORE: 5
MIN 32 OR BELOW: 29 0.50 INCH OR MORE: 1
MIN 0 OR BELOW: 0 1.00 INCH OR MORE: 0
[HDD (BASE 65) ]
TOTAL THIS MO. 1140 CLEAR (SCALE 0-3) 0
DPTR FM NORMAL -111 PTCLDY (SCALE 4-7) 6
TOTAL FM JUL 1 3278 CLOUDY (SCALE 8-10) 25
DPTR FM NORMAL -429
[CDD (BASE 65) ]
TOTAL THIS MO. 0
DPTR FM NORMAL 0 [PRESSURE DATA]
TOTAL FM JAN 1 0 HIGHEST SLP 30.49 ON 1
DPTR FM NORMAL 0 LOWEST SLP 29.45 ON 16
[REMARKS]
#FINAL-01-21#