000
CXUS53 KGRB 171622
CF6RRL
PRELIMINARY LOCAL CLIMATOLOGICAL DATA (WS FORM: F-6)
STATION: MERRILL MUNICIPAL AI
MONTH: MARCH
YEAR: 2022
LATITUDE: 45 10 N
LONGITUDE: 89 42 W
TEMPERATURE IN F: :PCPN: SNOW: WIND :SUNSHINE: SKY :PK WND
================================================================================
1 2 3 4 5 6A 6B 7 8 9 10 11 12 13 14 15 16 17 18
12Z AVG MX 2MIN
DY MAX MIN AVG DEP HDD CDD WTR SNW DPTH SPD SPD DIR MIN PSBL S-S WX SPD DR
================================================================================
1 34 10 22 M 43 0 M M M 2.5 12 360 M M 4 16 360
2 32 1 17 M 48 0 M M M 4.5 16 360 M M 5 21 340
3 28 -12 8 M 57 0 M M M 2.0 9 230 M M 0 M M
4 36 -4 16 M 49 0 M M M 3.8 12 120 M M 6 17 120
5 34 29 32 M 33 0 M M M 6.1 14 130 M M 9 1 20 130
6 34 28 31 M 34 0 M M M 8.5 16 310 M M 10 1 23 310
7 31 17 24 M 41 0 M M M 7.3 13 320 M M 7 20 330
8 38 4 21 M 44 0 M M M 7.6 16 240 M M 2 27 240
9 29 10 20 M 45 0 M M M 12.3 18 260 M M 6 25 270
10 21 -3 9 M 56 0 M M M 5.7 14 260 M M 3 20 270
11 18 4 11 M 54 0 M M M 13.2 23 270 M M 4 30 270
12 16 -7 5 M 60 0 M M M 6.6 13 310 M M 2 21 320
13 40 14 27 M 38 0 M M M 7.6 18 290 M M 6 26 290
14 35 23 29 M 36 0 M M M 1.9 9 30 M M 9 12 M M
15 44 24 34 M 31 0 M M M 1.7 12 240 M M 5 12 16 240
16 59 23 41 M 24 0 M M M 4.4 15 190 M M 1 21 210
17 50 26 38 M 27 0 M M M 3.0 10 20 M M 0 1 M M
18 42 30 36 M 29 0 M M M 5.4 10 70 M M 7 20 50
19 48 26 37 M 28 0 M M M 6.3 12 330 M M 4 18 360
20 55 19 37 M 28 0 M M M 2.1 9 240 M M 0 8 10 240
21 42 29 36 M 29 0 M M M 7.9 15 100 M M 8 23 100
22 37 32 35 M 30 0 M M M 10.9 16 90 M M 10 24 90
23 34 32 33 M 32 0 M M M 6.6 9 70 M M 10 16 90
24 39 27 33 M 32 0 M M M 5.2 9 40 M M 8 1 17 50
25 37 24 31 M 34 0 M M M 9.2 21 330 M M 7 18 33 320
26 29 17 23 M 42 0 M M M 14.3 21 340 M M 7 33 330
27 27 10 19 M 46 0 M M M 10.0 16 10 M M 2 23 340
28 34 6 20 M 45 0 M M M 2.2 8 340 M M 0 M M
29 36 22 29 M 36 0 M M M 10.5 17 130 M M 9 26 130
30 34 30 32 M 33 0 M M M 7.2 14 10 M M 10 1 24 120
31 32 26 29 M 36 0 M M M 12.9 21 340 M M 10 32 20
================================================================================
SM 1105 517 1200 0 M M 209.4 M 171
================================================================================
AV 35.6 16.7 6.8 FASTST M M 6 MAX(MPH)
MISC ----> 23 270 # 33 320
================================================================================
NOTES:
# LAST OF SEVERAL OCCURRENCES
COLUMN 17 PEAK WIND IN M.P.H.
PRELIMINARY LOCAL CLIMATOLOGICAL DATA (WS FORM: F-6) , PAGE 2
STATION: MERRILL MUNICIPAL AI
MONTH: MARCH
YEAR: 2022
LATITUDE: 45 10 N
LONGITUDE: 89 42 W
[TEMPERATURE DATA] [PRECIPITATION DATA] SYMBOLS USED IN COLUMN 16
AVERAGE MONTHLY: 26.2 TOTAL FOR MONTH: M 1 = FOG OR MIST
DPTR FM NORMAL: 0.0 DPTR FM NORMAL: M 2 = FOG REDUCING VISIBILITY
HIGHEST: 59 ON 16 GRTST 24HR M ON M TO 1/4 MILE OR LESS
LOWEST: -12 ON 3 3 = THUNDER
SNOW, ICE PELLETS, HAIL 4 = ICE PELLETS
TOTAL MONTH: M 5 = HAIL
GRTST 24HR M ON M 6 = FREEZING RAIN OR DRIZZLE
GRTST DEPTH: M ON M 7 = DUSTSTORM OR SANDSTORM:
VSBY 1/2 MILE OR LESS
8 = SMOKE OR HAZE
[NO. OF DAYS WITH] [WEATHER - DAYS WITH] 9 = BLOWING SNOW
X = TORNADO
MAX 32 OR BELOW: 10 0.01 INCH OR MORE: 0
MAX 90 OR ABOVE: 0 0.10 INCH OR MORE: 0
MIN 32 OR BELOW: 31 0.50 INCH OR MORE: 0
MIN 0 OR BELOW: 4 1.00 INCH OR MORE: 0
[HDD (BASE 65) ]
TOTAL THIS MO. 1200 CLEAR (SCALE 0-3) 9
DPTR FM NORMAL M PTCLDY (SCALE 4-7) 12
TOTAL FM JUL 1 7517 CLOUDY (SCALE 8-10) 10
DPTR FM NORMAL 7137
[CDD (BASE 65) ]
TOTAL THIS MO. 0
DPTR FM NORMAL M [PRESSURE DATA]
TOTAL FM JAN 1 0 HIGHEST SLP M ON M
DPTR FM NORMAL 0 LOWEST SLP M ON M
[REMARKS]
#FINAL-03-22#