000
CXUS53 KARX 011000
CF6RST
PRELIMINARY LOCAL CLIMATOLOGICAL DATA (WS FORM: F-6)
STATION: ROCHESTER MN
MONTH: FEBRUARY
YEAR: 2023
LATITUDE: 43 55 N
LONGITUDE: 92 30 W
TEMPERATURE IN F: :PCPN: SNOW: WIND :SUNSHINE: SKY :PK WND
================================================================================
1 2 3 4 5 6A 6B 7 8 9 10 11 12 13 14 15 16 17 18
12Z AVG MX 2MIN
DY MAX MIN AVG DEP HDD CDD WTR SNW DPTH SPD SPD DIR MIN PSBL S-S WX SPD DR
================================================================================
1 16 -2 7 -8 58 0 0.00 0.0 6 9.8 17 200 M M 2 21 190
2 16 -10 3 -12 62 0 T T 6 18.2 29 340 M M 1 36 330
3 4 -16 -6 -21 71 0 0.00 0.0 6 11.2 24 170 M M 6 30 160
4 28 4 16 0 49 0 0.00 0.0 6 13.7 23 170 M M 0 30 170
5 27 12 20 4 45 0 T T 6 9.7 18 320 M M 1 1 23 310
6 38 9 24 8 41 0 0.02 T 5 15.5 26 150 M M 4 1 39 150
7 34 21 28 12 37 0 0.02 0.0 5 15.7 26 310 M M 4 34 290
8 37 20 29 13 36 0 0.00 0.0 4 9.7 17 200 M M 0 22 190
9 34 19 27 10 38 0 T T 4 13.4 24 320 M M 5 1 38 330
10 24 6 15 -2 50 0 0.00 0.0 3 11.3 17 190 M M 0 20 310
11 35 20 28 11 37 0 0.00 0.0 3 14.8 23 200 M M 0 31 210
12 37 21 29 11 36 0 0.00 0.0 2 8.1 15 250 M M 0 19 250
13 37 20 29 11 36 0 0.00 0.0 2 12.7 21 190 M M 0 27 170
14 40 35 38 20 27 0 0.66 0.0 1 16.8 23 190 M M 7 1 31 90
15 37 16 27 9 38 0 0.10 T 1 18.9 36 270 M M 7 1 46 270
16 20 10 15 -4 50 0 0.00 0.0 T 13.8 23 340 M M 3 28 340
17 26 5 16 -3 49 0 0.00 0.0 T 13.9 25 190 M M 0 33 190
18 37 20 29 9 36 0 0.00 0.0 T 11.5 24 200 M M 0 31 190
19 36 18 27 7 38 0 0.00 0.0 0 12.7 22 300 M M 3 1 29 210
20 36 11 24 4 41 0 0.03 0.7 0 15.3 37 290 M M 6 12 47 300
21 18 3 11 -10 54 0 0.36 4.1 2 10.6 32 290 M M 5 1 39 290
22 20 17 19 -2 46 0 0.29 3.7 5 20.3 28 50 M M 10 1 39 50
23 19 -2 9 -13 56 0 0.17 3.8 10 15.4 28 60 M M 9 16 37 60
24 13 -11 1 -21 64 0 0.03 0.2 12 5.4 15 280 M M 6 1 17 280
25 27 1 14 -8 51 0 T T 12 12.3 24 210 M M 3 1 29 210
26 36 7 22 -1 43 0 0.00 0.0 12 11.1 22 120 M M 0 1 27 130
27 36 32 34 11 31 0 0.72 T 8 17.1 25 130 M M 10 1 33 120
28 37 22 30 6 35 0 0.14 1.1 5 6.7 17 310 M M 3 1 23 290
================================================================================
SM 805 308 1255 0 2.54 13.6 365.6 M 95
================================================================================
AV 28.8 11.0 13.1 FASTST M M 3 MAX(MPH)
MISC ----> 37 290 47 300
================================================================================
NOTES:
# LAST OF SEVERAL OCCURRENCES
COLUMN 17 PEAK WIND IN M.P.H.
PRELIMINARY LOCAL CLIMATOLOGICAL DATA (WS FORM: F-6) , PAGE 2
STATION: ROCHESTER MN
MONTH: FEBRUARY
YEAR: 2023
LATITUDE: 43 55 N
LONGITUDE: 92 30 W
[TEMPERATURE DATA] [PRECIPITATION DATA] SYMBOLS USED IN COLUMN 16
AVERAGE MONTHLY: 19.9 TOTAL FOR MONTH: 2.54 1 = FOG OR MIST
DPTR FM NORMAL: 1.2 DPTR FM NORMAL: 1.52 2 = FOG REDUCING VISIBILITY
HIGHEST: 40 ON 14 GRTST 24HR 0.76 ON 14-15 TO 1/4 MILE OR LESS
LOWEST: -16 ON 3 3 = THUNDER
SNOW, ICE PELLETS, HAIL 4 = ICE PELLETS
TOTAL MONTH: 13.6 INCHES 5 = HAIL
GRTST 24HR 4.1 ON 21-21 6 = FREEZING RAIN OR DRIZZLE
GRTST DEPTH: 12 ON 26,25 7 = DUSTSTORM OR SANDSTORM:
VSBY 1/2 MILE OR LESS
8 = SMOKE OR HAZE
[NO. OF DAYS WITH] [WEATHER - DAYS WITH] 9 = BLOWING SNOW
X = TORNADO
MAX 32 OR BELOW: 13 0.01 INCH OR MORE: 11
MAX 90 OR ABOVE: 0 0.10 INCH OR MORE: 7
MIN 32 OR BELOW: 27 0.50 INCH OR MORE: 2
MIN 0 OR BELOW: 5 1.00 INCH OR MORE: 0
[HDD (BASE 65) ]
TOTAL THIS MO. 1255 CLEAR (SCALE 0-3) 14
DPTR FM NORMAL -41 PTCLDY (SCALE 4-7) 11
TOTAL FM JUL 1 5737 CLOUDY (SCALE 8-10) 3
DPTR FM NORMAL -175
[CDD (BASE 65) ]
TOTAL THIS MO. 0
DPTR FM NORMAL 0 [PRESSURE DATA]
TOTAL FM JAN 1 0 HIGHEST SLP 30.75 ON 24
DPTR FM NORMAL 0 LOWEST SLP 29.13 ON 14
[REMARKS]
#FINAL-02-23#