000
CXUS54 KLZK 011130
CF6RUE
PRELIMINARY LOCAL CLIMATOLOGICAL DATA (WS FORM: F-6)
STATION: RUSSELLVILLE
MONTH: AUGUST
YEAR: 2021
LATITUDE: 35 15 N
LONGITUDE: 93 6 W
TEMPERATURE IN F: :PCPN: SNOW: WIND :SUNSHINE: SKY :PK WND
================================================================================
1 2 3 4 5 6A 6B 7 8 9 10 11 12 13 14 15 16 17 18
12Z AVG MX 2MIN
DY MAX MIN AVG DEP HDD CDD WTR SNW DPTH SPD SPD DIR MIN PSBL S-S WX SPD DR
================================================================================
1 89 74 82 0 0 17 0.10 M M 1.9 10 150 M M 6 13 16 130
2 89 72 81 -1 0 16 T M M 2.0 12 30 M M 6 18 16 60
3 87 70 79 -3 0 14 0.00 M M 2.4 12 60 M M 4 15 50
4 87 64 76 -6 0 11 0.00 M M 2.1 8 190 M M 1 1 13 120
5 89 66 78 -4 0 13 0.00 M M 1.7 8 240 M M 4 11 180
6 89 71 80 -2 0 15 T M M 1.5 10 110 M M 5 13 17 90
7 93 67 80 -2 0 15 0.00 M M 2.6 10 210 M M 0 18 16 190
8 94 74 84 2 0 19 0.00 M M 3.7 10 200 M M 3 18 220
9 95 74 85 3 0 20 0.00 M M 4.2 15 250 M M 1 24 240
10 99 75 87 5 0 22 0.00 M M 4.0 14 210 M M 0 19 220
11 99 74 87 5 0 22 0.00 M M 3.6 15 250 M M 0 20 250
12 100 72 86 4 0 21 0.00 M M 2.7 14 260 M M 0 17 260
13 97 72 85 3 0 20 0.01 M M 3.9 17 320 M M 1 3 21 40
14 91 73 82 0 0 17 T M M 1.9 13 70 M M 3 17 80
15 91 70 81 -1 0 16 0.00 M M 3.1 12 160 M M 1 18 180
16 92 66 79 -3 0 14 0.00 M M 3.0 10 110 M M 0 17 120
17 92 69 81 0 0 16 0.08 M M 2.0 12 90 M M 2 13 18 120
18 84 73 79 -2 0 14 1.27 M M 1.5 10 80 M M 7 123 13 80
19 89 75 82 1 0 17 0.04 M M 1.9 9 260 M M 6 1 14 150
20 93 75 84 3 0 19 0.00 M M 2.0 8 140 M M 5 12 100
21 94 74 84 3 0 19 0.00 M M 2.3 17 10 M M 3 1 23 360
22 98 75 87 6 0 22 0.00 M M 1.3 10 170 M M 1 1 15 180
23 99 73 86 6 0 21 0.00 M M 1.4 9 180 M M 0 13 280
24 99 72 86 6 0 21 0.00 M M 2.3 8 180 M M 0 12 90
25 99 71 85 5 0 20 0.00 M M 1.6 6 99 M M 0 1 M M
26 98 73 86 6 0 21 0.00 M M 2.2 10 70 M M 0 1 14 60
27 96 74 85 5 0 20 0.00 M M 3.0 12 160 M M 1 17 170
28 94 74 84 4 0 19 0.00 M M 3.7 12 90 M M 2 19 110
29 96 74 85 6 0 20 0.00 M M 4.3 16 50 M M 1 20 40
30 92 71 82 3 0 17 0.21 M M 4.9 16 50 M M 2 1 22 60
31 95 68 82 3 0 17 0.00 M M 3.0 13 300 M M 0 20 300
================================================================================
SM 2899 2225 0 555 1.71 M 81.7 M 65
================================================================================
AV 93.5 71.8 2.6 FASTST M M 2 MAX(MPH)
MISC ----> # 17 320 24 240
================================================================================
NOTES:
# LAST OF SEVERAL OCCURRENCES
COLUMN 17 PEAK WIND IN M.P.H.
PRELIMINARY LOCAL CLIMATOLOGICAL DATA (WS FORM: F-6) , PAGE 2
STATION: RUSSELLVILLE
MONTH: AUGUST
YEAR: 2021
LATITUDE: 35 15 N
LONGITUDE: 93 6 W
[TEMPERATURE DATA] [PRECIPITATION DATA] SYMBOLS USED IN COLUMN 16
AVERAGE MONTHLY: 82.6 TOTAL FOR MONTH: 1.71 1 = FOG OR MIST
DPTR FM NORMAL: 1.5 DPTR FM NORMAL: -1.80 2 = FOG REDUCING VISIBILITY
HIGHEST: 100 ON 12 GRTST 24HR 1.35 ON 17-18 TO 1/4 MILE OR LESS
LOWEST: 64 ON 4 3 = THUNDER
SNOW, ICE PELLETS, HAIL 4 = ICE PELLETS
TOTAL MONTH: M 5 = HAIL
GRTST 24HR M ON M 6 = FREEZING RAIN OR DRIZZLE
GRTST DEPTH: M ON M 7 = DUSTSTORM OR SANDSTORM:
VSBY 1/2 MILE OR LESS
8 = SMOKE OR HAZE
[NO. OF DAYS WITH] [WEATHER - DAYS WITH] 9 = BLOWING SNOW
X = TORNADO
MAX 32 OR BELOW: 0 0.01 INCH OR MORE: 6
MAX 90 OR ABOVE: 23 0.10 INCH OR MORE: 3
MIN 32 OR BELOW: 0 0.50 INCH OR MORE: 1
MIN 0 OR BELOW: 0 1.00 INCH OR MORE: 1
[HDD (BASE 65) ]
TOTAL THIS MO. 0 CLEAR (SCALE 0-3) 23
DPTR FM NORMAL 0 PTCLDY (SCALE 4-7) 8
TOTAL FM JUL 1 0 CLOUDY (SCALE 8-10) 0
DPTR FM NORMAL 0
[CDD (BASE 65) ]
TOTAL THIS MO. 555
DPTR FM NORMAL 55 [PRESSURE DATA]
TOTAL FM JAN 1 1569 HIGHEST SLP 30.16 ON 14
DPTR FM NORMAL -74 LOWEST SLP 29.65 ON 31
[REMARKS]
#FINAL-08-21#