000
CXUS54 KLZK 011330
CF6RUE
PRELIMINARY LOCAL CLIMATOLOGICAL DATA (WS FORM: F-6)
STATION: RUSSELLVILLE
MONTH: DECEMBER
YEAR: 2023
LATITUDE: 35 15 N
LONGITUDE: 93 6 W
TEMPERATURE IN F: :PCPN: SNOW: WIND :SUNSHINE: SKY :PK WND
================================================================================
1 2 3 4 5 6A 6B 7 8 9 10 11 12 13 14 15 16 17 18
12Z AVG MX 2MIN
DY MAX MIN AVG DEP HDD CDD WTR SNW DPTH SPD SPD DIR MIN PSBL S-S WX SPD DR
================================================================================
1 61 47 54 9 11 0 0.01 M M 6.0 18 300 M M 8 12 26 300
2 53 38 46 1 19 0 T M M 2.7 8 90 M M 6 1 13 160
3 63 38 51 6 14 0 0.00 M M 2.9 17 280 M M 1 12 26 280
4 57 33 45 1 20 0 0.00 M M 8.2 21 280 M M 0 30 280
5 64 29 47 3 18 0 0.00 M M 5.3 22 270 M M 0 1 27 300
6 55 27 41 -3 24 0 0.00 M M 1.5 7 190 M M 0 10 200
7 66 34 50 6 15 0 0.00 M M 3.4 15 180 M M 0 24 180
8 65 50 58 15 7 0 0.01 M M 5.1 13 190 M M 4 3 19 170
9 67 45 56 13 9 0 0.00 M M 8.7 18 320 M M 5 27 300
10 52 29 41 -2 24 0 0.00 M M 6.1 14 270 M M 0 20 290
11 58 24 41 -2 24 0 0.00 M M 1.5 9 230 M M 0 8 14 200
12 62 28 45 3 20 0 0.00 M M 0.9 6 100 M M 0 18 11 100
13 58 32 45 3 20 0 0.00 M M 1.2 9 90 M M 1 19 100
14 63 30 47 5 18 0 0.00 M M 3.0 13 70 M M 0 18 19 70
15 57 38 48 6 17 0 0.24 M M 3.7 15 90 M M 3 1 26 70
16 52 33 43 1 22 0 0.04 M M 7.0 20 280 M M 8 1 25 260
17 58 29 44 2 21 0 0.00 M M 2.4 10 260 M M 3 12 14 260
18 56 27 42 0 23 0 0.00 M M 5.7 17 310 M M 0 27 300
19 49 22 36 -5 29 0 0.00 M M 2.4 9 80 M M 0 17 150
20 58 29 44 3 21 0 0.00 M M 2.0 8 170 M M 0 12 110
21 55 35 45 4 20 0 0.01 M M 1.6 7 120 M M 6 8 11 120
22 61 45 53 12 12 0 T M M 1.5 8 180 M M 9 12 190
23 67 54 61 20 4 0 0.00 M M 4.2 10 100 M M 9 18 18 110
24 61 56 59 18 6 0 0.79 M M 7.3 15 100 M M 10 1 26 120
25 57 30 44 3 21 0 0.02 M M 12.2 23 270 M M 8 1 33 290
26 53 26 40 0 25 0 0.00 M M 3.7 14 190 M M 1 21 230
27 47 33 40 0 25 0 0.00 M M 9.0 22 290 M M 7 30 270
28 42 36 39 -1 26 0 0.00 M M 9.0 17 300 M M 8 23 310
29 41 27 34 -6 31 0 0.00 M M 8.6 16 270 M M 7 23 260
30 56 22 39 -1 26 0 0.00 M M 1.1 12 290 M M 1 12 18 280
31 59 26 43 3 22 0 0.00 M M 2.8 13 40 M M 0 19 40
================================================================================
SM 1773 1052 594 0 1.12 M 140.7 M 105
================================================================================
AV 57.2 33.9 4.5 FASTST M M 3 MAX(MPH)
MISC ----> 23 270 33 290
================================================================================
NOTES:
# LAST OF SEVERAL OCCURRENCES
COLUMN 17 PEAK WIND IN M.P.H.
PRELIMINARY LOCAL CLIMATOLOGICAL DATA (WS FORM: F-6) , PAGE 2
STATION: RUSSELLVILLE
MONTH: DECEMBER
YEAR: 2023
LATITUDE: 35 15 N
LONGITUDE: 93 6 W
[TEMPERATURE DATA] [PRECIPITATION DATA] SYMBOLS USED IN COLUMN 16
AVERAGE MONTHLY: 45.6 TOTAL FOR MONTH: 1.12 1 = FOG OR MIST
DPTR FM NORMAL: 3.5 DPTR FM NORMAL: -3.13 2 = FOG REDUCING VISIBILITY
HIGHEST: 67 ON 9,23 GRTST 24HR 1.44 ON 30- 1 TO 1/4 MILE OR LESS
LOWEST: 22 ON 19,30 3 = THUNDER
SNOW, ICE PELLETS, HAIL 4 = ICE PELLETS
TOTAL MONTH: M 5 = HAIL
GRTST 24HR M ON M 6 = FREEZING RAIN OR DRIZZLE
GRTST DEPTH: M ON M 7 = DUSTSTORM OR SANDSTORM:
VSBY 1/2 MILE OR LESS
8 = SMOKE OR HAZE
[NO. OF DAYS WITH] [WEATHER - DAYS WITH] 9 = BLOWING SNOW
X = TORNADO
MAX 32 OR BELOW: 0 0.01 INCH OR MORE: 7
MAX 90 OR ABOVE: 0 0.10 INCH OR MORE: 2
MIN 32 OR BELOW: 16 0.50 INCH OR MORE: 1
MIN 0 OR BELOW: 0 1.00 INCH OR MORE: 0
[HDD (BASE 65) ]
TOTAL THIS MO. 594 CLEAR (SCALE 0-3) 18
DPTR FM NORMAL -116 PTCLDY (SCALE 4-7) 8
TOTAL FM JUL 1 1095 CLOUDY (SCALE 8-10) 5
DPTR FM NORMAL -225
[CDD (BASE 65) ]
TOTAL THIS MO. 0
DPTR FM NORMAL 0 [PRESSURE DATA]
TOTAL FM JAN 1 2227 HIGHEST SLP 30.62 ON 14
DPTR FM NORMAL 240 LOWEST SLP 29.68 ON 24
[REMARKS]
#FINAL-12-23#