000
CXUS53 KMPX 041853
CF6RWF
PRELIMINARY LOCAL CLIMATOLOGICAL DATA (WS FORM: F-6)
STATION: REDWOOD FALLS MN
MONTH: DECEMBER
YEAR: 2023
LATITUDE: 44 32 N
LONGITUDE: 95 5 W
TEMPERATURE IN F: :PCPN: SNOW: WIND :SUNSHINE: SKY :PK WND
================================================================================
1 2 3 4 5 6A 6B 7 8 9 10 11 12 13 14 15 16 17 18
12Z AVG MX 2MIN
DY MAX MIN AVG DEP HDD CDD WTR SNW DPTH SPD SPD DIR MIN PSBL S-S WX SPD DR
================================================================================
1 36 15 26 0 39 0 0.00 M M 2.6 7 110 M M 1 10 40
2 42 15 29 4 36 0 0.00 M M 9.8 21 140 M M 2 27 140
3 42 26 34 9 31 0 0.00 M M 7.1 14 140 M M 6 1 20 150
4 39 23 31 7 34 0 T M M 7.8 15 170 M M 9 12 19 170
5 33 18 26 2 39 0 0.00 M M 6.8 14 310 M M 6 18 21 300
6 56 20 38 15 27 0 0.00 M M 10.0 21 200 M M 1 29 190
7 58 27 43 20 22 0 0.00 M M 8.6 17 140 M M 0 24 130
8 49 31 40 18 25 0 0.00 M M 14.7 24 260 M M 5 34 240
9 38 23 31 9 34 0 T M M 19.6 32 310 M M 10 18 55 290
10 24 22 23 1 42 0 T M M 5.1 22 300 M M 10 35 290
11 44 16 30 9 35 0 0.00 M M 12.1 23 300 M M 6 12 32 290
12 32 17 25 4 40 0 0.00 M M 10.4 18 290 M M 0 26 280
13 47 17 32 11 33 0 0.00 M M 9.5 16 210 M M 0 8 21 200
14 53 25 39 19 26 0 0.00 M M 9.3 21 200 M M 0 8 26 190
15 46 38 42 22 23 0 M M M 7.3 14 160 M M 10 8 19 160
16 38 32 35 15 30 0 M M M 4.3 10 310 M M 10 12 15 310
17 39 27 33 14 32 0 0.00 M M 14.2 30 300 M M 8 46 300
18 28 15 22 3 43 0 0.00 M M 11.7 28 310 M M 1 46 310
19 41 20 31 12 34 0 0.00 M M 8.1 17 140 M M 0 22 150
20 40 25 33 15 32 0 0.00 M M 6.8 12 90 M M 0 18 80
21 41 28 35 17 30 0 0.00 M M 9.9 16 130 M M 5 8 20 130
22 42 37 40 22 25 0 0.00 M M 4.3 17 140 M M 10 8 20 140
23 46 32 39 21 26 0 T M M 12.3 23 140 M M 9 128 30 130
24 51 32 42 25 23 0 0.51 M M 15.9 24 150 M M 10 1 33 300
25 51 32 42 25 23 0 0.80 M M 10.8 20 70 M M 10 1 33 70
26 44 31 38 21 27 0 0.06 M M 7.4 16 150 M M 10 1 22 150
27 34 26 30 13 35 0 0.00 M M 2.1 7 310 M M 10 9 300
28 35 25 30 14 35 0 T M M 8.6 17 320 M M 9 1 28 330
29 43 24 34 18 31 0 0.00 M M 7.2 14 310 M M 2 1 19 300
30 32 25 29 13 36 0 T M M 14.7 23 320 M M 7 1 35 290
31 26 22 24 8 41 0 0.00 M M 8.5 17 310 M M 10 26 300
================================================================================
SM 1270 766 989 0 1.37 M 287.5 M 177
================================================================================
AV 41.0 24.7 9.3 FASTST M M 6 MAX(MPH)
MISC ----> 32 310 55 290
================================================================================
NOTES:
# LAST OF SEVERAL OCCURRENCES
COLUMN 17 PEAK WIND IN M.P.H.
PRELIMINARY LOCAL CLIMATOLOGICAL DATA (WS FORM: F-6) , PAGE 2
STATION: REDWOOD FALLS MN
MONTH: DECEMBER
YEAR: 2023
LATITUDE: 44 32 N
LONGITUDE: 95 5 W
[TEMPERATURE DATA] [PRECIPITATION DATA] SYMBOLS USED IN COLUMN 16
AVERAGE MONTHLY: 32.8 TOTAL FOR MONTH: 1.37 1 = FOG OR MIST
DPTR FM NORMAL: 12.8 DPTR FM NORMAL: 0.68 2 = FOG REDUCING VISIBILITY
HIGHEST: 58 ON 7 GRTST 24HR 0.86 ON 25-26 TO 1/4 MILE OR LESS
LOWEST: 15 ON 18, 2 3 = THUNDER
SNOW, ICE PELLETS, HAIL 4 = ICE PELLETS
TOTAL MONTH: M 5 = HAIL
GRTST 24HR M ON M 6 = FREEZING RAIN OR DRIZZLE
GRTST DEPTH: M ON M 7 = DUSTSTORM OR SANDSTORM:
VSBY 1/2 MILE OR LESS
8 = SMOKE OR HAZE
[NO. OF DAYS WITH] [WEATHER - DAYS WITH] 9 = BLOWING SNOW
X = TORNADO
MAX 32 OR BELOW: 5 0.01 INCH OR MORE: 3
MAX 90 OR ABOVE: 0 0.10 INCH OR MORE: 2
MIN 32 OR BELOW: 29 0.50 INCH OR MORE: 2
MIN 0 OR BELOW: 0 1.00 INCH OR MORE: 0
[HDD (BASE 65) ]
TOTAL THIS MO. 989 CLEAR (SCALE 0-3) 11
DPTR FM NORMAL -407 PTCLDY (SCALE 4-7) 7
TOTAL FM JUL 1 2337 CLOUDY (SCALE 8-10) 13
DPTR FM NORMAL -719
[CDD (BASE 65) ]
TOTAL THIS MO. 0
DPTR FM NORMAL 0 [PRESSURE DATA]
TOTAL FM JAN 1 956 HIGHEST SLP 30.60 ON 13
DPTR FM NORMAL 266 LOWEST SLP 29.32 ON 7
[REMARKS]
#FINAL-12-23#
UNREPRESENTATIVE PRECIPITATION DATA SET TO MISSING
ON DECEMBER 15TH AND 16TH.