000
CXUS56 KSGX 011045
CF6SAN
PRELIMINARY LOCAL CLIMATOLOGICAL DATA (WS FORM: F-6)
STATION: SAN DIEGO INTL AIRPORT CA
MONTH: MAY
YEAR: 2021
LATITUDE: 32 43 N
LONGITUDE: 117 10 W
TEMPERATURE IN F: :PCPN: SNOW: WIND :SUNSHINE: SKY :PK WND
================================================================================
1 2 3 4 5 6A 6B 7 8 9 10 11 12 13 14 15 16 17 18
12Z AVG MX 2MIN
DY MAX MIN AVG DEP HDD CDD WTR SNW DPTH SPD SPD DIR MIN PSBL S-S WX SPD DR
================================================================================
1 68 61 65 1 0 0 0.00 M M 6.5 14 230 M M 9 24 210
2 66 59 63 -1 2 0 0.01 M M 8.8 18 170 M M 9 18 25 190
3 71 61 66 2 0 1 0.00 M M 6.8 17 280 M M 5 23 290
4 73 62 68 4 0 3 0.00 M M 4.7 13 270 M M 5 17 280
5 72 61 67 3 0 2 0.00 M M 4.3 13 270 M M 8 18 22 210
6 68 61 65 1 0 0 0.00 M M 5.0 13 220 M M 9 24 200
7 68 61 65 1 0 0 0.00 M M 6.0 13 270 M M 8 23 210
8 68 62 65 1 0 0 0.00 M M 6.9 13 230 M M 7 23 210
9 69 61 65 1 0 0 0.00 M M 5.8 13 160 M M 8 22 200
10 67 61 64 0 1 0 0.00 M M 5.9 13 220 M M 8 23 220
11 67 61 64 0 1 0 0.00 M M 5.0 12 270 M M 8 19 240
12 69 62 66 1 0 1 0.00 M M 5.3 13 260 M M 9 17 220
13 72 63 68 3 0 3 0.00 M M 7.2 16 290 M M 7 21 280
14 70 63 67 2 0 2 0.00 M M 7.1 16 270 M M 8 21 280
15 67 62 65 0 0 0 0.00 M M 7.7 14 240 M M 9 24 200
16 65 59 62 -3 3 0 0.04 M M 7.7 14 270 M M 8 18 22 240
17 68 60 64 -1 1 0 0.02 M M 6.7 16 280 M M 9 8 22 280
18 70 62 66 1 0 1 0.00 M M 6.7 15 270 M M 7 19 280
19 69 62 66 1 0 1 0.00 M M 6.8 14 220 M M 9 25 200
20 67 61 64 -1 1 0 0.00 M M 8.6 14 170 M M 8 26 190
21 66 59 63 -2 2 0 0.00 M M 9.0 15 220 M M 7 25 200
22 66 57 62 -3 3 0 0.00 M M 6.6 15 260 M M 5 8 24 220
23 70 54 62 -3 3 0 0.00 M M 6.6 17 300 M M 1 23 300
24 76 57 67 2 0 2 0.00 M M 6.1 18 290 M M 2 22 300
25 76 59 68 3 0 3 0.00 M M 5.2 12 190 M M 6 18 22 220
26 70 61 66 1 0 1 0.00 M M 7.3 15 210 M M 8 28 180
27 69 61 65 0 0 0 0.00 M M 5.9 13 270 M M 6 21 210
28 69 62 66 1 0 1 0.00 M M 5.0 12 220 M M 8 22 220
29 66 60 63 -2 2 0 0.00 M M 6.3 14 230 M M 9 25 210
30 68 61 65 0 0 0 0.00 M M 7.0 12 240 M M 9 8 26 210
31 70 62 66 0 0 1 0.00 M M 5.1 12 270 M M 9 22 210
================================================================================
SM 2140 1878 19 22 0.07 M 199.6 M 228
================================================================================
AV 69.0 60.6 6.4 FASTST M M 7 MAX(MPH)
MISC ----> # 18 170 28 180
================================================================================
NOTES:
# LAST OF SEVERAL OCCURRENCES
COLUMN 17 PEAK WIND IN M.P.H.
PRELIMINARY LOCAL CLIMATOLOGICAL DATA (WS FORM: F-6) , PAGE 2
STATION: SAN DIEGO INTL AIRPORT CA
MONTH: MAY
YEAR: 2021
LATITUDE: 32 43 N
LONGITUDE: 117 10 W
[TEMPERATURE DATA] [PRECIPITATION DATA] SYMBOLS USED IN COLUMN 16
AVERAGE MONTHLY: 64.8 TOTAL FOR MONTH: 0.07 1 = FOG OR MIST
DPTR FM NORMAL: 0.0 DPTR FM NORMAL: -0.21 2 = FOG REDUCING VISIBILITY
HIGHEST: 76 ON 25,24 GRTST 24HR 0.04 ON 16-16 TO 1/4 MILE OR LESS
LOWEST: 54 ON 23 3 = THUNDER
SNOW, ICE PELLETS, HAIL 4 = ICE PELLETS
TOTAL MONTH: M 5 = HAIL
GRTST 24HR M ON M 6 = FREEZING RAIN OR DRIZZLE
GRTST DEPTH: M ON M 7 = DUSTSTORM OR SANDSTORM:
VSBY 1/2 MILE OR LESS
8 = SMOKE OR HAZE
[NO. OF DAYS WITH] [WEATHER - DAYS WITH] 9 = BLOWING SNOW
X = TORNADO
MAX 32 OR BELOW: 0 0.01 INCH OR MORE: 3
MAX 90 OR ABOVE: 0 0.10 INCH OR MORE: 0
MIN 32 OR BELOW: 0 0.50 INCH OR MORE: 0
MIN 0 OR BELOW: 0 1.00 INCH OR MORE: 0
[HDD (BASE 65) ]
TOTAL THIS MO. 19 CLEAR (SCALE 0-3) 2
DPTR FM NORMAL -26 PTCLDY (SCALE 4-7) 16
TOTAL FM JUL 1 953 CLOUDY (SCALE 8-10) 13
DPTR FM NORMAL -28
[CDD (BASE 65) ]
TOTAL THIS MO. 22
DPTR FM NORMAL -15 [PRESSURE DATA]
TOTAL FM JAN 1 63 HIGHEST SLP 30.14 ON 23
DPTR FM NORMAL -15 LOWEST SLP 29.84 ON 3
[REMARKS]
#FINAL-05-21#