000
CXUS54 KEWX 011010
CF6SAT
PRELIMINARY LOCAL CLIMATOLOGICAL DATA (WS FORM: F-6)
STATION: SAN ANTONIO
MONTH: AUGUST
YEAR: 2022
LATITUDE: 29 31 N
LONGITUDE: 98 28 W
TEMPERATURE IN F: :PCPN: SNOW: WIND :SUNSHINE: SKY :PK WND
================================================================================
1 2 3 4 5 6A 6B 7 8 9 10 11 12 13 14 15 16 17 18
12Z AVG MX 2MIN
DY MAX MIN AVG DEP HDD CDD WTR SNW DPTH SPD SPD DIR MIN PSBL S-S WX SPD DR
================================================================================
1 100 76 88 2 0 23 0.00 0.0 0 10.2 23 150 M M 5 30 150
2 102 78 90 4 0 25 0.00 0.0 0 13.9 29 140 M M 3 34 130
3 103 79 91 5 0 26 0.00 0.0 0 14.8 25 130 M M 4 34 130
4 103 79 91 5 0 26 0.00 0.0 0 12.6 23 130 M M 5 30 140
5 100 78 89 3 0 24 0.00 0.0 0 9.9 25 150 M M 7 33 150
6 97 78 88 2 0 23 0.05 0.0 0 9.4 29 210 M M 7 44 200
7 99 78 89 3 0 24 0.00 0.0 0 10.9 23 110 M M 7 30 110
8 98 78 88 2 0 23 T 0.0 0 7.2 31 140 M M 7 38 150
9 98 77 88 2 0 23 0.00 0.0 0 7.6 22 130 M M 6 27 130
10 101 78 90 4 0 25 T 0.0 0 7.7 24 10 M M 3 35 20
11 99 78 89 3 0 24 0.03 0.0 0 4.0 23 290 M M 8 3 29 310
12 99 75 87 1 0 22 0.02 0.0 0 6.4 24 90 M M 6 3 32 90
13 102 77 90 4 0 25 0.00 0.0 0 7.8 22 120 M M 6 27 80
14 88 76 82 -4 0 17 0.04 0.0 0 10.1 23 120 M M 6 3 31 130
15 88 74 81 -5 0 16 0.18 0.0 0 9.9 20 140 M M 8 1 29 140
16 97 75 86 0 0 21 0.00 0.0 0 8.3 15 170 M M 7 23 150
17 97 77 87 1 0 22 0.00 0.0 0 6.9 16 160 M M 5 20 180
18 99 78 89 3 0 24 0.00 0.0 0 7.6 21 70 M M 5 29 50
19 97 78 88 2 0 23 0.00 0.0 0 8.9 21 130 M M 7 27 120
20 99 79 89 4 0 24 0.00 0.0 0 12.6 24 150 M M 7 31 160
21 94 78 86 1 0 21 T 0.0 0 10.2 21 140 M M 8 27 150
22 96 75 86 1 0 21 0.25 0.0 0 6.3 31 330 M M 8 13 41 340
23 91 75 83 -2 0 18 0.02 0.0 0 2.6 8 10 M M 9 11 20
24 90 74 82 -3 0 17 1.50 0.0 0 4.0 14 340 M M 9 13 17 340
25 93 77 85 0 0 20 0.00 0.0 0 5.0 14 210 M M 8 17 210
26 94 76 85 1 0 20 T 0.0 0 4.9 18 50 M M 6 3 26 40
27 95 76 86 2 0 21 0.00 0.0 0 8.0 22 140 M M 6 29 150
28 96 78 87 3 0 22 0.00 0.0 0 11.2 22 140 M M 6 26 140
29 97 77 87 3 0 22 0.01 0.0 0 8.1 26 150 M M 6 35 140
30 90 78 84 0 0 19 T 0.0 0 7.3 18 100 M M 9 25 100
31 93 76 85 1 0 20 0.00 0.0 0 7.2 17 140 M M 8 24 140
================================================================================
SM 2995 2386 0 681 2.10 0.0 261.5 M 202
================================================================================
AV 96.6 77.0 8.4 FASTST M M 7 MAX(MPH)
MISC ----> # 31 140 44 200
================================================================================
NOTES:
# LAST OF SEVERAL OCCURRENCES
COLUMN 17 PEAK WIND IN M.P.H.
PRELIMINARY LOCAL CLIMATOLOGICAL DATA (WS FORM: F-6) , PAGE 2
STATION: SAN ANTONIO
MONTH: AUGUST
YEAR: 2022
LATITUDE: 29 31 N
LONGITUDE: 98 28 W
[TEMPERATURE DATA] [PRECIPITATION DATA] SYMBOLS USED IN COLUMN 16
AVERAGE MONTHLY: 86.8 TOTAL FOR MONTH: 2.10 1 = FOG OR MIST
DPTR FM NORMAL: 1.3 DPTR FM NORMAL: -0.05 2 = FOG REDUCING VISIBILITY
HIGHEST: 103 ON 4, 3 GRTST 24HR 1.52 ON 23-24 TO 1/4 MILE OR LESS
LOWEST: 74 ON 24,15 3 = THUNDER
SNOW, ICE PELLETS, HAIL 4 = ICE PELLETS
TOTAL MONTH: 0.0 INCH 5 = HAIL
GRTST 24HR 0.0 6 = FREEZING RAIN OR DRIZZLE
GRTST DEPTH: 0 7 = DUSTSTORM OR SANDSTORM:
VSBY 1/2 MILE OR LESS
8 = SMOKE OR HAZE
[NO. OF DAYS WITH] [WEATHER - DAYS WITH] 9 = BLOWING SNOW
X = TORNADO
MAX 32 OR BELOW: 0 0.01 INCH OR MORE: 9
MAX 90 OR ABOVE: 29 0.10 INCH OR MORE: 3
MIN 32 OR BELOW: 0 0.50 INCH OR MORE: 1
MIN 0 OR BELOW: 0 1.00 INCH OR MORE: 1
[HDD (BASE 65) ]
TOTAL THIS MO. 0 CLEAR (SCALE 0-3) 1
DPTR FM NORMAL 0 PTCLDY (SCALE 4-7) 24
TOTAL FM JUL 1 0 CLOUDY (SCALE 8-10) 6
DPTR FM NORMAL 0
[CDD (BASE 65) ]
TOTAL THIS MO. 681
DPTR FM NORMAL 47 [PRESSURE DATA]
TOTAL FM JAN 1 3083 HIGHEST SLP 30.08 ON 7
DPTR FM NORMAL 684 LOWEST SLP 29.71 ON 28
[REMARKS]
#FINAL-08-22#