000
CXUS52 KCHS 040206
CF6SAV
PRELIMINARY LOCAL CLIMATOLOGICAL DATA (WS FORM: F-6)
STATION: SAVANNAH GA
MONTH: MAY
YEAR: 2021
LATITUDE: 32 7 N
LONGITUDE: 81 12 W
TEMPERATURE IN F: :PCPN: SNOW: WIND :SUNSHINE: SKY :PK WND
================================================================================
1 2 3 4 5 6A 6B 7 8 9 10 11 12 13 14 15 16 17 18
12Z AVG MX 2MIN
DY MAX MIN AVG DEP HDD CDD WTR SNW DPTH SPD SPD DIR MIN PSBL S-S WX SPD DR
================================================================================
1 77 56 67 -3 0 2 0.00 0.0 0 9.2 20 110 M M 3 26 110
2 82 62 72 1 0 7 0.00 0.0 0 10.4 20 170 M M 7 26 160
3 89 70 80 9 0 15 0.00 0.0 0 10.6 21 230 M M 8 1 26 250
4 91 69 80 9 0 15 T 0.0 0 10.0 35 210 M M 6 3 45 200
5 84 67 76 4 0 11 0.00 0.0 0 9.9 21 280 M M 6 26 290
6 85 63 74 2 0 9 0.00 0.0 0 8.7 18 310 M M 3 26 260
7 78 54 66 -6 0 1 0.00 0.0 0 13.6 29 290 M M 0 37 320
8 80 48 64 -8 1 0 0.00 0.0 0 6.0 15 280 M M 1 18 270
9 83 56 70 -2 0 5 0.00 0.0 0 11.5 23 160 M M 2 28 170
10 83 68 76 3 0 11 0.00 0.0 0 9.0 21 230 M M 7 27 230
11 87 66 77 4 0 12 0.01 0.0 0 7.0 20 180 M M 6 13 23 180
12 78 50 64 -9 1 0 0.72 0.0 0 8.3 18 20 M M 10 13 28 40
13 72 49 61 -12 4 0 T 0.0 0 7.6 14 350 M M 6 19 20
14 76 50 63 -11 2 0 0.00 0.0 0 7.4 17 110 M M 1 24 70
15 80 49 65 -9 0 0 0.00 0.0 0 4.4 17 10 M M 2 22 10
16 81 51 66 -8 0 1 0.00 0.0 0 4.1 14 150 M M 2 16 150
17 81 53 67 -7 0 2 0.00 0.0 0 6.5 16 100 M M 5 1 22 90
18 82 60 71 -4 0 6 0.00 0.0 0 9.5 21 120 M M 4 1 26 100
19 83 62 73 -2 0 8 0.03 0.0 0 10.9 29 110 M M 5 1 36 100
20 81 59 70 -5 0 5 0.00 0.0 0 9.8 22 110 M M 2 28 110
21 86 58 72 -3 0 7 0.00 0.0 0 9.3 23 110 M M 2 28 120
22 86 62 74 -2 0 9 0.00 0.0 0 4.9 14 130 M M 6 1 19 160
23 90 62 76 0 0 11 0.00 0.0 0 5.7 14 170 M M 2 1 18 140
24 94 65 80 4 0 15 0.00 0.0 0 6.6 16 170 M M 3 19 160
25 93 68 81 5 0 16 0.00 0.0 0 7.3 16 160 M M 6 20 160
26 93 68 81 5 0 16 0.00 0.0 0 8.0 17 170 M M 5 21 170
27 93 70 82 5 0 17 0.00 0.0 0 8.1 17 170 M M 3 21 170
28 93 71 82 5 0 17 0.00 0.0 0 9.7 20 250 M M 2 25 230
29 88 70 79 2 0 14 0.00 0.0 0 10.5 17 180 M M 5 23 230
30 83 60 72 -5 0 7 0.00 0.0 0 7.1 15 10 M M 5 19 50
31 81 57 69 -8 0 4 0.00 0.0 0 8.9 20 110 M M 3 24 100
================================================================================
SM 2613 1873 8 243 0.76 0.0 260.5 M 128
================================================================================
AV 84.3 60.4 8.4 FASTST M M 4 MAX(MPH)
MISC ----> 35 210 45 200
================================================================================
NOTES:
# LAST OF SEVERAL OCCURRENCES
COLUMN 17 PEAK WIND IN M.P.H.
PRELIMINARY LOCAL CLIMATOLOGICAL DATA (WS FORM: F-6) , PAGE 2
STATION: SAVANNAH GA
MONTH: MAY
YEAR: 2021
LATITUDE: 32 7 N
LONGITUDE: 81 12 W
[TEMPERATURE DATA] [PRECIPITATION DATA] SYMBOLS USED IN COLUMN 16
AVERAGE MONTHLY: 72.4 TOTAL FOR MONTH: 0.76 1 = FOG OR MIST
DPTR FM NORMAL: -1.7 DPTR FM NORMAL: -2.86 2 = FOG REDUCING VISIBILITY
HIGHEST: 94 ON 24 GRTST 24HR 0.73 ON 11-12 TO 1/4 MILE OR LESS
LOWEST: 48 ON 8 3 = THUNDER
SNOW, ICE PELLETS, HAIL 4 = ICE PELLETS
TOTAL MONTH: 0.0 INCH 5 = HAIL
GRTST 24HR 0.0 6 = FREEZING RAIN OR DRIZZLE
GRTST DEPTH: 0 7 = DUSTSTORM OR SANDSTORM:
VSBY 1/2 MILE OR LESS
8 = SMOKE OR HAZE
[NO. OF DAYS WITH] [WEATHER - DAYS WITH] 9 = BLOWING SNOW
X = TORNADO
MAX 32 OR BELOW: 0 0.01 INCH OR MORE: 3
MAX 90 OR ABOVE: 7 0.10 INCH OR MORE: 1
MIN 32 OR BELOW: 0 0.50 INCH OR MORE: 1
MIN 0 OR BELOW: 0 1.00 INCH OR MORE: 0
[HDD (BASE 65) ]
TOTAL THIS MO. 8 CLEAR (SCALE 0-3) 14
DPTR FM NORMAL 1 PTCLDY (SCALE 4-7) 16
TOTAL FM JUL 1 1418 CLOUDY (SCALE 8-10) 1
DPTR FM NORMAL -252
[CDD (BASE 65) ]
TOTAL THIS MO. 243
DPTR FM NORMAL -44 [PRESSURE DATA]
TOTAL FM JAN 1 446 HIGHEST SLP 30.40 ON 21
DPTR FM NORMAL -15 LOWEST SLP 29.80 ON 29
[REMARKS]
#FINAL-05-21#