000
CXUS52 KCHS 031429
CLMSAV
CLIMATE REPORT
NATIONAL WEATHER SERVICE CHARLESTON SC
1025 AM EDT MON APR 03 2023
...................................
...THE SAVANNAH GA CLIMATE SUMMARY FOR THE MONTH OF MARCH 2023...
CLIMATE NORMAL PERIOD 1991 TO 2020
CLIMATE RECORD PERIOD 1871 TO 2023
WEATHER OBSERVED NORMAL DEPART LAST YEAR`S
VALUE DATE(S) VALUE FROM VALUE DATE(S)
NORMAL
................................................................
TEMPERATURE (F)
RECORD
HIGH 94 03/23/1907
LOW 20 03/03/1980
03/06/1960
HIGHEST 87 03/24 86 03/07
LOWEST 34 03/15 28 03/13
AVG. MAXIMUM 74.4 71.4 3.0 74.9
AVG. MINIMUM 51.8 48.6 3.2 50.7
MEAN 63.1 60.0 3.1 62.8
DAYS MAX >= 90 0 0.1 -0.1 0
DAYS MAX <= 32 0 0.0 0.0 0
DAYS MIN <= 32 0 1.5 -1.5 3
DAYS MIN <= 0 0 0.0 0.0 0
PRECIPITATION (INCHES)
RECORD
MAXIMUM 10.18 1872
MINIMUM 0.04 1925
TOTALS 2.96 3.50 -0.54 2.12
DAYS >= .01 7 7.9 -0.9 11
DAYS >= .10 6 5.0 1.0 7
DAYS >= .50 3 2.1 0.9 1
DAYS >= 1.00 0 1.2 -1.2 0
GREATEST
24 HR. TOTAL 0.98 03/17 TO 03/18
SNOWFALL (INCHES)
TOTALS 0.0 0.0 0.0
SINCE 7/1 0.0 0.0 0.0
DEGREE DAYS
HEATING TOTAL 143 196 -53 124
SINCE 7/1 1165 1606 -441
COOLING TOTAL 92 41 51 66
SINCE 1/1 183 60 123
................................................................
WIND (MPH)
AVERAGE WIND SPEED 8.2
HIGHEST WIND SPEED/DIRECTION 26/160
HIGHEST GUST SPEED/DIRECTION 35/320
WEATHER CONDITIONS. NUMBER OF DAYS WITH
THUNDERSTORM 4 MIXED PRECIP 0
HEAVY RAIN 7 RAIN 3
LIGHT RAIN 10 FREEZING RAIN 0
LT FREEZING RAIN 0 HAIL 0
HEAVY SNOW 0 SNOW 0
LIGHT SNOW 0 SLEET 0
FOG 14 FOG W/VIS <= 1/4 MILE 1
HAZE 4
- INDICATES NEGATIVE NUMBERS.
R INDICATES RECORD WAS SET OR TIED.
MM INDICATES DATA IS MISSING.
T INDICATES TRACE AMOUNT.
&&
RECORDS ESTABLISHED AT THE SAVANNAH INTERNATIONAL AIRPORT DURING THE
MONTH:
*MAR 2 - RECORD HIGH MINIMUM TEMPERATURE OF 66 DEGREES
*MAR 3 - RECORD HIGH TEMPERATURE OF 85 DEGREES
*MAR 7 - RECORD HIGH TEMPERATURE OF 86 DEGREES
*MAR 26 - RECORD HIGH MINIMUM TEMPERATURE SET OF 68 DEGREES
$$