000
CXUS51 KAKQ 010634
CLMSBY
CLIMATE REPORT
NATIONAL WEATHER SERVICE WAKEFIELD VA
134 AM EST FRI MAR 01 2024
...................................
...THE SALISBURY MD CLIMATE SUMMARY FOR THE MONTH OF FEBRUARY 2024...
CLIMATE NORMAL PERIOD: 1991 TO 2020
CLIMATE RECORD PERIOD: 1900 TO 2024
WEATHER OBSERVED NORMAL DEPART LAST YEAR`S
VALUE DATE(S) VALUE FROM VALUE DATE(S)
NORMAL
................................................................
TEMPERATURE (F)
RECORD
HIGH 80 02/25/1930
LOW -6 02/09/1934
HIGHEST 68 02/27 69 -1 79 02/23
02/28
LOWEST 20 02/18 12 8 16 02/04
AVG. MAXIMUM 51.5 48.2 3.3 56.5
AVG. MINIMUM 31.0 29.2 1.8 34.0
MEAN 41.3 38.7 2.6 45.2
DAYS MAX >= 90 0 0.0 0.0 0
DAYS MAX <= 32 0 1.7 -1.7 1
DAYS MIN <= 32 19 19.7 -0.7 12
DAYS MIN <= 0 0 0.1 -0.1 0
PRECIPITATION (INCHES)
RECORD
MAXIMUM 7.79 1920
MINIMUM 0.24 2009
TOTALS 1.93 3.25 -1.32 1.52
DAILY AVG. 0.07 NAN NAN 0.05
DAYS >= .01 9 9.7 -0.7 6
DAYS >= .10 6 6.3 -0.3 4
DAYS >= .50 2 2.2 -0.2 1
DAYS >= 1.00 0 0.7 -0.7 0
GREATEST
24 HR. TOTAL 0.64 02/13 TO 02/13
SNOWFALL (INCHES)
RECORDS
TOTAL 27.1 1996
TOTALS T
SINCE 7/1 1.4 6.8 -5.4 MM
SNOWDEPTH AVG. 0 0
DAYS >= 1.0 0 0.9 -0.9 MM
GREATEST
SNOW DEPTH 0 0 MM
24 HR TOTAL MM MM
DEGREE DAYS
HEATING TOTAL 682 736 -54 546
SINCE 7/1 2715 3187 -472 MM
COOLING TOTAL 0 0 0 0
SINCE 1/1 0 0 0 MM
................................................................
WIND (MPH)
AVERAGE WIND SPEED 6.9
HIGHEST WIND SPEED/DIRECTION 30/260 DATE 02/28
HIGHEST GUST SPEED/DIRECTION 43/270 DATE 02/28
SKY COVER
POSSIBLE SUNSHINE (PERCENT) MM
AVERAGE SKY COVER 0.29
AVERAGE RH (PERCENT) 67
WEATHER CONDITIONS. NUMBER OF DAYS WITH
THUNDERSTORM 2 MIXED PRECIP 0
HEAVY RAIN 1 RAIN 5
LIGHT RAIN 10 FREEZING RAIN 0
LT FREEZING RAIN 0 HAIL 0
HEAVY SNOW 0 SNOW 0
LIGHT SNOW 2 SLEET 0
FOG 8 FOG W/VIS <= 1/4 MILE 1
HAZE 1
- INDICATES NEGATIVE NUMBERS.
R INDICATES RECORD WAS SET OR TIED.
MM INDICATES DATA IS MISSING.
T INDICATES TRACE AMOUNT.
$$