000
CXUS53 KLMK 010810
CF6SDF
PRELIMINARY LOCAL CLIMATOLOGICAL DATA (WS FORM: F-6)
STATION: LOUISVILLE KY
MONTH: NOVEMBER
YEAR: 2022
LATITUDE: 38 10 N
LONGITUDE: 85 44 W
TEMPERATURE IN F: :PCPN: SNOW: WIND :SUNSHINE: SKY :PK WND
================================================================================
1 2 3 4 5 6A 6B 7 8 9 10 11 12 13 14 15 16 17 18
12Z AVG MX 2MIN
DY MAX MIN AVG DEP HDD CDD WTR SNW DPTH SPD SPD DIR MIN PSBL S-S WX SPD DR
================================================================================
1 69 55 62 8 3 0 0.00 0.0 0 3.5 10 260 M M 7 18 14 260
2 68 53 61 7 4 0 0.00 0.0 0 1.8 8 120 M M 8 1 10 110
3 76 48 62 9 3 0 0.00 0.0 0 3.6 14 160 M M 2 1 17 150
4 79 56 68 15 0 3 0.00 0.0 0 10.4 18 160 M M 3 24 170
5 73 62 68 16 0 3 0.01 0.0 0 16.4 39 160 M M 10 58 150
6 75 51 63 11 2 0 0.00 0.0 0 4.8 17 210 M M 4 25 220
7 72 50 61 9 4 0 0.00 0.0 0 7.2 16 360 M M 6 20 20
8 69 50 60 9 5 0 0.00 0.0 0 8.1 15 80 M M 6 19 70
9 79 46 63 12 2 0 0.00 0.0 0 3.4 9 140 M M 2 14 150
10 76 50 63 13 2 0 0.00 0.0 0 5.0 14 140 M M 6 19 140
11 69 47 58 8 7 0 0.66 0.0 0 8.4 21 320 M M 9 1 27 310
12 47 31 39 -11 26 0 0.19 1.2 T 11.6 22 290 M M 10 14 28 290
13 37 32 35 -14 30 0 0.00 0.0 0 7.0 17 290 M M 10 23 290
14 48 32 40 -9 25 0 0.00 0.0 0 7.6 17 110 M M 5 22 110
15 44 39 42 -6 23 0 0.02 0.0 0 7.5 20 280 M M 10 1 25 290
16 44 30 37 -11 28 0 0.02 0.3 0 12.9 25 280 M M 9 1 33 280
17 35 28 32 -16 33 0 0.00 0.0 T 9.2 16 270 M M 7 21 270
18 39 26 33 -15 32 0 T T 0 12.4 25 290 M M 5 35 270
19 39 22 31 -16 34 0 0.00 0.0 0 11.7 25 300 M M 2 32 300
20 38 22 30 -17 35 0 0.00 0.0 0 4.1 14 280 M M 0 19 300
21 51 23 37 -9 28 0 0.00 0.0 0 6.5 16 230 M M 0 21 210
22 59 28 44 -2 21 0 0.00 0.0 0 5.5 12 200 M M 0 17 250
23 62 30 46 0 19 0 0.00 0.0 0 2.6 7 140 M M 4 8 160
24 65 34 50 5 15 0 T 0.0 0 2.0 12 290 M M 8 16 280
25 60 40 50 5 15 0 0.00 0.0 0 6.0 14 350 M M 6 19 290
26 57 32 45 0 20 0 0.11 0.0 0 3.5 12 130 M M 6 18 16 130
27 60 46 53 9 12 0 0.27 0.0 0 14.6 33 230 M M 10 1 52 230
28 51 45 48 4 17 0 0.00 0.0 0 5.8 10 150 M M 10 18 14 280
29 65 44 55 11 10 0 0.28 0.0 0 11.4 26 170 M M 9 1 36 170
30 61 30 46 2 19 0 0.18 0.0 0 14.8 32 290 M M 4 1 45 290
================================================================================
SM 1767 1182 474 6 1.74 1.5 229.3 M 178
================================================================================
AV 58.9 39.4 7.6 FASTST M M 6 MAX(MPH)
MISC ----> 39 160 58 150
================================================================================
NOTES:
# LAST OF SEVERAL OCCURRENCES
COLUMN 17 PEAK WIND IN M.P.H.
PRELIMINARY LOCAL CLIMATOLOGICAL DATA (WS FORM: F-6) , PAGE 2
STATION: LOUISVILLE KY
MONTH: NOVEMBER
YEAR: 2022
LATITUDE: 38 10 N
LONGITUDE: 85 44 W
[TEMPERATURE DATA] [PRECIPITATION DATA] SYMBOLS USED IN COLUMN 16
AVERAGE MONTHLY: 49.2 TOTAL FOR MONTH: 1.74 1 = FOG OR MIST
DPTR FM NORMAL: 0.7 DPTR FM NORMAL: -1.68 2 = FOG REDUCING VISIBILITY
HIGHEST: 79 ON 9, 4 GRTST 24HR 0.66 ON 11-11 TO 1/4 MILE OR LESS
LOWEST: 22 ON 20,19 3 = THUNDER
SNOW, ICE PELLETS, HAIL 4 = ICE PELLETS
TOTAL MONTH: 1.5 INCHES 5 = HAIL
GRTST 24HR 1.2 ON 12-12 6 = FREEZING RAIN OR DRIZZLE
GRTST DEPTH: T 7 = DUSTSTORM OR SANDSTORM:
VSBY 1/2 MILE OR LESS
8 = SMOKE OR HAZE
[NO. OF DAYS WITH] [WEATHER - DAYS WITH] 9 = BLOWING SNOW
X = TORNADO
MAX 32 OR BELOW: 0 0.01 INCH OR MORE: 9
MAX 90 OR ABOVE: 0 0.10 INCH OR MORE: 6
MIN 32 OR BELOW: 13 0.50 INCH OR MORE: 1
MIN 0 OR BELOW: 0 1.00 INCH OR MORE: 0
[HDD (BASE 65) ]
TOTAL THIS MO. 474 CLEAR (SCALE 0-3) 7
DPTR FM NORMAL -25 PTCLDY (SCALE 4-7) 14
TOTAL FM JUL 1 709 CLOUDY (SCALE 8-10) 9
DPTR FM NORMAL -11
[CDD (BASE 65) ]
TOTAL THIS MO. 6
DPTR FM NORMAL 2 [PRESSURE DATA]
TOTAL FM JAN 1 1899 HIGHEST SLP 30.55 ON 8
DPTR FM NORMAL 156 LOWEST SLP 29.42 ON 27
[REMARKS]
#FINAL-11-22#