688
CXUS56 KSGX 011145
CF6SDM
PRELIMINARY LOCAL CLIMATOLOGICAL DATA (WS FORM: F-6)
STATION: SAN DIEGO/BROWN
MONTH: FEBRUARY
YEAR: 2021
LATITUDE: 32 34 N
LONGITUDE: 116 59 W
TEMPERATURE IN F: :PCPN: SNOW: WIND :SUNSHINE: SKY :PK WND
================================================================================
1 2 3 4 5 6A 6B 7 8 9 10 11 12 13 14 15 16 17 18
12Z AVG MX 2MIN
DY MAX MIN AVG DEP HDD CDD WTR SNW DPTH SPD SPD DIR MIN PSBL S-S WX SPD DR
================================================================================
1 69 54 62 7 3 0 T M M 2.4 8 280 M M 4 10 310
2 67 50 59 4 6 0 T M M 3.6 13 280 M M 6 8 16 260
3 64 44 54 -1 11 0 0.00 M M 2.7 12 270 M M 4 128 16 270
4 61 49 55 0 10 0 0.00 M M 4.8 13 250 M M 4 1 17 260
5 66 39 53 -2 12 0 0.00 M M 4.1 10 280 M M 1 128 14 280
6 71 42 57 2 8 0 0.00 M M 3.5 12 270 M M 2 128 14 270
7 67 41 54 -1 11 0 T M M 3.8 10 270 M M 3 128 13 270
8 62 46 54 -1 11 0 0.00 M M 2.5 13 280 M M 5 128 16 280
9 59 48 54 -1 11 0 0.00 M M 3.6 15 250 M M 9 8 18 260
10 61 48 55 0 10 0 0.00 M M 3.5 16 270 M M 6 8 19 280
11 67 42 55 0 10 0 0.00 M M 3.8 18 280 M M 3 18 22 280
12 61 46 54 -2 11 0 0.03 M M 6.2 22 280 M M 7 18 32 260
13 60 45 53 -3 12 0 0.02 M M 7.1 15 260 M M 5 18 20 260
14 63 45 54 -2 11 0 0.00 M M 5.3 15 280 M M 3 1 19 290
15 63 41 52 -4 13 0 T M M 5.9 14 270 M M 3 18 17 250
16 61 48 55 -1 10 0 0.19 M M 6.1 14 260 M M 7 18 18 260
17 63 43 53 -3 12 0 0.00 M M 3.9 14 280 M M 3 18 19 280
18 68 40 54 -2 11 0 0.00 M M 4.4 14 270 M M 0 18 300
19 71 40 56 0 9 0 0.00 M M 5.0 14 280 M M 0 19 320
20 63 39 51 -5 14 0 0.00 M M 4.9 14 280 M M 1 8 17 280
21 75 41 58 2 7 0 0.00 M M 5.4 17 110 M M 0 23 110
22 83 43 63 7 2 0 0.00 M M 5.3 16 130 M M 0 21 150
23 76 43 60 4 5 0 0.00 M M 5.8 13 280 M M 0 8 20 300
24 74 42 58 2 7 0 0.00 M M 4.0 12 280 M M 1 18 15 280
25 76 43 60 4 5 0 0.00 M M 4.2 18 120 M M 3 12 23 110
26 74 40 57 1 8 0 0.00 M M 5.0 15 280 M M 0 8 18 270
27 65 37 51 -5 14 0 0.00 M M 5.0 12 120 M M 0 8 17 270
28 73 42 58 2 7 0 0.00 M M 5.8 17 80 M M 0 8 23 70
================================================================================
SM 1883 1221 261 0 0.24 M 127.6 M 80
================================================================================
AV 67.3 43.6 4.6 FASTST M M 3 MAX(MPH)
MISC ----> 22 280 32 260
================================================================================
NOTES:
# LAST OF SEVERAL OCCURRENCES
COLUMN 17 PEAK WIND IN M.P.H.
PRELIMINARY LOCAL CLIMATOLOGICAL DATA (WS FORM: F-6) , PAGE 2
STATION: SAN DIEGO/BROWN
MONTH: FEBRUARY
YEAR: 2021
LATITUDE: 32 34 N
LONGITUDE: 116 59 W
[TEMPERATURE DATA] [PRECIPITATION DATA] SYMBOLS USED IN COLUMN 16
AVERAGE MONTHLY: 55.4 TOTAL FOR MONTH: 0.24 1 = FOG OR MIST
DPTR FM NORMAL: -0.2 DPTR FM NORMAL: -1.92 2 = FOG REDUCING VISIBILITY
HIGHEST: 83 ON 22 GRTST 24HR 0.19 ON 16-16 TO 1/4 MILE OR LESS
LOWEST: 37 ON 27 3 = THUNDER
SNOW, ICE PELLETS, HAIL 4 = ICE PELLETS
TOTAL MONTH: M 5 = HAIL
GRTST 24HR M ON M 6 = FREEZING RAIN OR DRIZZLE
GRTST DEPTH: M ON M 7 = DUSTSTORM OR SANDSTORM:
VSBY 1/2 MILE OR LESS
8 = SMOKE OR HAZE
[NO. OF DAYS WITH] [WEATHER - DAYS WITH] 9 = BLOWING SNOW
X = TORNADO
MAX 32 OR BELOW: 0 0.01 INCH OR MORE: 3
MAX 90 OR ABOVE: 0 0.10 INCH OR MORE: 1
MIN 32 OR BELOW: 0 0.50 INCH OR MORE: 0
MIN 0 OR BELOW: 0 1.00 INCH OR MORE: 0
[HDD (BASE 65) ]
TOTAL THIS MO. 261 CLEAR (SCALE 0-3) 16
DPTR FM NORMAL -4 PTCLDY (SCALE 4-7) 11
TOTAL FM JUL 1 958 CLOUDY (SCALE 8-10) 1
DPTR FM NORMAL -211
[CDD (BASE 65) ]
TOTAL THIS MO. 0
DPTR FM NORMAL -3 [PRESSURE DATA]
TOTAL FM JAN 1 9 HIGHEST SLP 30.32 ON 18
DPTR FM NORMAL 6 LOWEST SLP 29.85 ON 14
[REMARKS]
#FINAL-02-21#