000
CXUS55 KSEW 030153
CF6SEW
PRELIMINARY LOCAL CLIMATOLOGICAL DATA (WS FORM: F-6)
STATION: SEATTLE WA WFO
MONTH: OCTOBER
YEAR: 2020
LATITUDE: 47 41 N
LONGITUDE: 122 15 W
TEMPERATURE IN F: :PCPN: SNOW: WIND :SUNSHINE: SKY :PK WND
================================================================================
1 2 3 4 5 6A 6B 7 8 9 10 11 12 13 14 15 16 17 18
12Z AVG MX 2MIN
DY MAX MIN AVG DEP HDD CDD WTR SNW DPTH SPD SPD DIR MIN PSBL S-S WX SPD DR
================================================================================
1 72 55 64 6 1 0 0.00 0.0 0 M M M M M M M M
2 74 53 64 7 1 0 0.00 0.0 0 M M M M M M 128 M M
3 60 53 57 0 8 0 T 0.0 0 M M M M M M 12 M M
4 62 56 59 2 6 0 0.04 0.0 0 M M M M M M 12 M M
5 68 55 62 6 3 0 0.00 0.0 0 M M M M M M M M
6 73 53 63 7 2 0 0.00 0.0 0 M M M M M M 12 M M
7 64 52 58 2 7 0 0.00 0.0 0 M M M M M M M M
8 68 54 61 6 4 0 T 0.0 0 M M M M M M M M
9 69 58 64 9 1 0 0.50 0.0 0 M M M M M M M M
10 61 49 55 0 10 0 0.46 0.0 0 M M M M M M 3 M M
11 60 52 56 1 9 0 0.35 0.0 0 M M M M M M 1 M M
12 61 51 56 2 9 0 0.15 0.0 0 M M M M M M M M
13 64 49 57 3 8 0 0.46 0.0 0 M M M M M M 1 M M
14 64 44 54 0 11 0 0.00 0.0 0 M M M M M M M M
15 64 41 53 0 12 0 0.00 0.0 0 M M M M M M M M
16 63 53 58 5 7 0 0.20 0.0 0 M M M M M M M M
17 57 52 55 2 10 0 0.04 0.0 0 M M M M M M M M
18 60 53 57 4 8 0 0.09 0.0 0 M M M M M M M M
19 57 48 53 1 12 0 0.39 0.0 0 M M M M M M M M
20 59 45 52 0 13 0 0.02 0.0 0 M M M M M M M M
21 55 43 49 -3 16 0 0.19 0.0 0 M M M M M M 3 M M
22 55 39 47 -5 18 0 0.00 0.0 0 M M M M M M M M
23 49 40 45 -6 20 0 0.09 0.0 0 M M M M M M M M
24 49 38 44 -7 21 0 0.00 0.0 0 M M M M M M M M
25 50 36 43 -8 22 0 0.00 0.0 0 M M M M M M M M
26 51 37 44 -7 21 0 T 0.0 0 M M M M M M M M
27 57 44 51 1 14 0 0.00 0.0 0 M M M M M M M M
28 58 46 52 2 13 0 0.00 0.0 0 M M M M M M M M
29 60 45 53 3 12 0 T 0.0 0 M M M M M M M M
30 56 44 50 0 15 0 T 0.0 0 M M M M M M M M
31 57 41 49 -1 16 0 0.00 0.0 0 M M M M M M M M
================================================================================
SM 1877 1479 330 0 2.98 0.0 M M M
================================================================================
AV 60.6 47.7 M FASTST M M 7 MAX(MPH)
MISC ----> M M M M
================================================================================
NOTES:
# LAST OF SEVERAL OCCURRENCES
COLUMN 17 PEAK WIND IN M.P.H.
PRELIMINARY LOCAL CLIMATOLOGICAL DATA (WS FORM: F-6) , PAGE 2
STATION: SEATTLE WA WFO
MONTH: OCTOBER
YEAR: 2020
LATITUDE: 47 41 N
LONGITUDE: 122 15 W
[TEMPERATURE DATA] [PRECIPITATION DATA] SYMBOLS USED IN COLUMN 16
AVERAGE MONTHLY: 54.1 TOTAL FOR MONTH: 2.98 1 = FOG OR MIST
DPTR FM NORMAL: 0.8 DPTR FM NORMAL: -0.43 2 = FOG REDUCING VISIBILITY
HIGHEST: 74 ON 2 GRTST 24HR 0.50 ON 9- 9 TO 1/4 MILE OR LESS
LOWEST: 36 ON 25 3 = THUNDER
SNOW, ICE PELLETS, HAIL 4 = ICE PELLETS
TOTAL MONTH: 0.0 INCH 5 = HAIL
GRTST 24HR 0.0 6 = FREEZING RAIN OR DRIZZLE
GRTST DEPTH: 0 7 = DUSTSTORM OR SANDSTORM:
VSBY 1/2 MILE OR LESS
8 = SMOKE OR HAZE
[NO. OF DAYS WITH] [WEATHER - DAYS WITH] 9 = BLOWING SNOW
X = TORNADO
MAX 32 OR BELOW: 0 0.01 INCH OR MORE: 13
MAX 90 OR ABOVE: 0 0.10 INCH OR MORE: 8
MIN 32 OR BELOW: 0 0.50 INCH OR MORE: 1
MIN 0 OR BELOW: 0 1.00 INCH OR MORE: 0
[HDD (BASE 65) ]
TOTAL THIS MO. 330 CLEAR (SCALE 0-3) 0
DPTR FM NORMAL -33 PTCLDY (SCALE 4-7) 0
TOTAL FM JUL 1 427 CLOUDY (SCALE 8-10) 0
DPTR FM NORMAL -121
[CDD (BASE 65) ]
TOTAL THIS MO. 0
DPTR FM NORMAL 0 [PRESSURE DATA]
TOTAL FM JAN 1 248 HIGHEST SLP M ON M
DPTR FM NORMAL 72 LOWEST SLP M ON M
[REMARKS]
CORRECTEDK0K
#FINAL-10-20#